{"id":133470,"date":"2023-11-03T08:51:37","date_gmt":"2023-11-03T07:51:37","guid":{"rendered":"https:\/\/www.emmentaler.ch\/rezept\/quiche-garnie-de-poireaux-doignons-et-de-lardons-de-zoe-torinesi"},"modified":"2026-04-08T17:23:34","modified_gmt":"2026-04-08T15:23:34","slug":"quiche-garnie-de-poireaux-doignons-et-de-lardons-de-zoe-torinesi","status":"publish","type":"recipes","link":"https:\/\/www.emmentaler.ch\/fr\/recettes\/quiche-garnie-de-poireaux-doignons-et-de-lardons-de-zoe-torinesi","title":{"rendered":"Quiche garnie de poireaux, d&rsquo;oignons et de lardons de Zoe Torinesi"},"author":6,"featured_media":133133,"menu_order":0,"template":"","meta":{"inline_featured_image":false},"tags":[927],"recipe_categories":[617],"et_countries":[],"recipe_main_ingredient":[604],"recipe_difficulty":[575],"recipe_preparation_time":[284],"recipe_diet_type":[],"recipe_saison":[527,559],"acf":{"recipe_preparation_time":284,"recipe_categories":617,"recipe_time_txt":"Ingr\u00e9dients pour une quiche ronde d\u2019env. 30 cm de diam\u00e8tre","recipe_type":64303,"recipe_difficulty":575,"recipe_diet_type":false,"recipe_main_ingredient":[604],"recipe_saison":[527,559],"recipe_count_portions":4,"recipe_ingedients":[{"recipe_ingedients_amount":"","recipe_ingedients_unit":"g","recipe_ingedients_product":""}],"temporare_zutaten":"Ingr\u00e9dients pour une quiche ronde d\u2019env. 30 cm de diam\u00e8tre\r\n\r\n<strong>Quiche<\/strong><span style=\"color: #c8a078;\">\r\n\u25b6\ufe0e<\/span> 140 g de lardons\r\n<span style=\"color: #c8a078;\">\u25b6\ufe0e<\/span>\u00a0200 g de poireau en rondelles\r\n<span style=\"color: #c8a078;\">\u25b6\ufe0e<\/span> 300 g d\u2019oignon en tranches\r\n<span style=\"color: #c8a078;\">\u25b6\ufe0e<\/span> 1 c. \u00e0 c. de sel\r\n<span style=\"color: #c8a078;\">\u25b6\ufe0e<\/span> 1,5 c. \u00e0 s. de farine\r\n<span style=\"color: #c8a078;\">\u25b6\ufe0e<\/span> 0,6 dl de vin blanc\r\n<span style=\"color: #c8a078;\">\u25b6\ufe0e<\/span> 2 c. \u00e0 c. de feuilles de thym frais\r\n<span style=\"color: #c8a078;\">\u25b6\ufe0e<\/span> \u00bd c. \u00e0 c. de paprika en poudre\r\n<span style=\"color: #c8a078;\">\u25b6\ufe0e<\/span> Un peu de noix de muscade\r\n<span style=\"color: #c8a078;\">\u25b6\ufe0e<\/span> Un peu de poivre noir du moulin\r\n<span style=\"color: #c8a078;\">\u25b6\ufe0e<\/span> 1 p\u00e2te \u00e0 tarte\/p\u00e2te bris\u00e9e ronde (pas de p\u00e2te feuillet\u00e9e!), directement sortie du r\u00e9frig\u00e9rateur\r\n<span style=\"color: #c8a078;\">\u25b6\ufe0e<\/span> Ou une p\u00e2te \u00e0 tarte faite maison <span class=\"EOP SCXW43516840 BCX9\" data-ccp-props=\"{}\">(<em><a title=\"recipe here\" href=\"https:\/\/www.cookinesi.com\/rezept\/kuchenteig-z-b-fuer-salzige-waehen\/\"><span style=\"color: #c8a078;\">recette<\/span><\/a><\/em>)<\/span>\r\n\r\n<strong>Appareil<\/strong>\r\n<span style=\"color: #c8a078;\">\u25b6\ufe0e <\/span>200 g de cottage cheese\r\n<span style=\"color: #c8a078;\">\u25b6\ufe0e<\/span> 1 \u0153uf\r\n<span style=\"color: #c8a078;\">\u25b6\ufe0e<\/span> 1 gousse d\u2019ail\r\n<span style=\"color: #c8a078;\">\u25b6\ufe0e<\/span> 0,3 dl de lait entier\r\n<span style=\"color: #c8a078;\">\u25b6\ufe0e<\/span> 80 g d\u2019Emmentaler AOP r\u00e2p\u00e9\r\n\r\n&nbsp;","recipe_preparation":"1. Dans une grande po\u00eale, faire revenir les lardons sans mati\u00e8re grasse jusqu\u2019\u00e0 ce que le gras fonde. Ajouter le poireau et le sel et faire revenir 3 minutes \u00e0 feu moyen. Incorporer ensuite les oignons et les faire fondre jusqu\u2019\u00e0 ce qu\u2019ils deviennent transparents.\r\n\r\n2. Ajouter la farine, faire encore revenir une minute, puis d\u00e9glacer avec le vin blanc. Ajouter le thym et les \u00e9pices, puis laisser mijoter jusqu\u2019\u00e0 \u00e9vaporation compl\u00e8te du vin blanc. Retirer la po\u00eale du feu et laisser refroidir au moins 10 minutes.\r\n\r\n3. Mixer tous les ingr\u00e9dients pour l\u2019appareil, puis incorporer la mixture au m\u00e9lange poireau-oignons refroidi dans la po\u00eale.\r\n\r\n4. Sortir la p\u00e2te du r\u00e9frig\u00e9rateur au dernier moment, afin qu\u2019elle soit bien froide au moment d\u2019ajouter la garniture. Placer la p\u00e2te avec le papier cuisson dans le moule \u00e0 tarte et piquer plusieurs fois le fond avec une fourchette. R\u00e9partir le m\u00e9lange au poireau sur le fond de tarte froid et rabattre les bords de p\u00e2te afin que le contour soit un tout petit peu plus haut que la garniture et l\u2019emp\u00eache de d\u00e9border.\r\n\r\n5. Faire cuire la quiche env. 37 \u00e0 40 minutes sur la grille inf\u00e9rieure du four pr\u00e9chauff\u00e9 \u00e0 220 \u00b0C (vo\u00fbte et sole).\r\n\r\n6. Avant de servir, laisser refroidir au moins 5 minutes, et au mieux le double, et accompagner d\u2019une salade verte.","recipe_images":[null]},"_links":{"self":[{"href":"https:\/\/www.emmentaler.ch\/fr\/wp-json\/wp\/v2\/recipes\/133470"}],"collection":[{"href":"https:\/\/www.emmentaler.ch\/fr\/wp-json\/wp\/v2\/recipes"}],"about":[{"href":"https:\/\/www.emmentaler.ch\/fr\/wp-json\/wp\/v2\/types\/recipes"}],"author":[{"embeddable":true,"href":"https:\/\/www.emmentaler.ch\/fr\/wp-json\/wp\/v2\/users\/6"}],"version-history":[{"count":3,"href":"https:\/\/www.emmentaler.ch\/fr\/wp-json\/wp\/v2\/recipes\/133470\/revisions"}],"predecessor-version":[{"id":133486,"href":"https:\/\/www.emmentaler.ch\/fr\/wp-json\/wp\/v2\/recipes\/133470\/revisions\/133486"}],"acf:attachment":[{"embeddable":true,"href":"https:\/\/www.emmentaler.ch\/fr\/wp-json\/wp\/v2\/media\/"}],"acf:term":[{"embeddable":true,"taxonomy":"recipe_saison","href":"https:\/\/www.emmentaler.ch\/fr\/wp-json\/wp\/v2\/recipe_saison\/559"},{"embeddable":true,"taxonomy":"recipe_saison","href":"https:\/\/www.emmentaler.ch\/fr\/wp-json\/wp\/v2\/recipe_saison\/527"},{"embeddable":true,"taxonomy":"recipe_main_ingredient","href":"https:\/\/www.emmentaler.ch\/fr\/wp-json\/wp\/v2\/recipe_main_ingredient\/604"},{"embeddable":true,"taxonomy":"recipe_difficulty","href":"https:\/\/www.emmentaler.ch\/fr\/wp-json\/wp\/v2\/recipe_difficulty\/575"},{"embeddable":true,"taxonomy":"recipe_categories","href":"https:\/\/www.emmentaler.ch\/fr\/wp-json\/wp\/v2\/recipe_categories\/617"},{"embeddable":true,"taxonomy":"recipe_preparation_time","href":"https:\/\/www.emmentaler.ch\/fr\/wp-json\/wp\/v2\/recipe_preparation_time\/284"}],"acf:post":[{"embeddable":true,"href":"https:\/\/www.emmentaler.ch\/fr\/wp-json\/wp\/v2\/pages\/64303"}],"wp:featuredmedia":[{"embeddable":true,"href":"https:\/\/www.emmentaler.ch\/fr\/wp-json\/wp\/v2\/media\/133133"}],"wp:attachment":[{"href":"https:\/\/www.emmentaler.ch\/fr\/wp-json\/wp\/v2\/media?parent=133470"}],"wp:term":[{"taxonomy":"post_tag","embeddable":true,"href":"https:\/\/www.emmentaler.ch\/fr\/wp-json\/wp\/v2\/tags?post=133470"},{"taxonomy":"recipe_categories","embeddable":true,"href":"https:\/\/www.emmentaler.ch\/fr\/wp-json\/wp\/v2\/recipe_categories?post=133470"},{"taxonomy":"et_countries","embeddable":true,"href":"https:\/\/www.emmentaler.ch\/fr\/wp-json\/wp\/v2\/et_countries?post=133470"},{"taxonomy":"recipe_main_ingredient","embeddable":true,"href":"https:\/\/www.emmentaler.ch\/fr\/wp-json\/wp\/v2\/recipe_main_ingredient?post=133470"},{"taxonomy":"recipe_difficulty","embeddable":true,"href":"https:\/\/www.emmentaler.ch\/fr\/wp-json\/wp\/v2\/recipe_difficulty?post=133470"},{"taxonomy":"recipe_preparation_time","embeddable":true,"href":"https:\/\/www.emmentaler.ch\/fr\/wp-json\/wp\/v2\/recipe_preparation_time?post=133470"},{"taxonomy":"recipe_diet_type","embeddable":true,"href":"https:\/\/www.emmentaler.ch\/fr\/wp-json\/wp\/v2\/recipe_diet_type?post=133470"},{"taxonomy":"recipe_saison","embeddable":true,"href":"https:\/\/www.emmentaler.ch\/fr\/wp-json\/wp\/v2\/recipe_saison?post=133470"}],"curies":[{"name":"wp","href":"https:\/\/api.w.org\/{rel}","templated":true}]}}

Ingrédients pour une quiche ronde d’env. 30 cm de diamètre

Ingrédients pour une quiche ronde d’env. 30 cm de diamètre

<strong>Quiche</strong><span style="color: #c8a078;">
▶︎</span> 140 g de lardons
<span style="color: #c8a078;">▶︎</span> 200 g de poireau en rondelles
<span style="color: #c8a078;">▶︎</span> 300 g d’oignon en tranches
<span style="color: #c8a078;">▶︎</span> 1 c. à c. de sel
<span style="color: #c8a078;">▶︎</span> 1,5 c. à s. de farine
<span style="color: #c8a078;">▶︎</span> 0,6 dl de vin blanc
<span style="color: #c8a078;">▶︎</span> 2 c. à c. de feuilles de thym frais
<span style="color: #c8a078;">▶︎</span> ½ c. à c. de paprika en poudre
<span style="color: #c8a078;">▶︎</span> Un peu de noix de muscade
<span style="color: #c8a078;">▶︎</span> Un peu de poivre noir du moulin
<span style="color: #c8a078;">▶︎</span> 1 pâte à tarte/pâte brisée ronde (pas de pâte feuilletée!), directement sortie du réfrigérateur
<span style="color: #c8a078;">▶︎</span> Ou une pâte à tarte faite maison <span class="EOP SCXW43516840 BCX9" data-ccp-props="{}">(<em><a title="recipe here" href="https://www.cookinesi.com/rezept/kuchenteig-z-b-fuer-salzige-waehen/"><span style="color: #c8a078;">recette</span></a></em>)</span>

<strong>Appareil</strong>
<span style="color: #c8a078;">▶︎ </span>200 g de cottage cheese
<span style="color: #c8a078;">▶︎</span> 1 œuf
<span style="color: #c8a078;">▶︎</span> 1 gousse d’ail
<span style="color: #c8a078;">▶︎</span> 0,3 dl de lait entier
<span style="color: #c8a078;">▶︎</span> 80 g d’Emmentaler AOP râpé

&nbsp;

1. Dans une grande poêle, faire revenir les lardons sans matière grasse jusqu’à ce que le gras fonde. Ajouter le poireau et le sel et faire revenir 3 minutes à feu moyen. Incorporer ensuite les oignons et les faire fondre jusqu’à ce qu’ils deviennent transparents.

2. Ajouter la farine, faire encore revenir une minute, puis déglacer avec le vin blanc. Ajouter le thym et les épices, puis laisser mijoter jusqu’à évaporation complète du vin blanc. Retirer la poêle du feu et laisser refroidir au moins 10 minutes.

3. Mixer tous les ingrédients pour l’appareil, puis incorporer la mixture au mélange poireau-oignons refroidi dans la poêle.

4. Sortir la pâte du réfrigérateur au dernier moment, afin qu’elle soit bien froide au moment d’ajouter la garniture. Placer la pâte avec le papier cuisson dans le moule à tarte et piquer plusieurs fois le fond avec une fourchette. Répartir le mélange au poireau sur le fond de tarte froid et rabattre les bords de pâte afin que le contour soit un tout petit peu plus haut que la garniture et l’empêche de déborder.

5. Faire cuire la quiche env. 37 à 40 minutes sur la grille inférieure du four préchauffé à 220 °C (voûte et sole).

6. Avant de servir, laisser refroidir au moins 5 minutes, et au mieux le double, et accompagner d’une salade verte.
