{"id":27242,"date":"2022-04-27T13:41:56","date_gmt":"2022-04-27T11:41:56","guid":{"rendered":"https:\/\/www.emmentaler.ch\/rezept\/oignons-fourres-aux-pommes-de-terre-et-lard"},"modified":"2022-06-27T15:46:45","modified_gmt":"2022-06-27T13:46:45","slug":"oignons-fourres-aux-pommes-de-terre-et-lard","status":"publish","type":"recipes","link":"https:\/\/www.emmentaler.ch\/fr\/recettes\/oignons-fourres-aux-pommes-de-terre-et-lard","title":{"rendered":"Oignons fourr\u00e9s aux pommes de terre et lard"},"author":2,"featured_media":24816,"menu_order":0,"template":"","meta":{"inline_featured_image":false},"tags":[],"recipe_categories":[617],"et_countries":[],"recipe_main_ingredient":[591],"recipe_difficulty":[580],"recipe_preparation_time":[292],"recipe_diet_type":[564],"recipe_saison":[559],"acf":{"recipe_preparation_time":292,"recipe_categories":617,"recipe_time_txt":"40 minutes plus 40 minutes de cuisson","recipe_type":63911,"recipe_difficulty":580,"recipe_diet_type":[564],"recipe_main_ingredient":[591],"recipe_saison":[559],"recipe_count_portions":4,"recipe_ingedients":[{"recipe_ingedients_amount":"","recipe_ingedients_unit":"g","recipe_ingedients_product":""}],"temporare_zutaten":"500 g de pommes de terre farineuses\r\nSel\r\n6 gros oignons doux, 200 g environ\r\n120 g de lardons\r\n2 branches de thym\r\n1 branche de marjolaine\r\n1 dl de cr\u00e8me ou de demi-cr\u00e8me\r\n3-4 dl de bouillon\r\n200 g d'Emmentaler AOP\r\nPoivre, noix de muscade","recipe_preparation":"Eplucher les pommes de terre, les couper en d\u00e9s et les faire cuire dans une caserole d'eau sal\u00e9e. Pendant ce temps, \u00e9plucher les oignons et les couper en 2. Retirer l'int\u00e9rieur des oignons jusqu'\u00e0 la 2\u00e8me couche ext\u00e9rieure et le hacher finement. Faire dorer bri\u00e8vement les lardons, ajouter les oignons hach\u00e9s et le thym et la marjolaine effeuill\u00e9s. Faire revenir \u00e0 feu vif, mouiller avec la cr\u00e8me et 1 dl de bouillon, faire mijoter 5 minutes.\r\n\r\nR\u00e2per finement l'Emmentaler AOP. Bien \u00e9goutter les pommes de terre et les \u00e9craser \u00e0 la fourchette. Incorporer les pommes de terre et \u00be du fromage au m\u00e9lange d'oignon. Assaisonner avec la noix de muscade, saler et poivrer.\r\n\r\nFarcir les oignons avec la pr\u00e9paration, les mettre dans un plat \u00e0 gratin et y verser le bouillon. Couvrir de papier d'aluminium et faire cuire 20 minutes \u00e0 200\u00b0C au milieu du four. Retirer l'aluminium, parsemer les oignons du reste du fromage et remettre \u00e0 cuire pendant 20 minutes.","recipe_images":[27258]},"_links":{"self":[{"href":"https:\/\/www.emmentaler.ch\/fr\/wp-json\/wp\/v2\/recipes\/27242"}],"collection":[{"href":"https:\/\/www.emmentaler.ch\/fr\/wp-json\/wp\/v2\/recipes"}],"about":[{"href":"https:\/\/www.emmentaler.ch\/fr\/wp-json\/wp\/v2\/types\/recipes"}],"author":[{"embeddable":true,"href":"https:\/\/www.emmentaler.ch\/fr\/wp-json\/wp\/v2\/users\/2"}],"version-history":[{"count":0,"href":"https:\/\/www.emmentaler.ch\/fr\/wp-json\/wp\/v2\/recipes\/27242\/revisions"}],"acf:attachment":[{"embeddable":true,"href":"https:\/\/www.emmentaler.ch\/fr\/wp-json\/wp\/v2\/media\/27258"}],"acf:term":[{"embeddable":true,"taxonomy":"recipe_saison","href":"https:\/\/www.emmentaler.ch\/fr\/wp-json\/wp\/v2\/recipe_saison\/559"},{"embeddable":true,"taxonomy":"recipe_main_ingredient","href":"https:\/\/www.emmentaler.ch\/fr\/wp-json\/wp\/v2\/recipe_main_ingredient\/591"},{"embeddable":true,"taxonomy":"recipe_diet_type","href":"https:\/\/www.emmentaler.ch\/fr\/wp-json\/wp\/v2\/recipe_diet_type\/564"},{"embeddable":true,"taxonomy":"recipe_difficulty","href":"https:\/\/www.emmentaler.ch\/fr\/wp-json\/wp\/v2\/recipe_difficulty\/580"},{"embeddable":true,"taxonomy":"recipe_categories","href":"https:\/\/www.emmentaler.ch\/fr\/wp-json\/wp\/v2\/recipe_categories\/617"},{"embeddable":true,"taxonomy":"recipe_preparation_time","href":"https:\/\/www.emmentaler.ch\/fr\/wp-json\/wp\/v2\/recipe_preparation_time\/292"}],"acf:post":[{"embeddable":true,"href":"https:\/\/www.emmentaler.ch\/fr\/wp-json\/wp\/v2\/pages\/63911"}],"wp:featuredmedia":[{"embeddable":true,"href":"https:\/\/www.emmentaler.ch\/fr\/wp-json\/wp\/v2\/media\/24816"}],"wp:attachment":[{"href":"https:\/\/www.emmentaler.ch\/fr\/wp-json\/wp\/v2\/media?parent=27242"}],"wp:term":[{"taxonomy":"post_tag","embeddable":true,"href":"https:\/\/www.emmentaler.ch\/fr\/wp-json\/wp\/v2\/tags?post=27242"},{"taxonomy":"recipe_categories","embeddable":true,"href":"https:\/\/www.emmentaler.ch\/fr\/wp-json\/wp\/v2\/recipe_categories?post=27242"},{"taxonomy":"et_countries","embeddable":true,"href":"https:\/\/www.emmentaler.ch\/fr\/wp-json\/wp\/v2\/et_countries?post=27242"},{"taxonomy":"recipe_main_ingredient","embeddable":true,"href":"https:\/\/www.emmentaler.ch\/fr\/wp-json\/wp\/v2\/recipe_main_ingredient?post=27242"},{"taxonomy":"recipe_difficulty","embeddable":true,"href":"https:\/\/www.emmentaler.ch\/fr\/wp-json\/wp\/v2\/recipe_difficulty?post=27242"},{"taxonomy":"recipe_preparation_time","embeddable":true,"href":"https:\/\/www.emmentaler.ch\/fr\/wp-json\/wp\/v2\/recipe_preparation_time?post=27242"},{"taxonomy":"recipe_diet_type","embeddable":true,"href":"https:\/\/www.emmentaler.ch\/fr\/wp-json\/wp\/v2\/recipe_diet_type?post=27242"},{"taxonomy":"recipe_saison","embeddable":true,"href":"https:\/\/www.emmentaler.ch\/fr\/wp-json\/wp\/v2\/recipe_saison?post=27242"}],"curies":[{"name":"wp","href":"https:\/\/api.w.org\/{rel}","templated":true}]}}

Oignons fourrés aux pommes de terre et lard

500 g de pommes de terre farineuses
Sel
6 gros oignons doux, 200 g environ
120 g de lardons
2 branches de thym
1 branche de marjolaine
1 dl de crème ou de demi-crème
3-4 dl de bouillon
200 g d'Emmentaler AOP
Poivre, noix de muscade

Eplucher les pommes de terre, les couper en dés et les faire cuire dans une caserole d'eau salée. Pendant ce temps, éplucher les oignons et les couper en 2. Retirer l'intérieur des oignons jusqu'à la 2ème couche extérieure et le hacher finement. Faire dorer brièvement les lardons, ajouter les oignons hachés et le thym et la marjolaine effeuillés. Faire revenir à feu vif, mouiller avec la crème et 1 dl de bouillon, faire mijoter 5 minutes.

Râper finement l'Emmentaler AOP. Bien égoutter les pommes de terre et les écraser à la fourchette. Incorporer les pommes de terre et ¾ du fromage au mélange d'oignon. Assaisonner avec la noix de muscade, saler et poivrer.

Farcir les oignons avec la préparation, les mettre dans un plat à gratin et y verser le bouillon. Couvrir de papier d'aluminium et faire cuire 20 minutes à 200°C au milieu du four. Retirer l'aluminium, parsemer les oignons du reste du fromage et remettre à cuire pendant 20 minutes.
