{"id":27334,"date":"2022-04-27T13:41:56","date_gmt":"2022-04-27T11:41:56","guid":{"rendered":"https:\/\/www.emmentaler.ch\/rezept\/pita-a-la-courgette"},"modified":"2024-07-25T17:39:41","modified_gmt":"2024-07-25T15:39:41","slug":"pita-a-la-courgette","status":"publish","type":"recipes","link":"https:\/\/www.emmentaler.ch\/fr\/recettes\/pita-a-la-courgette","title":{"rendered":"Pita \u00e0 la courgette"},"author":2,"featured_media":52058,"menu_order":0,"template":"","meta":{"inline_featured_image":false},"tags":[802],"recipe_categories":[606],"et_countries":[],"recipe_main_ingredient":[604],"recipe_difficulty":[575],"recipe_preparation_time":[625],"recipe_diet_type":[567,572],"recipe_saison":[540,548,532],"acf":{"recipe_preparation_time":625,"recipe_categories":606,"recipe_time_txt":"","recipe_type":63916,"recipe_difficulty":575,"recipe_diet_type":[567,572],"recipe_main_ingredient":[604],"recipe_saison":[532,540,548],"recipe_count_portions":3,"recipe_ingedients":[{"recipe_ingedients_amount":"","recipe_ingedients_unit":"g","recipe_ingedients_product":""}],"temporare_zutaten":"2 c. \u00e0 s. de pignons\r\n125 g de courgettes\r\n125 g de carottes\r\n250 g d'Emmentaler AOP\r\n1 bouquet d'origan\r\n1 gousse d'ail\r\nSel, poivre\r\n6 pains pita\r\n3 c. \u00e0 s. de pesto rosso (pesto \u00e0 la tomate)","recipe_preparation":"Faire dorer les pignons dans une po\u00eale sans ajout de mati\u00e8re grasse. R\u00e2per les courgettes, les carottes et l'Emmentaler AOP sur une r\u00e2pe \u00e0 r\u00f6sti. Hacher finement l'origan et l'ail. M\u00e9langer tous les ingr\u00e9dients, saler et poivrer.\r\n\r\nMouiller les pains pita avec un peu d'eau. Couper d\u00e9licatement le pourtour sur 1 cm de profondeur environ et s\u00e9parer les 2 moiti\u00e9s. Tartiner 6 moiti\u00e9s de pain pita de pesto rosso. R\u00e9partir dessus le m\u00e9lange fromage-courgettes et d\u00e9poser sur une plaque de cuisson. Faire cuire 5 minutes \u00e0 220\u00b0C. Mettre l'autre moiti\u00e9 des pains pita dessus et bien appuyer. Faire cuire encore 2-3 minutes au four. Servir chaud.","recipe_images":[24724]},"_links":{"self":[{"href":"https:\/\/www.emmentaler.ch\/fr\/wp-json\/wp\/v2\/recipes\/27334"}],"collection":[{"href":"https:\/\/www.emmentaler.ch\/fr\/wp-json\/wp\/v2\/recipes"}],"about":[{"href":"https:\/\/www.emmentaler.ch\/fr\/wp-json\/wp\/v2\/types\/recipes"}],"author":[{"embeddable":true,"href":"https:\/\/www.emmentaler.ch\/fr\/wp-json\/wp\/v2\/users\/2"}],"version-history":[{"count":1,"href":"https:\/\/www.emmentaler.ch\/fr\/wp-json\/wp\/v2\/recipes\/27334\/revisions"}],"predecessor-version":[{"id":137924,"href":"https:\/\/www.emmentaler.ch\/fr\/wp-json\/wp\/v2\/recipes\/27334\/revisions\/137924"}],"acf:attachment":[{"embeddable":true,"href":"https:\/\/www.emmentaler.ch\/fr\/wp-json\/wp\/v2\/media\/24724"}],"acf:term":[{"embeddable":true,"taxonomy":"recipe_saison","href":"https:\/\/www.emmentaler.ch\/fr\/wp-json\/wp\/v2\/recipe_saison\/548"},{"embeddable":true,"taxonomy":"recipe_saison","href":"https:\/\/www.emmentaler.ch\/fr\/wp-json\/wp\/v2\/recipe_saison\/540"},{"embeddable":true,"taxonomy":"recipe_saison","href":"https:\/\/www.emmentaler.ch\/fr\/wp-json\/wp\/v2\/recipe_saison\/532"},{"embeddable":true,"taxonomy":"recipe_main_ingredient","href":"https:\/\/www.emmentaler.ch\/fr\/wp-json\/wp\/v2\/recipe_main_ingredient\/604"},{"embeddable":true,"taxonomy":"recipe_diet_type","href":"https:\/\/www.emmentaler.ch\/fr\/wp-json\/wp\/v2\/recipe_diet_type\/572"},{"embeddable":true,"taxonomy":"recipe_diet_type","href":"https:\/\/www.emmentaler.ch\/fr\/wp-json\/wp\/v2\/recipe_diet_type\/567"},{"embeddable":true,"taxonomy":"recipe_difficulty","href":"https:\/\/www.emmentaler.ch\/fr\/wp-json\/wp\/v2\/recipe_difficulty\/575"},{"embeddable":true,"taxonomy":"recipe_categories","href":"https:\/\/www.emmentaler.ch\/fr\/wp-json\/wp\/v2\/recipe_categories\/606"},{"embeddable":true,"taxonomy":"recipe_preparation_time","href":"https:\/\/www.emmentaler.ch\/fr\/wp-json\/wp\/v2\/recipe_preparation_time\/625"}],"acf:post":[{"embeddable":true,"href":"https:\/\/www.emmentaler.ch\/fr\/wp-json\/wp\/v2\/pages\/63916"}],"wp:featuredmedia":[{"embeddable":true,"href":"https:\/\/www.emmentaler.ch\/fr\/wp-json\/wp\/v2\/media\/52058"}],"wp:attachment":[{"href":"https:\/\/www.emmentaler.ch\/fr\/wp-json\/wp\/v2\/media?parent=27334"}],"wp:term":[{"taxonomy":"post_tag","embeddable":true,"href":"https:\/\/www.emmentaler.ch\/fr\/wp-json\/wp\/v2\/tags?post=27334"},{"taxonomy":"recipe_categories","embeddable":true,"href":"https:\/\/www.emmentaler.ch\/fr\/wp-json\/wp\/v2\/recipe_categories?post=27334"},{"taxonomy":"et_countries","embeddable":true,"href":"https:\/\/www.emmentaler.ch\/fr\/wp-json\/wp\/v2\/et_countries?post=27334"},{"taxonomy":"recipe_main_ingredient","embeddable":true,"href":"https:\/\/www.emmentaler.ch\/fr\/wp-json\/wp\/v2\/recipe_main_ingredient?post=27334"},{"taxonomy":"recipe_difficulty","embeddable":true,"href":"https:\/\/www.emmentaler.ch\/fr\/wp-json\/wp\/v2\/recipe_difficulty?post=27334"},{"taxonomy":"recipe_preparation_time","embeddable":true,"href":"https:\/\/www.emmentaler.ch\/fr\/wp-json\/wp\/v2\/recipe_preparation_time?post=27334"},{"taxonomy":"recipe_diet_type","embeddable":true,"href":"https:\/\/www.emmentaler.ch\/fr\/wp-json\/wp\/v2\/recipe_diet_type?post=27334"},{"taxonomy":"recipe_saison","embeddable":true,"href":"https:\/\/www.emmentaler.ch\/fr\/wp-json\/wp\/v2\/recipe_saison?post=27334"}],"curies":[{"name":"wp","href":"https:\/\/api.w.org\/{rel}","templated":true}]}}

Pita à la courgette

2 c. à s. de pignons
125 g de courgettes
125 g de carottes
250 g d'Emmentaler AOP
1 bouquet d'origan
1 gousse d'ail
Sel, poivre
6 pains pita
3 c. à s. de pesto rosso (pesto à la tomate)

Faire dorer les pignons dans une poêle sans ajout de matière grasse. Râper les courgettes, les carottes et l'Emmentaler AOP sur une râpe à rösti. Hacher finement l'origan et l'ail. Mélanger tous les ingrédients, saler et poivrer.

Mouiller les pains pita avec un peu d'eau. Couper délicatement le pourtour sur 1 cm de profondeur environ et séparer les 2 moitiés. Tartiner 6 moitiés de pain pita de pesto rosso. Répartir dessus le mélange fromage-courgettes et déposer sur une plaque de cuisson. Faire cuire 5 minutes à 220°C. Mettre l'autre moitié des pains pita dessus et bien appuyer. Faire cuire encore 2-3 minutes au four. Servir chaud.
