{"id":27396,"date":"2022-04-27T13:41:56","date_gmt":"2022-04-27T11:41:56","guid":{"rendered":"https:\/\/www.emmentaler.ch\/rezept\/tarte-aux-legumes-verts-et-emmentaler-aop"},"modified":"2022-06-28T11:42:45","modified_gmt":"2022-06-28T09:42:45","slug":"tarte-aux-legumes-verts","status":"publish","type":"recipes","link":"https:\/\/www.emmentaler.ch\/fr\/recettes\/tarte-aux-legumes-verts","title":{"rendered":"Tarte aux l\u00e9gumes verts"},"author":2,"featured_media":27412,"menu_order":0,"template":"","meta":{"inline_featured_image":false},"tags":[],"recipe_categories":[609],"et_countries":[],"recipe_main_ingredient":[604],"recipe_difficulty":[580],"recipe_preparation_time":[294],"recipe_diet_type":[572],"recipe_saison":[527,532,559],"acf":{"recipe_preparation_time":294,"recipe_categories":609,"recipe_time_txt":"20 minutes plus 30 minutes de cuisson","recipe_type":63911,"recipe_difficulty":580,"recipe_diet_type":[572],"recipe_main_ingredient":[604],"recipe_saison":[527,532,559],"recipe_count_portions":4,"recipe_ingedients":[{"recipe_ingedients_amount":"","recipe_ingedients_unit":"g","recipe_ingedients_product":""}],"temporare_zutaten":"3 oignons de printemps\r\n200 g de courgettes\r\n2 c. \u00e0 s. d'huile d'olive\r\n100 g de petits pois, frais ou surgel\u00e9s\r\n100 g pois mange-tout, frais ou surgel\u00e9s\r\nSel, poivre\r\n175 g d'Emmentaler AOP\r\n1 p\u00e2te feuillet\u00e9e carr\u00e9e, 300 g environ\r\n100 g de cr\u00e8me aigre\r\n1 poign\u00e9e de roquette","recipe_preparation":"Couper les oignons de printemps en rondelles de 3 cm de longueur. Couper les les gros bulbes des oignons en longueur. Couper les courgettes en tranches de 5 mm d'\u00e9paisseur dans la longueur. Faire chauffer de l'huile dans une po\u00eale et y faire revenir les courgettes, les oignons de printemps, les petits pois et les pois mange-tout 5 minutes \u00e0 feu vif. Remuer de temps en temps, saler et poivrer, laisser refroidir.\r\n\r\nR\u00e2per grossi\u00e8rement l'Emmentaler AOP. Etaler la p\u00e2te feuillet\u00e9e sur une plaque de cuisson et la piquer avec une fourchette. Badigeonner la p\u00e2te de cr\u00e8me aigre, y r\u00e9partir les l\u00e9gumes et parsemer de copeaux d'Emmentaler AOP.\r\n\r\nFaire cuire 20-30 minutes \u00e0 220\u00b0C dans la partie inf\u00e9rieure du four.\r\n\r\nR\u00e9partir la roquette sur la tarte, couper les parts et servir.","recipe_images":[27412]},"_links":{"self":[{"href":"https:\/\/www.emmentaler.ch\/fr\/wp-json\/wp\/v2\/recipes\/27396"}],"collection":[{"href":"https:\/\/www.emmentaler.ch\/fr\/wp-json\/wp\/v2\/recipes"}],"about":[{"href":"https:\/\/www.emmentaler.ch\/fr\/wp-json\/wp\/v2\/types\/recipes"}],"author":[{"embeddable":true,"href":"https:\/\/www.emmentaler.ch\/fr\/wp-json\/wp\/v2\/users\/2"}],"version-history":[{"count":0,"href":"https:\/\/www.emmentaler.ch\/fr\/wp-json\/wp\/v2\/recipes\/27396\/revisions"}],"acf:attachment":[{"embeddable":true,"href":"https:\/\/www.emmentaler.ch\/fr\/wp-json\/wp\/v2\/media\/27412"}],"acf:term":[{"embeddable":true,"taxonomy":"recipe_saison","href":"https:\/\/www.emmentaler.ch\/fr\/wp-json\/wp\/v2\/recipe_saison\/559"},{"embeddable":true,"taxonomy":"recipe_saison","href":"https:\/\/www.emmentaler.ch\/fr\/wp-json\/wp\/v2\/recipe_saison\/532"},{"embeddable":true,"taxonomy":"recipe_saison","href":"https:\/\/www.emmentaler.ch\/fr\/wp-json\/wp\/v2\/recipe_saison\/527"},{"embeddable":true,"taxonomy":"recipe_main_ingredient","href":"https:\/\/www.emmentaler.ch\/fr\/wp-json\/wp\/v2\/recipe_main_ingredient\/604"},{"embeddable":true,"taxonomy":"recipe_diet_type","href":"https:\/\/www.emmentaler.ch\/fr\/wp-json\/wp\/v2\/recipe_diet_type\/572"},{"embeddable":true,"taxonomy":"recipe_difficulty","href":"https:\/\/www.emmentaler.ch\/fr\/wp-json\/wp\/v2\/recipe_difficulty\/580"},{"embeddable":true,"taxonomy":"recipe_categories","href":"https:\/\/www.emmentaler.ch\/fr\/wp-json\/wp\/v2\/recipe_categories\/609"},{"embeddable":true,"taxonomy":"recipe_preparation_time","href":"https:\/\/www.emmentaler.ch\/fr\/wp-json\/wp\/v2\/recipe_preparation_time\/294"}],"acf:post":[{"embeddable":true,"href":"https:\/\/www.emmentaler.ch\/fr\/wp-json\/wp\/v2\/pages\/63911"}],"wp:featuredmedia":[{"embeddable":true,"href":"https:\/\/www.emmentaler.ch\/fr\/wp-json\/wp\/v2\/media\/27412"}],"wp:attachment":[{"href":"https:\/\/www.emmentaler.ch\/fr\/wp-json\/wp\/v2\/media?parent=27396"}],"wp:term":[{"taxonomy":"post_tag","embeddable":true,"href":"https:\/\/www.emmentaler.ch\/fr\/wp-json\/wp\/v2\/tags?post=27396"},{"taxonomy":"recipe_categories","embeddable":true,"href":"https:\/\/www.emmentaler.ch\/fr\/wp-json\/wp\/v2\/recipe_categories?post=27396"},{"taxonomy":"et_countries","embeddable":true,"href":"https:\/\/www.emmentaler.ch\/fr\/wp-json\/wp\/v2\/et_countries?post=27396"},{"taxonomy":"recipe_main_ingredient","embeddable":true,"href":"https:\/\/www.emmentaler.ch\/fr\/wp-json\/wp\/v2\/recipe_main_ingredient?post=27396"},{"taxonomy":"recipe_difficulty","embeddable":true,"href":"https:\/\/www.emmentaler.ch\/fr\/wp-json\/wp\/v2\/recipe_difficulty?post=27396"},{"taxonomy":"recipe_preparation_time","embeddable":true,"href":"https:\/\/www.emmentaler.ch\/fr\/wp-json\/wp\/v2\/recipe_preparation_time?post=27396"},{"taxonomy":"recipe_diet_type","embeddable":true,"href":"https:\/\/www.emmentaler.ch\/fr\/wp-json\/wp\/v2\/recipe_diet_type?post=27396"},{"taxonomy":"recipe_saison","embeddable":true,"href":"https:\/\/www.emmentaler.ch\/fr\/wp-json\/wp\/v2\/recipe_saison?post=27396"}],"curies":[{"name":"wp","href":"https:\/\/api.w.org\/{rel}","templated":true}]}}

Tarte aux légumes verts

3 oignons de printemps
200 g de courgettes
2 c. à s. d'huile d'olive
100 g de petits pois, frais ou surgelés
100 g pois mange-tout, frais ou surgelés
Sel, poivre
175 g d'Emmentaler AOP
1 pâte feuilletée carrée, 300 g environ
100 g de crème aigre
1 poignée de roquette

Couper les oignons de printemps en rondelles de 3 cm de longueur. Couper les les gros bulbes des oignons en longueur. Couper les courgettes en tranches de 5 mm d'épaisseur dans la longueur. Faire chauffer de l'huile dans une poêle et y faire revenir les courgettes, les oignons de printemps, les petits pois et les pois mange-tout 5 minutes à feu vif. Remuer de temps en temps, saler et poivrer, laisser refroidir.

Râper grossièrement l'Emmentaler AOP. Etaler la pâte feuilletée sur une plaque de cuisson et la piquer avec une fourchette. Badigeonner la pâte de crème aigre, y répartir les légumes et parsemer de copeaux d'Emmentaler AOP.

Faire cuire 20-30 minutes à 220°C dans la partie inférieure du four.

Répartir la roquette sur la tarte, couper les parts et servir.
