{"id":27427,"date":"2022-04-27T13:41:56","date_gmt":"2022-04-27T11:41:56","guid":{"rendered":"https:\/\/www.emmentaler.ch\/rezept\/tarte-aux-epinards"},"modified":"2022-06-28T11:40:15","modified_gmt":"2022-06-28T09:40:15","slug":"tarte-aux-epinards","status":"publish","type":"recipes","link":"https:\/\/www.emmentaler.ch\/fr\/recettes\/tarte-aux-epinards","title":{"rendered":"Tarte aux \u00e9pinards"},"author":2,"featured_media":24631,"menu_order":0,"template":"","meta":{"inline_featured_image":false},"tags":[],"recipe_categories":[609],"et_countries":[],"recipe_main_ingredient":[604],"recipe_difficulty":[580],"recipe_preparation_time":[285],"recipe_diet_type":[572],"recipe_saison":[527,532,559],"acf":{"recipe_preparation_time":285,"recipe_categories":609,"recipe_time_txt":"40 minutes plus 50 minutes de cuisson","recipe_type":63911,"recipe_difficulty":580,"recipe_diet_type":[572],"recipe_main_ingredient":[604],"recipe_saison":[527,532,559],"recipe_count_portions":5,"recipe_ingedients":[{"recipe_ingedients_amount":"","recipe_ingedients_unit":"g","recipe_ingedients_product":""}],"temporare_zutaten":"750 g d'\u00e9pinards\r\nSel\r\n50 g de pignons\r\n3 \u0153ufs\r\n150 g d'Emmentaler AOP r\u00e2p\u00e9\r\n250 g de s\u00e9r\u00e9 demi-gras\r\n2 gousses d'ail\r\n1 c. \u00e0 c. de thym\r\nPoivre\r\n50 g de tomates s\u00e9ch\u00e9es marin\u00e9es dans l'huile\r\n1 paquet de p\u00e2te \u00e0 strudel, 120 g\r\n3 c. \u00e0 s. d'huile d'olive\r\n2 c. \u00e0 s. de chapelure","recipe_preparation":"(Plaque \u00e0 g\u00e2teau ou moule \u00e0 charni\u00e8re 24-26 cm \u00d8 ) Mettre les \u00e9pinards dans une grande casserole d'eau sal\u00e9e et porter bri\u00e8vement \u00e0 \u00e9bullition. Les \u00e9goutter, les refroidir \u00e0 l'eau froide, les presser et les hacher finement. Faire l\u00e9g\u00e8rement dorer les pignons sans mati\u00e8re grasse dans une po\u00eale. Battre les \u0153ufs et les m\u00e9langer \u00e0 l'Emmentaler AOP et au s\u00e9r\u00e9. Y presser l'ail et assaisonner avec le thym, le sel et le poivre. Couper les tomates en d\u00e9s et les m\u00e9langer \u00e0 l'appareil avec les \u00e9pinards et les pignons.\r\n\r\nBeurrer la plaque \u00e0 g\u00e2teau. Badigeonner d'huile une feuille de p\u00e2te et la mettre dans la plaque. Huiler toutes les feuilles l'une apr\u00e8s l'autre et les disposer en les d\u00e9calant l\u00e9g\u00e8rement. Saupoudre le fond de chapelure. D\u00e9poser le m\u00e9lange d'\u00e9pinards et replier les feuilles de p\u00e2te.\r\n\r\nFaire cuire la tourte aux \u00e9pinards 40-50 minutes dans la partie inf\u00e9rieure du four pr\u00e9chauff\u00e9 \u00e0 200\u00b0C.","recipe_images":[27443]},"_links":{"self":[{"href":"https:\/\/www.emmentaler.ch\/fr\/wp-json\/wp\/v2\/recipes\/27427"}],"collection":[{"href":"https:\/\/www.emmentaler.ch\/fr\/wp-json\/wp\/v2\/recipes"}],"about":[{"href":"https:\/\/www.emmentaler.ch\/fr\/wp-json\/wp\/v2\/types\/recipes"}],"author":[{"embeddable":true,"href":"https:\/\/www.emmentaler.ch\/fr\/wp-json\/wp\/v2\/users\/2"}],"version-history":[{"count":0,"href":"https:\/\/www.emmentaler.ch\/fr\/wp-json\/wp\/v2\/recipes\/27427\/revisions"}],"acf:attachment":[{"embeddable":true,"href":"https:\/\/www.emmentaler.ch\/fr\/wp-json\/wp\/v2\/media\/27443"}],"acf:term":[{"embeddable":true,"taxonomy":"recipe_saison","href":"https:\/\/www.emmentaler.ch\/fr\/wp-json\/wp\/v2\/recipe_saison\/559"},{"embeddable":true,"taxonomy":"recipe_saison","href":"https:\/\/www.emmentaler.ch\/fr\/wp-json\/wp\/v2\/recipe_saison\/532"},{"embeddable":true,"taxonomy":"recipe_saison","href":"https:\/\/www.emmentaler.ch\/fr\/wp-json\/wp\/v2\/recipe_saison\/527"},{"embeddable":true,"taxonomy":"recipe_main_ingredient","href":"https:\/\/www.emmentaler.ch\/fr\/wp-json\/wp\/v2\/recipe_main_ingredient\/604"},{"embeddable":true,"taxonomy":"recipe_diet_type","href":"https:\/\/www.emmentaler.ch\/fr\/wp-json\/wp\/v2\/recipe_diet_type\/572"},{"embeddable":true,"taxonomy":"recipe_difficulty","href":"https:\/\/www.emmentaler.ch\/fr\/wp-json\/wp\/v2\/recipe_difficulty\/580"},{"embeddable":true,"taxonomy":"recipe_categories","href":"https:\/\/www.emmentaler.ch\/fr\/wp-json\/wp\/v2\/recipe_categories\/609"},{"embeddable":true,"taxonomy":"recipe_preparation_time","href":"https:\/\/www.emmentaler.ch\/fr\/wp-json\/wp\/v2\/recipe_preparation_time\/285"}],"acf:post":[{"embeddable":true,"href":"https:\/\/www.emmentaler.ch\/fr\/wp-json\/wp\/v2\/pages\/63911"}],"wp:featuredmedia":[{"embeddable":true,"href":"https:\/\/www.emmentaler.ch\/fr\/wp-json\/wp\/v2\/media\/24631"}],"wp:attachment":[{"href":"https:\/\/www.emmentaler.ch\/fr\/wp-json\/wp\/v2\/media?parent=27427"}],"wp:term":[{"taxonomy":"post_tag","embeddable":true,"href":"https:\/\/www.emmentaler.ch\/fr\/wp-json\/wp\/v2\/tags?post=27427"},{"taxonomy":"recipe_categories","embeddable":true,"href":"https:\/\/www.emmentaler.ch\/fr\/wp-json\/wp\/v2\/recipe_categories?post=27427"},{"taxonomy":"et_countries","embeddable":true,"href":"https:\/\/www.emmentaler.ch\/fr\/wp-json\/wp\/v2\/et_countries?post=27427"},{"taxonomy":"recipe_main_ingredient","embeddable":true,"href":"https:\/\/www.emmentaler.ch\/fr\/wp-json\/wp\/v2\/recipe_main_ingredient?post=27427"},{"taxonomy":"recipe_difficulty","embeddable":true,"href":"https:\/\/www.emmentaler.ch\/fr\/wp-json\/wp\/v2\/recipe_difficulty?post=27427"},{"taxonomy":"recipe_preparation_time","embeddable":true,"href":"https:\/\/www.emmentaler.ch\/fr\/wp-json\/wp\/v2\/recipe_preparation_time?post=27427"},{"taxonomy":"recipe_diet_type","embeddable":true,"href":"https:\/\/www.emmentaler.ch\/fr\/wp-json\/wp\/v2\/recipe_diet_type?post=27427"},{"taxonomy":"recipe_saison","embeddable":true,"href":"https:\/\/www.emmentaler.ch\/fr\/wp-json\/wp\/v2\/recipe_saison?post=27427"}],"curies":[{"name":"wp","href":"https:\/\/api.w.org\/{rel}","templated":true}]}}

Tarte aux épinards

750 g d'épinards
Sel
50 g de pignons
3 œufs
150 g d'Emmentaler AOP râpé
250 g de séré demi-gras
2 gousses d'ail
1 c. à c. de thym
Poivre
50 g de tomates séchées marinées dans l'huile
1 paquet de pâte à strudel, 120 g
3 c. à s. d'huile d'olive
2 c. à s. de chapelure

(Plaque à gâteau ou moule à charnière 24-26 cm Ø ) Mettre les épinards dans une grande casserole d'eau salée et porter brièvement à ébullition. Les égoutter, les refroidir à l'eau froide, les presser et les hacher finement. Faire légèrement dorer les pignons sans matière grasse dans une poêle. Battre les œufs et les mélanger à l'Emmentaler AOP et au séré. Y presser l'ail et assaisonner avec le thym, le sel et le poivre. Couper les tomates en dés et les mélanger à l'appareil avec les épinards et les pignons.

Beurrer la plaque à gâteau. Badigeonner d'huile une feuille de pâte et la mettre dans la plaque. Huiler toutes les feuilles l'une après l'autre et les disposer en les décalant légèrement. Saupoudre le fond de chapelure. Déposer le mélange d'épinards et replier les feuilles de pâte.

Faire cuire la tourte aux épinards 40-50 minutes dans la partie inférieure du four préchauffé à 200°C.
