{"id":27458,"date":"2022-04-27T13:41:56","date_gmt":"2022-04-27T11:41:56","guid":{"rendered":"https:\/\/www.emmentaler.ch\/rezept\/vol-au-vent-aux-asperges"},"modified":"2022-06-27T16:51:04","modified_gmt":"2022-06-27T14:51:04","slug":"vol-au-vent-aux-asperges","status":"publish","type":"recipes","link":"https:\/\/www.emmentaler.ch\/fr\/recettes\/vol-au-vent-aux-asperges","title":{"rendered":"Vol-au-vent aux asperges"},"author":2,"featured_media":24580,"menu_order":0,"template":"","meta":{"inline_featured_image":false},"tags":[],"recipe_categories":[617],"et_countries":[],"recipe_main_ingredient":[604],"recipe_difficulty":[580],"recipe_preparation_time":[272],"recipe_diet_type":[572],"recipe_saison":[532],"acf":{"recipe_preparation_time":272,"recipe_categories":617,"recipe_time_txt":"","recipe_type":63911,"recipe_difficulty":580,"recipe_diet_type":[572],"recipe_main_ingredient":[604],"recipe_saison":[532],"recipe_count_portions":4,"recipe_ingedients":[{"recipe_ingedients_amount":"","recipe_ingedients_unit":"g","recipe_ingedients_product":""}],"temporare_zutaten":"200 g d\u2019Emmentaler AOP doux\r\n1 kg d\u2019asperges vertes fines\r\n1 dl de bouillon de l\u00e9gumes\r\n8 vol-au-vent en p\u00e2te feuillet\u00e9e\r\n100 g de fromage frais aux herbes\r\n1 dl de cidre ou de vin blanc\r\nSel, poivre\r\nQuelques feuilles de cerfeuil pour la garniture","recipe_preparation":"R\u00e2per finement l\u2019Emmentaler AOP. Peler le tiers inf\u00e9rieur des asperges et les couper en tron\u00e7ons de 3 cm de long. Mettre les asperges dans le bouillon, couvrir et faire cuire 10 minutes \u00e0 feu doux jusqu\u2019\u00e0 tendret\u00e9.\r\n\r\nD\u00e9tacher le couvercle des vol-au-vent. Disposer les vol-au-vent et les couvercles sur une plaque \u00e0 four. Glisser la plaque dans le four froid et faire monter la temp\u00e9rature \u00e0 180 \u00b0C (chauffage vo\u00fbte et sol ou 160 \u00b0C en chaleur tournante). Faire cuire 10 minutes environ.\r\n\r\nPendant ce temps, \u00e9goutter les asperges dans une passoire en r\u00e9cup\u00e9rant le bouillon. R\u00e9duire environ un tiers des asperges en pur\u00e9e (si possible le tiers inf\u00e9rieur) avec le fromage frais, le cidre et l\u2019Emmentaler AOP. Allonger avec du bouillon jusqu\u2019\u00e0 obtention d\u2019une sauce fluide et \u00e9paisse.\r\n\r\nPorter la pur\u00e9e \u00e0 \u00e9bullition sans cesser de remuer, saler, poivrer. Ajouter les morceaux d\u2019asperges restants, r\u00e9chauffer bri\u00e8vement. Verser la sauce dans les vol-au-vent et d\u00e9corer avec des petites feuilles de cerfeuil.\r\n\r\n \r\n\r\nConseil: la sauce se marie \u00e9galement tr\u00e8s bien avec des p\u00e2tes ou du riz.","recipe_images":[27494,27489,27484]},"_links":{"self":[{"href":"https:\/\/www.emmentaler.ch\/fr\/wp-json\/wp\/v2\/recipes\/27458"}],"collection":[{"href":"https:\/\/www.emmentaler.ch\/fr\/wp-json\/wp\/v2\/recipes"}],"about":[{"href":"https:\/\/www.emmentaler.ch\/fr\/wp-json\/wp\/v2\/types\/recipes"}],"author":[{"embeddable":true,"href":"https:\/\/www.emmentaler.ch\/fr\/wp-json\/wp\/v2\/users\/2"}],"version-history":[{"count":0,"href":"https:\/\/www.emmentaler.ch\/fr\/wp-json\/wp\/v2\/recipes\/27458\/revisions"}],"acf:attachment":[{"embeddable":true,"href":"https:\/\/www.emmentaler.ch\/fr\/wp-json\/wp\/v2\/media\/27484"},{"embeddable":true,"href":"https:\/\/www.emmentaler.ch\/fr\/wp-json\/wp\/v2\/media\/27489"},{"embeddable":true,"href":"https:\/\/www.emmentaler.ch\/fr\/wp-json\/wp\/v2\/media\/27494"}],"acf:term":[{"embeddable":true,"taxonomy":"recipe_saison","href":"https:\/\/www.emmentaler.ch\/fr\/wp-json\/wp\/v2\/recipe_saison\/532"},{"embeddable":true,"taxonomy":"recipe_main_ingredient","href":"https:\/\/www.emmentaler.ch\/fr\/wp-json\/wp\/v2\/recipe_main_ingredient\/604"},{"embeddable":true,"taxonomy":"recipe_diet_type","href":"https:\/\/www.emmentaler.ch\/fr\/wp-json\/wp\/v2\/recipe_diet_type\/572"},{"embeddable":true,"taxonomy":"recipe_difficulty","href":"https:\/\/www.emmentaler.ch\/fr\/wp-json\/wp\/v2\/recipe_difficulty\/580"},{"embeddable":true,"taxonomy":"recipe_categories","href":"https:\/\/www.emmentaler.ch\/fr\/wp-json\/wp\/v2\/recipe_categories\/617"},{"embeddable":true,"taxonomy":"recipe_preparation_time","href":"https:\/\/www.emmentaler.ch\/fr\/wp-json\/wp\/v2\/recipe_preparation_time\/272"}],"acf:post":[{"embeddable":true,"href":"https:\/\/www.emmentaler.ch\/fr\/wp-json\/wp\/v2\/pages\/63911"}],"wp:featuredmedia":[{"embeddable":true,"href":"https:\/\/www.emmentaler.ch\/fr\/wp-json\/wp\/v2\/media\/24580"}],"wp:attachment":[{"href":"https:\/\/www.emmentaler.ch\/fr\/wp-json\/wp\/v2\/media?parent=27458"}],"wp:term":[{"taxonomy":"post_tag","embeddable":true,"href":"https:\/\/www.emmentaler.ch\/fr\/wp-json\/wp\/v2\/tags?post=27458"},{"taxonomy":"recipe_categories","embeddable":true,"href":"https:\/\/www.emmentaler.ch\/fr\/wp-json\/wp\/v2\/recipe_categories?post=27458"},{"taxonomy":"et_countries","embeddable":true,"href":"https:\/\/www.emmentaler.ch\/fr\/wp-json\/wp\/v2\/et_countries?post=27458"},{"taxonomy":"recipe_main_ingredient","embeddable":true,"href":"https:\/\/www.emmentaler.ch\/fr\/wp-json\/wp\/v2\/recipe_main_ingredient?post=27458"},{"taxonomy":"recipe_difficulty","embeddable":true,"href":"https:\/\/www.emmentaler.ch\/fr\/wp-json\/wp\/v2\/recipe_difficulty?post=27458"},{"taxonomy":"recipe_preparation_time","embeddable":true,"href":"https:\/\/www.emmentaler.ch\/fr\/wp-json\/wp\/v2\/recipe_preparation_time?post=27458"},{"taxonomy":"recipe_diet_type","embeddable":true,"href":"https:\/\/www.emmentaler.ch\/fr\/wp-json\/wp\/v2\/recipe_diet_type?post=27458"},{"taxonomy":"recipe_saison","embeddable":true,"href":"https:\/\/www.emmentaler.ch\/fr\/wp-json\/wp\/v2\/recipe_saison?post=27458"}],"curies":[{"name":"wp","href":"https:\/\/api.w.org\/{rel}","templated":true}]}}

200 g d’Emmentaler AOP doux
1 kg d’asperges vertes fines
1 dl de bouillon de légumes
8 vol-au-vent en pâte feuilletée
100 g de fromage frais aux herbes
1 dl de cidre ou de vin blanc
Sel, poivre
Quelques feuilles de cerfeuil pour la garniture

Râper finement l’Emmentaler AOP. Peler le tiers inférieur des asperges et les couper en tronçons de 3 cm de long. Mettre les asperges dans le bouillon, couvrir et faire cuire 10 minutes à feu doux jusqu’à tendreté.

Détacher le couvercle des vol-au-vent. Disposer les vol-au-vent et les couvercles sur une plaque à four. Glisser la plaque dans le four froid et faire monter la température à 180 °C (chauffage voûte et sol ou 160 °C en chaleur tournante). Faire cuire 10 minutes environ.

Pendant ce temps, égoutter les asperges dans une passoire en récupérant le bouillon. Réduire environ un tiers des asperges en purée (si possible le tiers inférieur) avec le fromage frais, le cidre et l’Emmentaler AOP. Allonger avec du bouillon jusqu’à obtention d’une sauce fluide et épaisse.

Porter la purée à ébullition sans cesser de remuer, saler, poivrer. Ajouter les morceaux d’asperges restants, réchauffer brièvement. Verser la sauce dans les vol-au-vent et décorer avec des petites feuilles de cerfeuil.

 

Conseil: la sauce se marie également très bien avec des pâtes ou du riz.
