{"id":27519,"date":"2022-04-27T13:41:56","date_gmt":"2022-04-27T11:41:56","guid":{"rendered":"https:\/\/www.emmentaler.ch\/rezept\/nouilles-aux-asperges-et-pesto-aux-herbes"},"modified":"2024-07-25T17:40:37","modified_gmt":"2024-07-25T15:40:37","slug":"nouilles-aux-asperges-et-pesto-aux-herbes","status":"publish","type":"recipes","link":"https:\/\/www.emmentaler.ch\/fr\/recettes\/nouilles-aux-asperges-et-pesto-aux-herbes","title":{"rendered":"Nouilles aux asperges et pesto aux herbes"},"author":2,"featured_media":24539,"menu_order":0,"template":"","meta":{"inline_featured_image":false},"tags":[802],"recipe_categories":[617],"et_countries":[],"recipe_main_ingredient":[604],"recipe_difficulty":[575],"recipe_preparation_time":[625],"recipe_diet_type":[572],"recipe_saison":[532],"acf":{"recipe_preparation_time":625,"recipe_categories":617,"recipe_time_txt":"","recipe_type":64303,"recipe_difficulty":575,"recipe_diet_type":[572],"recipe_main_ingredient":[604],"recipe_saison":[532],"recipe_count_portions":4,"recipe_ingedients":[{"recipe_ingedients_amount":"","recipe_ingedients_unit":"g","recipe_ingedients_product":""}],"temporare_zutaten":"120 g d'Emmentaler sal\u00e9 AOP\r\n50 g de noix de cajou\r\n2 bouquets d'herbes aromatiques m\u00e9lang\u00e9es, p. ex. cerfeuil, persil, ciboulette\r\n4 c. \u00e0 s. d'huile de colza\r\nEnviron 0,75 dl de bouillon de l\u00e9gumes\r\nSel, poivre\r\n500 g d'asperges vertes\r\n350 g de nouilles\r\n20 g de beurre","recipe_preparation":"R\u00e2per finement le fromage. Hacher grossi\u00e8rement les noix de cajou et les herbes. Les mettre dans un r\u00e9cipient haut et \u00e9troit. Ajouter l'huile et le bouillon et r\u00e9duire les ingr\u00e9dients en pesto \u00e0 l'aide du mixeur plongeant, saler et poivrer.\r\n\r\nCouper les asperges en fines et longues tranches depuis la base \u00e0 l'aide d'un \u00e9conome.\r\n\r\nFaire cuire les nouilles al dente dans de l'eau sal\u00e9e. Egoutter, conserver et r\u00e9server un peu d'eau de cuisson. Faire revenir les tranches d'asperge dans le beurre chaud. Ajouter 3-4 cuill\u00e8res \u00e0 soupe d'aau de cuisson de p\u00e2tes, saler et poivrer. M\u00e9langer les p\u00e2tes \u00e9goutt\u00e9es, les asperges et le pesto.","recipe_images":[24539]},"_links":{"self":[{"href":"https:\/\/www.emmentaler.ch\/fr\/wp-json\/wp\/v2\/recipes\/27519"}],"collection":[{"href":"https:\/\/www.emmentaler.ch\/fr\/wp-json\/wp\/v2\/recipes"}],"about":[{"href":"https:\/\/www.emmentaler.ch\/fr\/wp-json\/wp\/v2\/types\/recipes"}],"author":[{"embeddable":true,"href":"https:\/\/www.emmentaler.ch\/fr\/wp-json\/wp\/v2\/users\/2"}],"version-history":[{"count":1,"href":"https:\/\/www.emmentaler.ch\/fr\/wp-json\/wp\/v2\/recipes\/27519\/revisions"}],"predecessor-version":[{"id":137928,"href":"https:\/\/www.emmentaler.ch\/fr\/wp-json\/wp\/v2\/recipes\/27519\/revisions\/137928"}],"acf:attachment":[{"embeddable":true,"href":"https:\/\/www.emmentaler.ch\/fr\/wp-json\/wp\/v2\/media\/24539"}],"acf:term":[{"embeddable":true,"taxonomy":"recipe_saison","href":"https:\/\/www.emmentaler.ch\/fr\/wp-json\/wp\/v2\/recipe_saison\/532"},{"embeddable":true,"taxonomy":"recipe_main_ingredient","href":"https:\/\/www.emmentaler.ch\/fr\/wp-json\/wp\/v2\/recipe_main_ingredient\/604"},{"embeddable":true,"taxonomy":"recipe_diet_type","href":"https:\/\/www.emmentaler.ch\/fr\/wp-json\/wp\/v2\/recipe_diet_type\/572"},{"embeddable":true,"taxonomy":"recipe_difficulty","href":"https:\/\/www.emmentaler.ch\/fr\/wp-json\/wp\/v2\/recipe_difficulty\/575"},{"embeddable":true,"taxonomy":"recipe_categories","href":"https:\/\/www.emmentaler.ch\/fr\/wp-json\/wp\/v2\/recipe_categories\/617"},{"embeddable":true,"taxonomy":"recipe_preparation_time","href":"https:\/\/www.emmentaler.ch\/fr\/wp-json\/wp\/v2\/recipe_preparation_time\/625"}],"acf:post":[{"embeddable":true,"href":"https:\/\/www.emmentaler.ch\/fr\/wp-json\/wp\/v2\/pages\/64303"}],"wp:featuredmedia":[{"embeddable":true,"href":"https:\/\/www.emmentaler.ch\/fr\/wp-json\/wp\/v2\/media\/24539"}],"wp:attachment":[{"href":"https:\/\/www.emmentaler.ch\/fr\/wp-json\/wp\/v2\/media?parent=27519"}],"wp:term":[{"taxonomy":"post_tag","embeddable":true,"href":"https:\/\/www.emmentaler.ch\/fr\/wp-json\/wp\/v2\/tags?post=27519"},{"taxonomy":"recipe_categories","embeddable":true,"href":"https:\/\/www.emmentaler.ch\/fr\/wp-json\/wp\/v2\/recipe_categories?post=27519"},{"taxonomy":"et_countries","embeddable":true,"href":"https:\/\/www.emmentaler.ch\/fr\/wp-json\/wp\/v2\/et_countries?post=27519"},{"taxonomy":"recipe_main_ingredient","embeddable":true,"href":"https:\/\/www.emmentaler.ch\/fr\/wp-json\/wp\/v2\/recipe_main_ingredient?post=27519"},{"taxonomy":"recipe_difficulty","embeddable":true,"href":"https:\/\/www.emmentaler.ch\/fr\/wp-json\/wp\/v2\/recipe_difficulty?post=27519"},{"taxonomy":"recipe_preparation_time","embeddable":true,"href":"https:\/\/www.emmentaler.ch\/fr\/wp-json\/wp\/v2\/recipe_preparation_time?post=27519"},{"taxonomy":"recipe_diet_type","embeddable":true,"href":"https:\/\/www.emmentaler.ch\/fr\/wp-json\/wp\/v2\/recipe_diet_type?post=27519"},{"taxonomy":"recipe_saison","embeddable":true,"href":"https:\/\/www.emmentaler.ch\/fr\/wp-json\/wp\/v2\/recipe_saison?post=27519"}],"curies":[{"name":"wp","href":"https:\/\/api.w.org\/{rel}","templated":true}]}}

120 g d'Emmentaler salé AOP
50 g de noix de cajou
2 bouquets d'herbes aromatiques mélangées, p. ex. cerfeuil, persil, ciboulette
4 c. à s. d'huile de colza
Environ 0,75 dl de bouillon de légumes
Sel, poivre
500 g d'asperges vertes
350 g de nouilles
20 g de beurre

Râper finement le fromage. Hacher grossièrement les noix de cajou et les herbes. Les mettre dans un récipient haut et étroit. Ajouter l'huile et le bouillon et réduire les ingrédients en pesto à l'aide du mixeur plongeant, saler et poivrer.

Couper les asperges en fines et longues tranches depuis la base à l'aide d'un économe.

Faire cuire les nouilles al dente dans de l'eau salée. Egoutter, conserver et réserver un peu d'eau de cuisson. Faire revenir les tranches d'asperge dans le beurre chaud. Ajouter 3-4 cuillères à soupe d'aau de cuisson de pâtes, saler et poivrer. Mélanger les pâtes égouttées, les asperges et le pesto.
