{"id":27550,"date":"2022-04-27T13:41:19","date_gmt":"2022-04-27T11:41:19","guid":{"rendered":"https:\/\/www.emmentaler.ch\/rezept\/asperges-et-sauce-a-lemmentaler"},"modified":"2024-07-25T17:42:55","modified_gmt":"2024-07-25T15:42:55","slug":"asperges-et-sauce-a-lemmentaler","status":"publish","type":"recipes","link":"https:\/\/www.emmentaler.ch\/fr\/recettes\/asperges-et-sauce-a-lemmentaler","title":{"rendered":"Asperges et sauce \u00e0 l&rsquo;Emmentaler"},"author":2,"featured_media":24508,"menu_order":0,"template":"","meta":{"inline_featured_image":false},"tags":[802],"recipe_categories":[617],"et_countries":[],"recipe_main_ingredient":[604],"recipe_difficulty":[575],"recipe_preparation_time":[625],"recipe_diet_type":[564,572],"recipe_saison":[548,532],"acf":{"recipe_preparation_time":625,"recipe_categories":617,"recipe_time_txt":"","recipe_type":63916,"recipe_difficulty":575,"recipe_diet_type":[564,572],"recipe_main_ingredient":[604],"recipe_saison":[532,548],"recipe_count_portions":4,"recipe_ingedients":[{"recipe_ingedients_amount":"","recipe_ingedients_unit":"g","recipe_ingedients_product":""}],"temporare_zutaten":"175 g d\u2019Emmentaler AOP\r\n1,5 dl de lait\r\n2 jaunes d\u2019\u0153uf\r\nSel, poivre\r\n500 g d\u2019asperges blanches\r\n500 g d\u2019asperges vertes\r\n3 dl de bouillon\r\n\u00bd botte de radis","recipe_preparation":"<span style=\"font-weight: 400;\">R\u00e2per finement le fromage. Mettre dans un saladier avec le lait et les jaunes d\u2019\u0153uf.<\/span>\r\n\r\n<span style=\"font-weight: 400;\">Coupez l\u2019extr\u00e9mit\u00e9 des asperges, peler les asperges blanches en int\u00e9gralit\u00e9 et le tiers inf\u00e9rieur seulement pour les asperges vertes. Mettre les asperges blanches avec le bouillon dans une grande casserole \u00e9vas\u00e9e, couvrir et faire cuire 3\u00a0minutes environ \u00e0 petit feu. Ajouter les asperges vertes et poursuivre la cuisson 7\u00a0minutes de fa\u00e7on \u00e0 ce qu\u2019elles restent croquantes.<\/span>\r\n\r\n<span style=\"font-weight: 400;\">Couper les radis en fines rondelles.<\/span>\r\n\r\n<span style=\"font-weight: 400;\">Juste avant de servir, placer le saladier au bain-marie. R\u00e9chauffer la sauce sans cesser de remuer jusqu\u2019\u00e0 ce qu\u2019elle commence \u00e0 \u00e9paissir. Saler et poivrer.<\/span>\r\n\r\n<span style=\"font-weight: 400;\">Dresser les asperges sur un plat. Parsemer de rondelles de radis. Servir la sauce au fromage s\u00e9par\u00e9ment.<\/span>","recipe_images":[24508]},"_links":{"self":[{"href":"https:\/\/www.emmentaler.ch\/fr\/wp-json\/wp\/v2\/recipes\/27550"}],"collection":[{"href":"https:\/\/www.emmentaler.ch\/fr\/wp-json\/wp\/v2\/recipes"}],"about":[{"href":"https:\/\/www.emmentaler.ch\/fr\/wp-json\/wp\/v2\/types\/recipes"}],"author":[{"embeddable":true,"href":"https:\/\/www.emmentaler.ch\/fr\/wp-json\/wp\/v2\/users\/2"}],"version-history":[{"count":1,"href":"https:\/\/www.emmentaler.ch\/fr\/wp-json\/wp\/v2\/recipes\/27550\/revisions"}],"predecessor-version":[{"id":137936,"href":"https:\/\/www.emmentaler.ch\/fr\/wp-json\/wp\/v2\/recipes\/27550\/revisions\/137936"}],"acf:attachment":[{"embeddable":true,"href":"https:\/\/www.emmentaler.ch\/fr\/wp-json\/wp\/v2\/media\/24508"}],"acf:term":[{"embeddable":true,"taxonomy":"recipe_saison","href":"https:\/\/www.emmentaler.ch\/fr\/wp-json\/wp\/v2\/recipe_saison\/548"},{"embeddable":true,"taxonomy":"recipe_saison","href":"https:\/\/www.emmentaler.ch\/fr\/wp-json\/wp\/v2\/recipe_saison\/532"},{"embeddable":true,"taxonomy":"recipe_main_ingredient","href":"https:\/\/www.emmentaler.ch\/fr\/wp-json\/wp\/v2\/recipe_main_ingredient\/604"},{"embeddable":true,"taxonomy":"recipe_diet_type","href":"https:\/\/www.emmentaler.ch\/fr\/wp-json\/wp\/v2\/recipe_diet_type\/572"},{"embeddable":true,"taxonomy":"recipe_diet_type","href":"https:\/\/www.emmentaler.ch\/fr\/wp-json\/wp\/v2\/recipe_diet_type\/564"},{"embeddable":true,"taxonomy":"recipe_difficulty","href":"https:\/\/www.emmentaler.ch\/fr\/wp-json\/wp\/v2\/recipe_difficulty\/575"},{"embeddable":true,"taxonomy":"recipe_categories","href":"https:\/\/www.emmentaler.ch\/fr\/wp-json\/wp\/v2\/recipe_categories\/617"},{"embeddable":true,"taxonomy":"recipe_preparation_time","href":"https:\/\/www.emmentaler.ch\/fr\/wp-json\/wp\/v2\/recipe_preparation_time\/625"}],"acf:post":[{"embeddable":true,"href":"https:\/\/www.emmentaler.ch\/fr\/wp-json\/wp\/v2\/pages\/63916"}],"wp:featuredmedia":[{"embeddable":true,"href":"https:\/\/www.emmentaler.ch\/fr\/wp-json\/wp\/v2\/media\/24508"}],"wp:attachment":[{"href":"https:\/\/www.emmentaler.ch\/fr\/wp-json\/wp\/v2\/media?parent=27550"}],"wp:term":[{"taxonomy":"post_tag","embeddable":true,"href":"https:\/\/www.emmentaler.ch\/fr\/wp-json\/wp\/v2\/tags?post=27550"},{"taxonomy":"recipe_categories","embeddable":true,"href":"https:\/\/www.emmentaler.ch\/fr\/wp-json\/wp\/v2\/recipe_categories?post=27550"},{"taxonomy":"et_countries","embeddable":true,"href":"https:\/\/www.emmentaler.ch\/fr\/wp-json\/wp\/v2\/et_countries?post=27550"},{"taxonomy":"recipe_main_ingredient","embeddable":true,"href":"https:\/\/www.emmentaler.ch\/fr\/wp-json\/wp\/v2\/recipe_main_ingredient?post=27550"},{"taxonomy":"recipe_difficulty","embeddable":true,"href":"https:\/\/www.emmentaler.ch\/fr\/wp-json\/wp\/v2\/recipe_difficulty?post=27550"},{"taxonomy":"recipe_preparation_time","embeddable":true,"href":"https:\/\/www.emmentaler.ch\/fr\/wp-json\/wp\/v2\/recipe_preparation_time?post=27550"},{"taxonomy":"recipe_diet_type","embeddable":true,"href":"https:\/\/www.emmentaler.ch\/fr\/wp-json\/wp\/v2\/recipe_diet_type?post=27550"},{"taxonomy":"recipe_saison","embeddable":true,"href":"https:\/\/www.emmentaler.ch\/fr\/wp-json\/wp\/v2\/recipe_saison?post=27550"}],"curies":[{"name":"wp","href":"https:\/\/api.w.org\/{rel}","templated":true}]}}

Asperges et sauce à l&rsquo;Emmentaler

175 g d’Emmentaler AOP
1,5 dl de lait
2 jaunes d’œuf
Sel, poivre
500 g d’asperges blanches
500 g d’asperges vertes
3 dl de bouillon
½ botte de radis

<span style="font-weight: 400;">Râper finement le fromage. Mettre dans un saladier avec le lait et les jaunes d’œuf.</span>

<span style="font-weight: 400;">Coupez l’extrémité des asperges, peler les asperges blanches en intégralité et le tiers inférieur seulement pour les asperges vertes. Mettre les asperges blanches avec le bouillon dans une grande casserole évasée, couvrir et faire cuire 3 minutes environ à petit feu. Ajouter les asperges vertes et poursuivre la cuisson 7 minutes de façon à ce qu’elles restent croquantes.</span>

<span style="font-weight: 400;">Couper les radis en fines rondelles.</span>

<span style="font-weight: 400;">Juste avant de servir, placer le saladier au bain-marie. Réchauffer la sauce sans cesser de remuer jusqu’à ce qu’elle commence à épaissir. Saler et poivrer.</span>

<span style="font-weight: 400;">Dresser les asperges sur un plat. Parsemer de rondelles de radis. Servir la sauce au fromage séparément.</span>
