{"id":27612,"date":"2022-04-27T13:41:19","date_gmt":"2022-04-27T11:41:19","guid":{"rendered":"https:\/\/www.emmentaler.ch\/rezept\/gratin-asperges-basilic"},"modified":"2022-06-27T16:02:19","modified_gmt":"2022-06-27T14:02:19","slug":"gratin-asperges-basilic","status":"publish","type":"recipes","link":"https:\/\/www.emmentaler.ch\/fr\/recettes\/gratin-asperges-basilic","title":{"rendered":"Gratin asperges-basilic"},"author":2,"featured_media":24446,"menu_order":0,"template":"","meta":{"inline_featured_image":false},"tags":[],"recipe_categories":[617],"et_countries":[],"recipe_main_ingredient":[604,591],"recipe_difficulty":[575],"recipe_preparation_time":[270],"recipe_diet_type":[564],"recipe_saison":[532],"acf":{"recipe_preparation_time":270,"recipe_categories":617,"recipe_time_txt":"30 minutes plus 15 minutes de cuisson","recipe_type":64281,"recipe_difficulty":575,"recipe_diet_type":[564],"recipe_main_ingredient":[591,604],"recipe_saison":[532],"recipe_count_portions":4,"recipe_ingedients":[{"recipe_ingedients_amount":"","recipe_ingedients_unit":"g","recipe_ingedients_product":""}],"temporare_zutaten":"1 kg d'asperges vertes\r\n150 g de tranches de jambon\r\n200 g d'Emmentaler AOP Couronn\u00e9\r\n1 bouquet de basilic\r\n2 dl de cr\u00e8me\r\n2 jaunes d'\u0153uf\r\nSel, poivre","recipe_preparation":"Couper les asperges et \u00e9plucher le dernier tiers. Les faire cuire 5 minutes \u00e0 la vapeur ou dans de l'eau sal\u00e9e, elles doivent rester croquantes. Couper les tranches de jambon en 2 dans le sens de la longueur. Envelopper 2-3 asperges dans une tranche de jambon et les d\u00e9poser les unes \u00e0 c\u00f4t\u00e9 des autres dans un plat \u00e0 gratin beurr\u00e9.\r\n\r\nR\u00e2per finement l'Emmentaler AOP Couronn\u00e9. Ciseler les feuilles de basilic. R\u00e9duire le fromage, le bailic et la cr\u00e8me en pur\u00e9e. Incorporer les jaunes d'\u0153uf, saler et poivrer.\r\n\r\nVerser l'appareil sur les asperges. Faire gratiner et dorer 15 minutes \u00e0 200\u00b0C au milieu du four.\r\n\r\nServir avec des pommes de terre ou du riz.","recipe_images":[24446]},"_links":{"self":[{"href":"https:\/\/www.emmentaler.ch\/fr\/wp-json\/wp\/v2\/recipes\/27612"}],"collection":[{"href":"https:\/\/www.emmentaler.ch\/fr\/wp-json\/wp\/v2\/recipes"}],"about":[{"href":"https:\/\/www.emmentaler.ch\/fr\/wp-json\/wp\/v2\/types\/recipes"}],"author":[{"embeddable":true,"href":"https:\/\/www.emmentaler.ch\/fr\/wp-json\/wp\/v2\/users\/2"}],"version-history":[{"count":0,"href":"https:\/\/www.emmentaler.ch\/fr\/wp-json\/wp\/v2\/recipes\/27612\/revisions"}],"acf:attachment":[{"embeddable":true,"href":"https:\/\/www.emmentaler.ch\/fr\/wp-json\/wp\/v2\/media\/24446"}],"acf:term":[{"embeddable":true,"taxonomy":"recipe_saison","href":"https:\/\/www.emmentaler.ch\/fr\/wp-json\/wp\/v2\/recipe_saison\/532"},{"embeddable":true,"taxonomy":"recipe_main_ingredient","href":"https:\/\/www.emmentaler.ch\/fr\/wp-json\/wp\/v2\/recipe_main_ingredient\/604"},{"embeddable":true,"taxonomy":"recipe_main_ingredient","href":"https:\/\/www.emmentaler.ch\/fr\/wp-json\/wp\/v2\/recipe_main_ingredient\/591"},{"embeddable":true,"taxonomy":"recipe_diet_type","href":"https:\/\/www.emmentaler.ch\/fr\/wp-json\/wp\/v2\/recipe_diet_type\/564"},{"embeddable":true,"taxonomy":"recipe_difficulty","href":"https:\/\/www.emmentaler.ch\/fr\/wp-json\/wp\/v2\/recipe_difficulty\/575"},{"embeddable":true,"taxonomy":"recipe_categories","href":"https:\/\/www.emmentaler.ch\/fr\/wp-json\/wp\/v2\/recipe_categories\/617"},{"embeddable":true,"taxonomy":"recipe_preparation_time","href":"https:\/\/www.emmentaler.ch\/fr\/wp-json\/wp\/v2\/recipe_preparation_time\/270"}],"acf:post":[{"embeddable":true,"href":"https:\/\/www.emmentaler.ch\/fr\/wp-json\/wp\/v2\/pages\/64281"}],"wp:featuredmedia":[{"embeddable":true,"href":"https:\/\/www.emmentaler.ch\/fr\/wp-json\/wp\/v2\/media\/24446"}],"wp:attachment":[{"href":"https:\/\/www.emmentaler.ch\/fr\/wp-json\/wp\/v2\/media?parent=27612"}],"wp:term":[{"taxonomy":"post_tag","embeddable":true,"href":"https:\/\/www.emmentaler.ch\/fr\/wp-json\/wp\/v2\/tags?post=27612"},{"taxonomy":"recipe_categories","embeddable":true,"href":"https:\/\/www.emmentaler.ch\/fr\/wp-json\/wp\/v2\/recipe_categories?post=27612"},{"taxonomy":"et_countries","embeddable":true,"href":"https:\/\/www.emmentaler.ch\/fr\/wp-json\/wp\/v2\/et_countries?post=27612"},{"taxonomy":"recipe_main_ingredient","embeddable":true,"href":"https:\/\/www.emmentaler.ch\/fr\/wp-json\/wp\/v2\/recipe_main_ingredient?post=27612"},{"taxonomy":"recipe_difficulty","embeddable":true,"href":"https:\/\/www.emmentaler.ch\/fr\/wp-json\/wp\/v2\/recipe_difficulty?post=27612"},{"taxonomy":"recipe_preparation_time","embeddable":true,"href":"https:\/\/www.emmentaler.ch\/fr\/wp-json\/wp\/v2\/recipe_preparation_time?post=27612"},{"taxonomy":"recipe_diet_type","embeddable":true,"href":"https:\/\/www.emmentaler.ch\/fr\/wp-json\/wp\/v2\/recipe_diet_type?post=27612"},{"taxonomy":"recipe_saison","embeddable":true,"href":"https:\/\/www.emmentaler.ch\/fr\/wp-json\/wp\/v2\/recipe_saison?post=27612"}],"curies":[{"name":"wp","href":"https:\/\/api.w.org\/{rel}","templated":true}]}}

1 kg d'asperges vertes
150 g de tranches de jambon
200 g d'Emmentaler AOP Couronné
1 bouquet de basilic
2 dl de crème
2 jaunes d'œuf
Sel, poivre

Couper les asperges et éplucher le dernier tiers. Les faire cuire 5 minutes à la vapeur ou dans de l'eau salée, elles doivent rester croquantes. Couper les tranches de jambon en 2 dans le sens de la longueur. Envelopper 2-3 asperges dans une tranche de jambon et les déposer les unes à côté des autres dans un plat à gratin beurré.

Râper finement l'Emmentaler AOP Couronné. Ciseler les feuilles de basilic. Réduire le fromage, le bailic et la crème en purée. Incorporer les jaunes d'œuf, saler et poivrer.

Verser l'appareil sur les asperges. Faire gratiner et dorer 15 minutes à 200°C au milieu du four.

Servir avec des pommes de terre ou du riz.
