{"id":27705,"date":"2022-04-27T13:41:19","date_gmt":"2022-04-27T11:41:19","guid":{"rendered":"https:\/\/www.emmentaler.ch\/rezept\/nouilles-au-safran-avec-sauce-aux-courgettes-et-emmentaler-aop"},"modified":"2022-06-28T10:07:10","modified_gmt":"2022-06-28T08:07:10","slug":"nouilles-au-safran-avec-sauce-aux-courgettes","status":"publish","type":"recipes","link":"https:\/\/www.emmentaler.ch\/fr\/recettes\/nouilles-au-safran-avec-sauce-aux-courgettes","title":{"rendered":"Nouilles au safran avec sauce aux courgettes"},"author":2,"featured_media":27721,"menu_order":0,"template":"","meta":{"inline_featured_image":false},"tags":[],"recipe_categories":[617],"et_countries":[],"recipe_main_ingredient":[604],"recipe_difficulty":[575],"recipe_preparation_time":[272],"recipe_diet_type":[567,572],"recipe_saison":[540,548,532],"acf":{"recipe_preparation_time":272,"recipe_categories":617,"recipe_time_txt":"","recipe_type":64320,"recipe_difficulty":575,"recipe_diet_type":[567,572],"recipe_main_ingredient":[604],"recipe_saison":[532,540,548],"recipe_count_portions":4,"recipe_ingedients":[{"recipe_ingedients_amount":"","recipe_ingedients_unit":"g","recipe_ingedients_product":""}],"temporare_zutaten":"500 g de courgettes\r\n1 oignon\r\n2 gousses d'ail\r\n3 c. \u00e0 s. d'huile d'olive\r\n1 dl de bouillon de l\u00e9gumes\r\n250 g de tomates cerises\r\n150 g d'Emmentaler sal\u00e9 AOP\r\n1 bouquet de persil plat\r\n1 bouquet de basilic\r\nSel, poivre\r\n300 g de nouilles au safran ou de nouilles classiques","recipe_preparation":"Couper les courgettes en d\u00e9s. Hacher finement l'oignon et les gousses d'ail. Faire chauffer 2 cuill\u00e8res \u00e0 soupe d'huile dans une po\u00eale et y faire revenir les courgettes, l'oignon et l'ail 3 minutes. Ajouter le bouillon et faire mijoter \u00e0 couvert 7-10 minutes jusqu'\u00e0 ce que les l\u00e9gumes soient tendres.\r\n\r\nCouper les tomates en 2. Pr\u00e9lever 50 g de copeaux d'Emmentaler AOP \u00e0 l'aide d'un \u00e9conome et r\u00e2per finement le reste du fromage. R\u00e9server quelques brins de persil pour la d\u00e9coration et hacher finement le persil et le basilic. Ajouter les herbes aux courgettes et r\u00e9duire en pur\u00e9e, diluer avec un peu d'eau si n\u00e9cessaire. Ajouter l'Emmentaler AOP r\u00e2p\u00e9, saler et poivrer.\r\n\r\nFaire cuire les nouilles au safran selon les instructions de l'emballage. Faire chauffer les tomates dans le reste d'huile. Egoutter les nouilles et les dresser avec la sauce et les tomates, garnir de copeaux de fromage.","recipe_images":[24353]},"_links":{"self":[{"href":"https:\/\/www.emmentaler.ch\/fr\/wp-json\/wp\/v2\/recipes\/27705"}],"collection":[{"href":"https:\/\/www.emmentaler.ch\/fr\/wp-json\/wp\/v2\/recipes"}],"about":[{"href":"https:\/\/www.emmentaler.ch\/fr\/wp-json\/wp\/v2\/types\/recipes"}],"author":[{"embeddable":true,"href":"https:\/\/www.emmentaler.ch\/fr\/wp-json\/wp\/v2\/users\/2"}],"version-history":[{"count":0,"href":"https:\/\/www.emmentaler.ch\/fr\/wp-json\/wp\/v2\/recipes\/27705\/revisions"}],"acf:attachment":[{"embeddable":true,"href":"https:\/\/www.emmentaler.ch\/fr\/wp-json\/wp\/v2\/media\/24353"}],"acf:term":[{"embeddable":true,"taxonomy":"recipe_saison","href":"https:\/\/www.emmentaler.ch\/fr\/wp-json\/wp\/v2\/recipe_saison\/548"},{"embeddable":true,"taxonomy":"recipe_saison","href":"https:\/\/www.emmentaler.ch\/fr\/wp-json\/wp\/v2\/recipe_saison\/540"},{"embeddable":true,"taxonomy":"recipe_saison","href":"https:\/\/www.emmentaler.ch\/fr\/wp-json\/wp\/v2\/recipe_saison\/532"},{"embeddable":true,"taxonomy":"recipe_main_ingredient","href":"https:\/\/www.emmentaler.ch\/fr\/wp-json\/wp\/v2\/recipe_main_ingredient\/604"},{"embeddable":true,"taxonomy":"recipe_diet_type","href":"https:\/\/www.emmentaler.ch\/fr\/wp-json\/wp\/v2\/recipe_diet_type\/572"},{"embeddable":true,"taxonomy":"recipe_diet_type","href":"https:\/\/www.emmentaler.ch\/fr\/wp-json\/wp\/v2\/recipe_diet_type\/567"},{"embeddable":true,"taxonomy":"recipe_difficulty","href":"https:\/\/www.emmentaler.ch\/fr\/wp-json\/wp\/v2\/recipe_difficulty\/575"},{"embeddable":true,"taxonomy":"recipe_categories","href":"https:\/\/www.emmentaler.ch\/fr\/wp-json\/wp\/v2\/recipe_categories\/617"},{"embeddable":true,"taxonomy":"recipe_preparation_time","href":"https:\/\/www.emmentaler.ch\/fr\/wp-json\/wp\/v2\/recipe_preparation_time\/272"}],"acf:post":[{"embeddable":true,"href":"https:\/\/www.emmentaler.ch\/fr\/wp-json\/wp\/v2\/pages\/64320"}],"wp:featuredmedia":[{"embeddable":true,"href":"https:\/\/www.emmentaler.ch\/fr\/wp-json\/wp\/v2\/media\/27721"}],"wp:attachment":[{"href":"https:\/\/www.emmentaler.ch\/fr\/wp-json\/wp\/v2\/media?parent=27705"}],"wp:term":[{"taxonomy":"post_tag","embeddable":true,"href":"https:\/\/www.emmentaler.ch\/fr\/wp-json\/wp\/v2\/tags?post=27705"},{"taxonomy":"recipe_categories","embeddable":true,"href":"https:\/\/www.emmentaler.ch\/fr\/wp-json\/wp\/v2\/recipe_categories?post=27705"},{"taxonomy":"et_countries","embeddable":true,"href":"https:\/\/www.emmentaler.ch\/fr\/wp-json\/wp\/v2\/et_countries?post=27705"},{"taxonomy":"recipe_main_ingredient","embeddable":true,"href":"https:\/\/www.emmentaler.ch\/fr\/wp-json\/wp\/v2\/recipe_main_ingredient?post=27705"},{"taxonomy":"recipe_difficulty","embeddable":true,"href":"https:\/\/www.emmentaler.ch\/fr\/wp-json\/wp\/v2\/recipe_difficulty?post=27705"},{"taxonomy":"recipe_preparation_time","embeddable":true,"href":"https:\/\/www.emmentaler.ch\/fr\/wp-json\/wp\/v2\/recipe_preparation_time?post=27705"},{"taxonomy":"recipe_diet_type","embeddable":true,"href":"https:\/\/www.emmentaler.ch\/fr\/wp-json\/wp\/v2\/recipe_diet_type?post=27705"},{"taxonomy":"recipe_saison","embeddable":true,"href":"https:\/\/www.emmentaler.ch\/fr\/wp-json\/wp\/v2\/recipe_saison?post=27705"}],"curies":[{"name":"wp","href":"https:\/\/api.w.org\/{rel}","templated":true}]}}

500 g de courgettes
1 oignon
2 gousses d'ail
3 c. à s. d'huile d'olive
1 dl de bouillon de légumes
250 g de tomates cerises
150 g d'Emmentaler salé AOP
1 bouquet de persil plat
1 bouquet de basilic
Sel, poivre
300 g de nouilles au safran ou de nouilles classiques

Couper les courgettes en dés. Hacher finement l'oignon et les gousses d'ail. Faire chauffer 2 cuillères à soupe d'huile dans une poêle et y faire revenir les courgettes, l'oignon et l'ail 3 minutes. Ajouter le bouillon et faire mijoter à couvert 7-10 minutes jusqu'à ce que les légumes soient tendres.

Couper les tomates en 2. Prélever 50 g de copeaux d'Emmentaler AOP à l'aide d'un économe et râper finement le reste du fromage. Réserver quelques brins de persil pour la décoration et hacher finement le persil et le basilic. Ajouter les herbes aux courgettes et réduire en purée, diluer avec un peu d'eau si nécessaire. Ajouter l'Emmentaler AOP râpé, saler et poivrer.

Faire cuire les nouilles au safran selon les instructions de l'emballage. Faire chauffer les tomates dans le reste d'huile. Egoutter les nouilles et les dresser avec la sauce et les tomates, garnir de copeaux de fromage.
