{"id":27767,"date":"2022-04-27T13:41:19","date_gmt":"2022-04-27T11:41:19","guid":{"rendered":"https:\/\/www.emmentaler.ch\/rezept\/oeufs-brouilles-du-matin"},"modified":"2024-07-25T17:41:24","modified_gmt":"2024-07-25T15:41:24","slug":"oeufs-brouilles-du-matin","status":"publish","type":"recipes","link":"https:\/\/www.emmentaler.ch\/fr\/recettes\/oeufs-brouilles-du-matin","title":{"rendered":"\u0152ufs brouill\u00e9s du matin"},"author":2,"featured_media":24271,"menu_order":0,"template":"","meta":{"inline_featured_image":false},"tags":[841,802],"recipe_categories":[609],"et_countries":[],"recipe_main_ingredient":[604],"recipe_difficulty":[575],"recipe_preparation_time":[701],"recipe_diet_type":[572],"recipe_saison":[559],"acf":{"recipe_preparation_time":701,"recipe_categories":609,"recipe_time_txt":"","recipe_type":64281,"recipe_difficulty":575,"recipe_diet_type":[572],"recipe_main_ingredient":[604],"recipe_saison":[559],"recipe_count_portions":2,"recipe_ingedients":[{"recipe_ingedients_amount":"","recipe_ingedients_unit":"g","recipe_ingedients_product":""}],"temporare_zutaten":"4 \u0153ufs\r\n4 CS de lait\r\nSel, poivre\r\n60 g d\u2019Emmentaler AOP\r\n2 petites tomates\r\n2 tranches de pain\r\n2 CS d\u2019huile de colza\r\nUn peu de cresson","recipe_preparation":"Battre les \u0153ufs avec le lait, le sel et le poivre. Couper l\u2019Emmentaler AOP, les tomates et le pain en d\u00e9s d\u20191 cm de c\u00f4t\u00e9 environ. M\u00e9langer les tomates et le fromage avec les \u0153ufs battus.\r\n\r\nFaire chauffer l\u2019huile dans une po\u00eale. Y faire revenir les d\u00e9s de pain jusqu\u2019\u00e0 ce qu\u2019ils soient croustillants. R\u00e9duire le feu. Verser la pr\u00e9paration \u00e0 base d\u2019\u0153ufs sur les croutons de pain. Remuer constamment \u00e0 l\u2019aide d\u2019une spatule jusqu\u2019\u00e0 ce que les \u0153ufs \u00e9paississent sans toutefois \u00eatre secs.\r\n\r\nDresser sur une assiette et saupoudrer de cresson.","recipe_images":[24276,24281,24271]},"_links":{"self":[{"href":"https:\/\/www.emmentaler.ch\/fr\/wp-json\/wp\/v2\/recipes\/27767"}],"collection":[{"href":"https:\/\/www.emmentaler.ch\/fr\/wp-json\/wp\/v2\/recipes"}],"about":[{"href":"https:\/\/www.emmentaler.ch\/fr\/wp-json\/wp\/v2\/types\/recipes"}],"author":[{"embeddable":true,"href":"https:\/\/www.emmentaler.ch\/fr\/wp-json\/wp\/v2\/users\/2"}],"version-history":[{"count":1,"href":"https:\/\/www.emmentaler.ch\/fr\/wp-json\/wp\/v2\/recipes\/27767\/revisions"}],"predecessor-version":[{"id":137932,"href":"https:\/\/www.emmentaler.ch\/fr\/wp-json\/wp\/v2\/recipes\/27767\/revisions\/137932"}],"acf:attachment":[{"embeddable":true,"href":"https:\/\/www.emmentaler.ch\/fr\/wp-json\/wp\/v2\/media\/24271"},{"embeddable":true,"href":"https:\/\/www.emmentaler.ch\/fr\/wp-json\/wp\/v2\/media\/24281"},{"embeddable":true,"href":"https:\/\/www.emmentaler.ch\/fr\/wp-json\/wp\/v2\/media\/24276"}],"acf:term":[{"embeddable":true,"taxonomy":"recipe_saison","href":"https:\/\/www.emmentaler.ch\/fr\/wp-json\/wp\/v2\/recipe_saison\/559"},{"embeddable":true,"taxonomy":"recipe_main_ingredient","href":"https:\/\/www.emmentaler.ch\/fr\/wp-json\/wp\/v2\/recipe_main_ingredient\/604"},{"embeddable":true,"taxonomy":"recipe_diet_type","href":"https:\/\/www.emmentaler.ch\/fr\/wp-json\/wp\/v2\/recipe_diet_type\/572"},{"embeddable":true,"taxonomy":"recipe_difficulty","href":"https:\/\/www.emmentaler.ch\/fr\/wp-json\/wp\/v2\/recipe_difficulty\/575"},{"embeddable":true,"taxonomy":"recipe_categories","href":"https:\/\/www.emmentaler.ch\/fr\/wp-json\/wp\/v2\/recipe_categories\/609"},{"embeddable":true,"taxonomy":"recipe_preparation_time","href":"https:\/\/www.emmentaler.ch\/fr\/wp-json\/wp\/v2\/recipe_preparation_time\/701"}],"acf:post":[{"embeddable":true,"href":"https:\/\/www.emmentaler.ch\/fr\/wp-json\/wp\/v2\/pages\/64281"}],"wp:featuredmedia":[{"embeddable":true,"href":"https:\/\/www.emmentaler.ch\/fr\/wp-json\/wp\/v2\/media\/24271"}],"wp:attachment":[{"href":"https:\/\/www.emmentaler.ch\/fr\/wp-json\/wp\/v2\/media?parent=27767"}],"wp:term":[{"taxonomy":"post_tag","embeddable":true,"href":"https:\/\/www.emmentaler.ch\/fr\/wp-json\/wp\/v2\/tags?post=27767"},{"taxonomy":"recipe_categories","embeddable":true,"href":"https:\/\/www.emmentaler.ch\/fr\/wp-json\/wp\/v2\/recipe_categories?post=27767"},{"taxonomy":"et_countries","embeddable":true,"href":"https:\/\/www.emmentaler.ch\/fr\/wp-json\/wp\/v2\/et_countries?post=27767"},{"taxonomy":"recipe_main_ingredient","embeddable":true,"href":"https:\/\/www.emmentaler.ch\/fr\/wp-json\/wp\/v2\/recipe_main_ingredient?post=27767"},{"taxonomy":"recipe_difficulty","embeddable":true,"href":"https:\/\/www.emmentaler.ch\/fr\/wp-json\/wp\/v2\/recipe_difficulty?post=27767"},{"taxonomy":"recipe_preparation_time","embeddable":true,"href":"https:\/\/www.emmentaler.ch\/fr\/wp-json\/wp\/v2\/recipe_preparation_time?post=27767"},{"taxonomy":"recipe_diet_type","embeddable":true,"href":"https:\/\/www.emmentaler.ch\/fr\/wp-json\/wp\/v2\/recipe_diet_type?post=27767"},{"taxonomy":"recipe_saison","embeddable":true,"href":"https:\/\/www.emmentaler.ch\/fr\/wp-json\/wp\/v2\/recipe_saison?post=27767"}],"curies":[{"name":"wp","href":"https:\/\/api.w.org\/{rel}","templated":true}]}}

Œufs brouillés du matin

4 œufs
4 CS de lait
Sel, poivre
60 g d’Emmentaler AOP
2 petites tomates
2 tranches de pain
2 CS d’huile de colza
Un peu de cresson

Battre les œufs avec le lait, le sel et le poivre. Couper l’Emmentaler AOP, les tomates et le pain en dés d’1 cm de côté environ. Mélanger les tomates et le fromage avec les œufs battus.

Faire chauffer l’huile dans une poêle. Y faire revenir les dés de pain jusqu’à ce qu’ils soient croustillants. Réduire le feu. Verser la préparation à base d’œufs sur les croutons de pain. Remuer constamment à l’aide d’une spatule jusqu’à ce que les œufs épaississent sans toutefois être secs.

Dresser sur une assiette et saupoudrer de cresson.
