{"id":27889,"date":"2022-04-27T13:41:19","date_gmt":"2022-04-27T11:41:19","guid":{"rendered":"https:\/\/www.emmentaler.ch\/rezept\/risotto-au-vin-rouge-et-radicchio"},"modified":"2022-06-27T15:35:59","modified_gmt":"2022-06-27T13:35:59","slug":"risotto-au-vin-rouge-et-radicchio","status":"publish","type":"recipes","link":"https:\/\/www.emmentaler.ch\/fr\/recettes\/risotto-au-vin-rouge-et-radicchio","title":{"rendered":"Risotto au vin rouge et radicchio"},"author":2,"featured_media":35147,"menu_order":0,"template":"","meta":{"inline_featured_image":false},"tags":[],"recipe_categories":[617],"et_countries":[],"recipe_main_ingredient":[604],"recipe_difficulty":[580],"recipe_preparation_time":[272],"recipe_diet_type":[564,567,572],"recipe_saison":[540,532],"acf":{"recipe_preparation_time":272,"recipe_categories":617,"recipe_time_txt":"","recipe_type":63916,"recipe_difficulty":580,"recipe_diet_type":[564,567,572],"recipe_main_ingredient":[604],"recipe_saison":[532,540],"recipe_count_portions":4,"recipe_ingedients":[{"recipe_ingedients_amount":"","recipe_ingedients_unit":"g","recipe_ingedients_product":""}],"temporare_zutaten":"1 \u00e9chalote\r\n1 gousse d'ail\r\n3 branches de c\u00e9leri branche\r\n3 c. \u00e0 s. d'huile d'olive\r\n400 g de riz pour risotto\r\n3 dl de vin rouge\r\n6 dl de bouillon de l\u00e9gumes chaud\r\n150 g d'Emmentaler AOP\r\n400 g de radicchio\r\n1 c. \u00e0 s. de de sucre\r\n3 c. \u00e0 s. de jus de citron\r\nSel, poivre","recipe_preparation":"Hacher finement l'\u00e9chalotte et l'ail. Couper le c\u00e9leri en fines tranches de 5 mm. Faire chauffer l'huile et y faire revenir bri\u00e8vement l'\u00e9chalote et l'ail. Ajuouter le riz et le faire revenir jusqu'\u00e0 ce qu'il soit transparent, mouiller au vin rouge et faire mijoter. Ajouter le bouillon au fur et \u00e0 mesure en remuant r\u00e9guli\u00e8rement et faire mijoter 20 minutes. Ajouter les branches de c\u00e9leri pour les 5 derni\u00e8res minutes de cuisson.\r\n\r\nCouper l'Emmentaler AOP en d\u00e9s de 7 mm. Couper le radicchio en 4, retirer le trognon et le couper en lani\u00e8res. Faire caram\u00e9liser le sucre dans une po\u00eale. Ajouter le jus de citron et environ 0,5 dl d'eau et faire r\u00e9duire jusqu'\u00e0 ce que le caramel soit dissous. Ajouter le radicchio et le retourner jusqu'\u00e0 ce qu'il commence \u00e0 se d\u00e9faire.\r\n\r\nIncorporer les d\u00e9s de fromage et le radicchio au risotto, saler et poivrer.","recipe_images":[27905]},"_links":{"self":[{"href":"https:\/\/www.emmentaler.ch\/fr\/wp-json\/wp\/v2\/recipes\/27889"}],"collection":[{"href":"https:\/\/www.emmentaler.ch\/fr\/wp-json\/wp\/v2\/recipes"}],"about":[{"href":"https:\/\/www.emmentaler.ch\/fr\/wp-json\/wp\/v2\/types\/recipes"}],"author":[{"embeddable":true,"href":"https:\/\/www.emmentaler.ch\/fr\/wp-json\/wp\/v2\/users\/2"}],"version-history":[{"count":0,"href":"https:\/\/www.emmentaler.ch\/fr\/wp-json\/wp\/v2\/recipes\/27889\/revisions"}],"acf:attachment":[{"embeddable":true,"href":"https:\/\/www.emmentaler.ch\/fr\/wp-json\/wp\/v2\/media\/27905"}],"acf:term":[{"embeddable":true,"taxonomy":"recipe_saison","href":"https:\/\/www.emmentaler.ch\/fr\/wp-json\/wp\/v2\/recipe_saison\/540"},{"embeddable":true,"taxonomy":"recipe_saison","href":"https:\/\/www.emmentaler.ch\/fr\/wp-json\/wp\/v2\/recipe_saison\/532"},{"embeddable":true,"taxonomy":"recipe_main_ingredient","href":"https:\/\/www.emmentaler.ch\/fr\/wp-json\/wp\/v2\/recipe_main_ingredient\/604"},{"embeddable":true,"taxonomy":"recipe_diet_type","href":"https:\/\/www.emmentaler.ch\/fr\/wp-json\/wp\/v2\/recipe_diet_type\/572"},{"embeddable":true,"taxonomy":"recipe_diet_type","href":"https:\/\/www.emmentaler.ch\/fr\/wp-json\/wp\/v2\/recipe_diet_type\/567"},{"embeddable":true,"taxonomy":"recipe_diet_type","href":"https:\/\/www.emmentaler.ch\/fr\/wp-json\/wp\/v2\/recipe_diet_type\/564"},{"embeddable":true,"taxonomy":"recipe_difficulty","href":"https:\/\/www.emmentaler.ch\/fr\/wp-json\/wp\/v2\/recipe_difficulty\/580"},{"embeddable":true,"taxonomy":"recipe_categories","href":"https:\/\/www.emmentaler.ch\/fr\/wp-json\/wp\/v2\/recipe_categories\/617"},{"embeddable":true,"taxonomy":"recipe_preparation_time","href":"https:\/\/www.emmentaler.ch\/fr\/wp-json\/wp\/v2\/recipe_preparation_time\/272"}],"acf:post":[{"embeddable":true,"href":"https:\/\/www.emmentaler.ch\/fr\/wp-json\/wp\/v2\/pages\/63916"}],"wp:featuredmedia":[{"embeddable":true,"href":"https:\/\/www.emmentaler.ch\/fr\/wp-json\/wp\/v2\/media\/35147"}],"wp:attachment":[{"href":"https:\/\/www.emmentaler.ch\/fr\/wp-json\/wp\/v2\/media?parent=27889"}],"wp:term":[{"taxonomy":"post_tag","embeddable":true,"href":"https:\/\/www.emmentaler.ch\/fr\/wp-json\/wp\/v2\/tags?post=27889"},{"taxonomy":"recipe_categories","embeddable":true,"href":"https:\/\/www.emmentaler.ch\/fr\/wp-json\/wp\/v2\/recipe_categories?post=27889"},{"taxonomy":"et_countries","embeddable":true,"href":"https:\/\/www.emmentaler.ch\/fr\/wp-json\/wp\/v2\/et_countries?post=27889"},{"taxonomy":"recipe_main_ingredient","embeddable":true,"href":"https:\/\/www.emmentaler.ch\/fr\/wp-json\/wp\/v2\/recipe_main_ingredient?post=27889"},{"taxonomy":"recipe_difficulty","embeddable":true,"href":"https:\/\/www.emmentaler.ch\/fr\/wp-json\/wp\/v2\/recipe_difficulty?post=27889"},{"taxonomy":"recipe_preparation_time","embeddable":true,"href":"https:\/\/www.emmentaler.ch\/fr\/wp-json\/wp\/v2\/recipe_preparation_time?post=27889"},{"taxonomy":"recipe_diet_type","embeddable":true,"href":"https:\/\/www.emmentaler.ch\/fr\/wp-json\/wp\/v2\/recipe_diet_type?post=27889"},{"taxonomy":"recipe_saison","embeddable":true,"href":"https:\/\/www.emmentaler.ch\/fr\/wp-json\/wp\/v2\/recipe_saison?post=27889"}],"curies":[{"name":"wp","href":"https:\/\/api.w.org\/{rel}","templated":true}]}}

1 échalote
1 gousse d'ail
3 branches de céleri branche
3 c. à s. d'huile d'olive
400 g de riz pour risotto
3 dl de vin rouge
6 dl de bouillon de légumes chaud
150 g d'Emmentaler AOP
400 g de radicchio
1 c. à s. de de sucre
3 c. à s. de jus de citron
Sel, poivre

Hacher finement l'échalotte et l'ail. Couper le céleri en fines tranches de 5 mm. Faire chauffer l'huile et y faire revenir brièvement l'échalote et l'ail. Ajuouter le riz et le faire revenir jusqu'à ce qu'il soit transparent, mouiller au vin rouge et faire mijoter. Ajouter le bouillon au fur et à mesure en remuant régulièrement et faire mijoter 20 minutes. Ajouter les branches de céleri pour les 5 dernières minutes de cuisson.

Couper l'Emmentaler AOP en dés de 7 mm. Couper le radicchio en 4, retirer le trognon et le couper en lanières. Faire caraméliser le sucre dans une poêle. Ajouter le jus de citron et environ 0,5 dl d'eau et faire réduire jusqu'à ce que le caramel soit dissous. Ajouter le radicchio et le retourner jusqu'à ce qu'il commence à se défaire.

Incorporer les dés de fromage et le radicchio au risotto, saler et poivrer.
