{"id":27920,"date":"2022-04-27T13:40:42","date_gmt":"2022-04-27T11:40:42","guid":{"rendered":"https:\/\/www.emmentaler.ch\/rezept\/pizza-au-rosti"},"modified":"2024-02-27T16:16:44","modified_gmt":"2024-02-27T15:16:44","slug":"pizza-au-rosti","status":"publish","type":"recipes","link":"https:\/\/www.emmentaler.ch\/fr\/recettes\/pizza-au-rosti","title":{"rendered":"Pizza au r\u00f6sti"},"author":2,"featured_media":27936,"menu_order":0,"template":"","meta":{"inline_featured_image":false},"tags":[],"recipe_categories":[609],"et_countries":[],"recipe_main_ingredient":[604],"recipe_difficulty":[580],"recipe_preparation_time":[278],"recipe_diet_type":[567],"recipe_saison":[559],"acf":{"recipe_preparation_time":278,"recipe_categories":609,"recipe_time_txt":"50 minutes, plus 8 heures pour refroidir, plus 30 minutes pour la cuisson","recipe_type":64272,"recipe_difficulty":580,"recipe_diet_type":[567],"recipe_main_ingredient":[604],"recipe_saison":[559],"recipe_count_portions":4,"recipe_ingedients":[{"recipe_ingedients_amount":"250","recipe_ingedients_unit":"g","recipe_ingedients_product":"de pommes de terre"},{"recipe_ingedients_amount":"0.5","recipe_ingedients_unit":"St\u00fcck","recipe_ingedients_product":"\u0153ufs"},{"recipe_ingedients_amount":"12.5","recipe_ingedients_unit":"g","recipe_ingedients_product":"de farine"},{"recipe_ingedients_amount":".5","recipe_ingedients_unit":"St\u00fcck","recipe_ingedients_product":"gros oignons"},{"recipe_ingedients_amount":".5","recipe_ingedients_unit":"St\u00fcck","recipe_ingedients_product":"gousses d'ail"},{"recipe_ingedients_amount":".5","recipe_ingedients_unit":"El","recipe_ingedients_product":"d'huile"},{"recipe_ingedients_amount":"200","recipe_ingedients_unit":"g","recipe_ingedients_product":"de tomates concass\u00e9es (bo\u00eete)"},{"recipe_ingedients_amount":"75","recipe_ingedients_unit":"g","recipe_ingedients_product":"d'Emmentaler AOP doux"},{"recipe_ingedients_amount":"37.5","recipe_ingedients_unit":"g","recipe_ingedients_product":"de jambon"},{"recipe_ingedients_amount":"18.75","recipe_ingedients_unit":"g","recipe_ingedients_product":"d'olives noires"},{"recipe_ingedients_amount":"","recipe_ingedients_unit":"Bedarf","recipe_ingedients_product":"Sel"},{"recipe_ingedients_amount":"","recipe_ingedients_unit":"Bedarf","recipe_ingedients_product":"Poivre"},{"recipe_ingedients_amount":"","recipe_ingedients_unit":"Bedarf","recipe_ingedients_product":"Quelques feuilles de basilic ou d'origan"}],"temporare_zutaten":"1 kg de pommes de terre\r\n2 \u0153ufs\r\nSel\r\n50 g de farine\r\n2 gros oignons\r\n2 gousses d'ail\r\n2 c. \u00e0 s. d'huile\r\n1 grosse bo\u00eete de tomates concass\u00e9es (800g)\r\nPoivre\r\n300 g d'Emmentaler AOP doux\r\n150 g de jambon\r\n75 g d'olives noires\r\nQuelques feuilles de basilic ou d'origan","recipe_preparation":"Eplucher les pommes de terre froides et les r\u00e2per sur la r\u00e2pe \u00e0 r\u00f6sti. Battre les \u0153ufs et les incorporer aux pomme de terre avec le sel et la farine. R\u00e9partir uniform\u00e9ment la pr\u00e9paration sur une plaque de cuisson recouverte de papier sulfuris\u00e9 (30 x 40 cm). Faire cuire 20 minutes \u00e0 220 \u00b0C dans la moiti\u00e9 inf\u00e9rieure du four.\r\n\r\nPenadnt ce temps, couper les oignons en fines rondelles. Hacher finement l'ail. Les faire revenir dans l'huile, Ajouter les tomates et laisser r\u00e9duire et \u00e9paissir pendant 15 minutes, saler et poivrer.\r\n\r\nR\u00e2per l'Emmentaler sur la r\u00e2pe \u00e0 r\u00f6sti. Coupe le jambon en lani\u00e8res. Etaler la sauce tomate sur les pommes de terre. R\u00e9partir le jambon, les olives et le fromage par dessus. Poursuivre la cuisson pendant 10 minutes. Parsemer de basilic avant de servir.\r\n\r\nConseil: diviser les quantit\u00e9s par 2 pour 2 personnes et pr\u00e9parer la pizza dans une plaque \u00e0 g\u00e2teau ronde (diam\u00e8tre 28 cm environ).","recipe_images":[27936]},"_links":{"self":[{"href":"https:\/\/www.emmentaler.ch\/fr\/wp-json\/wp\/v2\/recipes\/27920"}],"collection":[{"href":"https:\/\/www.emmentaler.ch\/fr\/wp-json\/wp\/v2\/recipes"}],"about":[{"href":"https:\/\/www.emmentaler.ch\/fr\/wp-json\/wp\/v2\/types\/recipes"}],"author":[{"embeddable":true,"href":"https:\/\/www.emmentaler.ch\/fr\/wp-json\/wp\/v2\/users\/2"}],"version-history":[{"count":1,"href":"https:\/\/www.emmentaler.ch\/fr\/wp-json\/wp\/v2\/recipes\/27920\/revisions"}],"predecessor-version":[{"id":134701,"href":"https:\/\/www.emmentaler.ch\/fr\/wp-json\/wp\/v2\/recipes\/27920\/revisions\/134701"}],"acf:attachment":[{"embeddable":true,"href":"https:\/\/www.emmentaler.ch\/fr\/wp-json\/wp\/v2\/media\/27936"}],"acf:term":[{"embeddable":true,"taxonomy":"recipe_saison","href":"https:\/\/www.emmentaler.ch\/fr\/wp-json\/wp\/v2\/recipe_saison\/559"},{"embeddable":true,"taxonomy":"recipe_main_ingredient","href":"https:\/\/www.emmentaler.ch\/fr\/wp-json\/wp\/v2\/recipe_main_ingredient\/604"},{"embeddable":true,"taxonomy":"recipe_diet_type","href":"https:\/\/www.emmentaler.ch\/fr\/wp-json\/wp\/v2\/recipe_diet_type\/567"},{"embeddable":true,"taxonomy":"recipe_difficulty","href":"https:\/\/www.emmentaler.ch\/fr\/wp-json\/wp\/v2\/recipe_difficulty\/580"},{"embeddable":true,"taxonomy":"recipe_categories","href":"https:\/\/www.emmentaler.ch\/fr\/wp-json\/wp\/v2\/recipe_categories\/609"},{"embeddable":true,"taxonomy":"recipe_preparation_time","href":"https:\/\/www.emmentaler.ch\/fr\/wp-json\/wp\/v2\/recipe_preparation_time\/278"}],"acf:post":[{"embeddable":true,"href":"https:\/\/www.emmentaler.ch\/fr\/wp-json\/wp\/v2\/pages\/64272"}],"wp:featuredmedia":[{"embeddable":true,"href":"https:\/\/www.emmentaler.ch\/fr\/wp-json\/wp\/v2\/media\/27936"}],"wp:attachment":[{"href":"https:\/\/www.emmentaler.ch\/fr\/wp-json\/wp\/v2\/media?parent=27920"}],"wp:term":[{"taxonomy":"post_tag","embeddable":true,"href":"https:\/\/www.emmentaler.ch\/fr\/wp-json\/wp\/v2\/tags?post=27920"},{"taxonomy":"recipe_categories","embeddable":true,"href":"https:\/\/www.emmentaler.ch\/fr\/wp-json\/wp\/v2\/recipe_categories?post=27920"},{"taxonomy":"et_countries","embeddable":true,"href":"https:\/\/www.emmentaler.ch\/fr\/wp-json\/wp\/v2\/et_countries?post=27920"},{"taxonomy":"recipe_main_ingredient","embeddable":true,"href":"https:\/\/www.emmentaler.ch\/fr\/wp-json\/wp\/v2\/recipe_main_ingredient?post=27920"},{"taxonomy":"recipe_difficulty","embeddable":true,"href":"https:\/\/www.emmentaler.ch\/fr\/wp-json\/wp\/v2\/recipe_difficulty?post=27920"},{"taxonomy":"recipe_preparation_time","embeddable":true,"href":"https:\/\/www.emmentaler.ch\/fr\/wp-json\/wp\/v2\/recipe_preparation_time?post=27920"},{"taxonomy":"recipe_diet_type","embeddable":true,"href":"https:\/\/www.emmentaler.ch\/fr\/wp-json\/wp\/v2\/recipe_diet_type?post=27920"},{"taxonomy":"recipe_saison","embeddable":true,"href":"https:\/\/www.emmentaler.ch\/fr\/wp-json\/wp\/v2\/recipe_saison?post=27920"}],"curies":[{"name":"wp","href":"https:\/\/api.w.org\/{rel}","templated":true}]}}

Pizza au rösti

Stück

œufs

de tomates concassées (boîte)

1 kg de pommes de terre
2 œufs
Sel
50 g de farine
2 gros oignons
2 gousses d'ail
2 c. à s. d'huile
1 grosse boîte de tomates concassées (800g)
Poivre
300 g d'Emmentaler AOP doux
150 g de jambon
75 g d'olives noires
Quelques feuilles de basilic ou d'origan

Eplucher les pommes de terre froides et les râper sur la râpe à rösti. Battre les œufs et les incorporer aux pomme de terre avec le sel et la farine. Répartir uniformément la préparation sur une plaque de cuisson recouverte de papier sulfurisé (30 x 40 cm). Faire cuire 20 minutes à 220 °C dans la moitié inférieure du four.

Penadnt ce temps, couper les oignons en fines rondelles. Hacher finement l'ail. Les faire revenir dans l'huile, Ajouter les tomates et laisser réduire et épaissir pendant 15 minutes, saler et poivrer.

Râper l'Emmentaler sur la râpe à rösti. Coupe le jambon en lanières. Etaler la sauce tomate sur les pommes de terre. Répartir le jambon, les olives et le fromage par dessus. Poursuivre la cuisson pendant 10 minutes. Parsemer de basilic avant de servir.

Conseil: diviser les quantités par 2 pour 2 personnes et préparer la pizza dans une plaque à gâteau ronde (diamètre 28 cm environ).
