{"id":27951,"date":"2022-04-27T13:40:42","date_gmt":"2022-04-27T11:40:42","guid":{"rendered":"https:\/\/www.emmentaler.ch\/rezept\/timbales-de-risotto-aux-legumes-de-printemps"},"modified":"2022-07-26T16:57:14","modified_gmt":"2022-07-26T14:57:14","slug":"timbales-de-risotto-aux-legumes-de-printemps","status":"publish","type":"recipes","link":"https:\/\/www.emmentaler.ch\/fr\/recettes\/timbales-de-risotto-aux-legumes-de-printemps","title":{"rendered":"Timbales de risotto aux l\u00e9gumes de printemps"},"author":2,"featured_media":27967,"menu_order":0,"template":"","meta":{"inline_featured_image":false},"tags":[],"recipe_categories":[617],"et_countries":[],"recipe_main_ingredient":[604],"recipe_difficulty":[583],"recipe_preparation_time":[318],"recipe_diet_type":[572],"recipe_saison":[532,559],"acf":{"recipe_preparation_time":318,"recipe_categories":617,"recipe_time_txt":"60 minutes plus 3 heures pour refroidir","recipe_type":64303,"recipe_difficulty":583,"recipe_diet_type":[572],"recipe_main_ingredient":[604],"recipe_saison":[532,559],"recipe_count_portions":4,"recipe_ingedients":[{"recipe_ingedients_amount":".25","recipe_ingedients_unit":"g","recipe_ingedients_product":"oignon"}],"temporare_zutaten":"1 oignon\r\n1 gousse d'ail\r\n3 c. \u00e0 s. d'huile d'olive\r\n300 g de riz pour risotto\r\nEnviron 8 dl de bouillon de l\u00e9gumes chaud\r\n150 g d'Emmentaler AOP, surchoix\r\nSel, poivre\r\n750 g de l\u00e9gumes de printemps, p. ex. des carottes, des asperges, du chou-rave\r\n1 c. \u00e0 s. de beurre\r\n2 c. \u00e0 s. de Vermouth sec, p. ex. Noilly-Prat\r\n1 dl de bouillon de l\u00e9gumes\r\n2 dl de cr\u00e8me\r\n1 citron non trait\u00e9\r\n1 botte de cerfeuil Poivre rose","recipe_preparation":"Hacher finement l'oignon et l'ail et les faire revenir dans une cuill\u00e8re \u00e0 soupe d'huile. Ajouter le riz, faire bri\u00e8vement revenir. Ajouter le bouillon au fur et \u00e0 mesure, faire mijoter 20 minutes environ en remuant r\u00e9guli\u00e8rement.\r\n\r\nR\u00e2per finement l'Emmentaler AOP, l'incorporer au riz, saler et poivrer. Etaler le risotto sur une feuille de papier sulfuris\u00e9, sur une \u00e9paisseur de 2-3 cm et laisser refroidir.\r\n\r\nCouper les l\u00e9gumes en petits morceaux. D\u00e9couper des ronds de risotto \u00e0 l'aide d'un emporte-pi\u00e8ce. Faire dorer des 2 c\u00f4t\u00e9s dans le reste de l'huile et r\u00e9server au chaud.\r\n\r\nFaire revenir les l\u00e9gumes dans le beurre, mouiller avec le Vermouth. Ajouter le bouillon, cuire \u00e0 couvert presque \u00e0 point. Ajouter la cr\u00e8me et terminer la cuisson sans couvercle. Ajouter un peu de zeste de citron, assaisonner avec un peu de jus de citron, le sel et le poivre. Effeuiller le cerfeuil et le parsemer sur les l\u00e9gumes avec le poivre rose. Servir avec les timbales de risotto.","recipe_images":[27967]},"_links":{"self":[{"href":"https:\/\/www.emmentaler.ch\/fr\/wp-json\/wp\/v2\/recipes\/27951"}],"collection":[{"href":"https:\/\/www.emmentaler.ch\/fr\/wp-json\/wp\/v2\/recipes"}],"about":[{"href":"https:\/\/www.emmentaler.ch\/fr\/wp-json\/wp\/v2\/types\/recipes"}],"author":[{"embeddable":true,"href":"https:\/\/www.emmentaler.ch\/fr\/wp-json\/wp\/v2\/users\/2"}],"version-history":[{"count":0,"href":"https:\/\/www.emmentaler.ch\/fr\/wp-json\/wp\/v2\/recipes\/27951\/revisions"}],"acf:attachment":[{"embeddable":true,"href":"https:\/\/www.emmentaler.ch\/fr\/wp-json\/wp\/v2\/media\/27967"}],"acf:term":[{"embeddable":true,"taxonomy":"recipe_saison","href":"https:\/\/www.emmentaler.ch\/fr\/wp-json\/wp\/v2\/recipe_saison\/559"},{"embeddable":true,"taxonomy":"recipe_saison","href":"https:\/\/www.emmentaler.ch\/fr\/wp-json\/wp\/v2\/recipe_saison\/532"},{"embeddable":true,"taxonomy":"recipe_main_ingredient","href":"https:\/\/www.emmentaler.ch\/fr\/wp-json\/wp\/v2\/recipe_main_ingredient\/604"},{"embeddable":true,"taxonomy":"recipe_diet_type","href":"https:\/\/www.emmentaler.ch\/fr\/wp-json\/wp\/v2\/recipe_diet_type\/572"},{"embeddable":true,"taxonomy":"recipe_difficulty","href":"https:\/\/www.emmentaler.ch\/fr\/wp-json\/wp\/v2\/recipe_difficulty\/583"},{"embeddable":true,"taxonomy":"recipe_categories","href":"https:\/\/www.emmentaler.ch\/fr\/wp-json\/wp\/v2\/recipe_categories\/617"},{"embeddable":true,"taxonomy":"recipe_preparation_time","href":"https:\/\/www.emmentaler.ch\/fr\/wp-json\/wp\/v2\/recipe_preparation_time\/318"}],"acf:post":[{"embeddable":true,"href":"https:\/\/www.emmentaler.ch\/fr\/wp-json\/wp\/v2\/pages\/64303"}],"wp:featuredmedia":[{"embeddable":true,"href":"https:\/\/www.emmentaler.ch\/fr\/wp-json\/wp\/v2\/media\/27967"}],"wp:attachment":[{"href":"https:\/\/www.emmentaler.ch\/fr\/wp-json\/wp\/v2\/media?parent=27951"}],"wp:term":[{"taxonomy":"post_tag","embeddable":true,"href":"https:\/\/www.emmentaler.ch\/fr\/wp-json\/wp\/v2\/tags?post=27951"},{"taxonomy":"recipe_categories","embeddable":true,"href":"https:\/\/www.emmentaler.ch\/fr\/wp-json\/wp\/v2\/recipe_categories?post=27951"},{"taxonomy":"et_countries","embeddable":true,"href":"https:\/\/www.emmentaler.ch\/fr\/wp-json\/wp\/v2\/et_countries?post=27951"},{"taxonomy":"recipe_main_ingredient","embeddable":true,"href":"https:\/\/www.emmentaler.ch\/fr\/wp-json\/wp\/v2\/recipe_main_ingredient?post=27951"},{"taxonomy":"recipe_difficulty","embeddable":true,"href":"https:\/\/www.emmentaler.ch\/fr\/wp-json\/wp\/v2\/recipe_difficulty?post=27951"},{"taxonomy":"recipe_preparation_time","embeddable":true,"href":"https:\/\/www.emmentaler.ch\/fr\/wp-json\/wp\/v2\/recipe_preparation_time?post=27951"},{"taxonomy":"recipe_diet_type","embeddable":true,"href":"https:\/\/www.emmentaler.ch\/fr\/wp-json\/wp\/v2\/recipe_diet_type?post=27951"},{"taxonomy":"recipe_saison","embeddable":true,"href":"https:\/\/www.emmentaler.ch\/fr\/wp-json\/wp\/v2\/recipe_saison?post=27951"}],"curies":[{"name":"wp","href":"https:\/\/api.w.org\/{rel}","templated":true}]}}

Timbales de risotto aux légumes de printemps

1 oignon
1 gousse d'ail
3 c. à s. d'huile d'olive
300 g de riz pour risotto
Environ 8 dl de bouillon de légumes chaud
150 g d'Emmentaler AOP, surchoix
Sel, poivre
750 g de légumes de printemps, p. ex. des carottes, des asperges, du chou-rave
1 c. à s. de beurre
2 c. à s. de Vermouth sec, p. ex. Noilly-Prat
1 dl de bouillon de légumes
2 dl de crème
1 citron non traité
1 botte de cerfeuil Poivre rose

Hacher finement l'oignon et l'ail et les faire revenir dans une cuillère à soupe d'huile. Ajouter le riz, faire brièvement revenir. Ajouter le bouillon au fur et à mesure, faire mijoter 20 minutes environ en remuant régulièrement.

Râper finement l'Emmentaler AOP, l'incorporer au riz, saler et poivrer. Etaler le risotto sur une feuille de papier sulfurisé, sur une épaisseur de 2-3 cm et laisser refroidir.

Couper les légumes en petits morceaux. Découper des ronds de risotto à l'aide d'un emporte-pièce. Faire dorer des 2 côtés dans le reste de l'huile et réserver au chaud.

Faire revenir les légumes dans le beurre, mouiller avec le Vermouth. Ajouter le bouillon, cuire à couvert presque à point. Ajouter la crème et terminer la cuisson sans couvercle. Ajouter un peu de zeste de citron, assaisonner avec un peu de jus de citron, le sel et le poivre. Effeuiller le cerfeuil et le parsemer sur les légumes avec le poivre rose. Servir avec les timbales de risotto.
