{"id":27982,"date":"2022-04-27T13:40:42","date_gmt":"2022-04-27T11:40:42","guid":{"rendered":"https:\/\/www.emmentaler.ch\/rezept\/risotto-a-lorange-et-a-la-rucola"},"modified":"2022-06-28T11:55:49","modified_gmt":"2022-06-28T09:55:49","slug":"risotto-a-lorange-et-a-la-rucola","status":"publish","type":"recipes","link":"https:\/\/www.emmentaler.ch\/fr\/recettes\/risotto-a-lorange-et-a-la-rucola","title":{"rendered":"Risotto \u00e0 l&rsquo;orange et \u00e0 la rucola"},"author":2,"featured_media":24076,"menu_order":0,"template":"","meta":{"inline_featured_image":false},"tags":[],"recipe_categories":[617],"et_countries":[],"recipe_main_ingredient":[604],"recipe_difficulty":[580],"recipe_preparation_time":[625],"recipe_diet_type":[567,572],"recipe_saison":[527,556,532],"acf":{"recipe_preparation_time":625,"recipe_categories":617,"recipe_time_txt":"","recipe_type":63911,"recipe_difficulty":580,"recipe_diet_type":[567,572],"recipe_main_ingredient":[604],"recipe_saison":[527,532,556],"recipe_count_portions":4,"recipe_ingedients":[{"recipe_ingedients_amount":"","recipe_ingedients_unit":"g","recipe_ingedients_product":""}],"temporare_zutaten":"300 g de c\u00e9leri-rave\r\n1 oignon\r\n1 gousse d'ail\r\n1 c. \u00e0 s. d'huile d'olive\r\n400 g de riz pour risotto, p. ex. Carnaroli, Arborio\r\n1,2 l de bouillon de l\u00e9gumes chaud\r\n25 g de pignons\r\n2 oranges non trait\u00e9es\r\n125 g d'Emmentaler AOP\r\n50 g de roquette\r\nSel, poivre","recipe_preparation":"Eplucher le c\u00e9leri-rave, le couper en d\u00e9s d' 1 \u00bd cm environ. Hacher finement l'oignon et l'ail. Faire chauffer l'huile et y faire revenir le c\u00e9leri-rave, l'oignon et l'ail. Ajouter le riz et faire cuire jusqu'\u00e0 ce qu'il soit transparent. Incorporer le bouillon au fur et \u00e0 mesure en remuant, faire mijoter 20 minutes.\r\n\r\nPendant ce temps, faire dorer les pignons dans une po\u00eale. Pr\u00e9lever le zeste d'une orange. Peler les 2 oranges avec un couteau et retirer les parties blanches. R\u00e2per finement l'Emmentaler AOP. Incorporer les pignons, les quartiers d'orange, la roquette et l'Emmentaler AOP au riz. Saler, poivrer et servir aussit\u00f4t.","recipe_images":[27998]},"_links":{"self":[{"href":"https:\/\/www.emmentaler.ch\/fr\/wp-json\/wp\/v2\/recipes\/27982"}],"collection":[{"href":"https:\/\/www.emmentaler.ch\/fr\/wp-json\/wp\/v2\/recipes"}],"about":[{"href":"https:\/\/www.emmentaler.ch\/fr\/wp-json\/wp\/v2\/types\/recipes"}],"author":[{"embeddable":true,"href":"https:\/\/www.emmentaler.ch\/fr\/wp-json\/wp\/v2\/users\/2"}],"version-history":[{"count":0,"href":"https:\/\/www.emmentaler.ch\/fr\/wp-json\/wp\/v2\/recipes\/27982\/revisions"}],"acf:attachment":[{"embeddable":true,"href":"https:\/\/www.emmentaler.ch\/fr\/wp-json\/wp\/v2\/media\/27998"}],"acf:term":[{"embeddable":true,"taxonomy":"recipe_saison","href":"https:\/\/www.emmentaler.ch\/fr\/wp-json\/wp\/v2\/recipe_saison\/556"},{"embeddable":true,"taxonomy":"recipe_saison","href":"https:\/\/www.emmentaler.ch\/fr\/wp-json\/wp\/v2\/recipe_saison\/532"},{"embeddable":true,"taxonomy":"recipe_saison","href":"https:\/\/www.emmentaler.ch\/fr\/wp-json\/wp\/v2\/recipe_saison\/527"},{"embeddable":true,"taxonomy":"recipe_main_ingredient","href":"https:\/\/www.emmentaler.ch\/fr\/wp-json\/wp\/v2\/recipe_main_ingredient\/604"},{"embeddable":true,"taxonomy":"recipe_diet_type","href":"https:\/\/www.emmentaler.ch\/fr\/wp-json\/wp\/v2\/recipe_diet_type\/572"},{"embeddable":true,"taxonomy":"recipe_diet_type","href":"https:\/\/www.emmentaler.ch\/fr\/wp-json\/wp\/v2\/recipe_diet_type\/567"},{"embeddable":true,"taxonomy":"recipe_difficulty","href":"https:\/\/www.emmentaler.ch\/fr\/wp-json\/wp\/v2\/recipe_difficulty\/580"},{"embeddable":true,"taxonomy":"recipe_categories","href":"https:\/\/www.emmentaler.ch\/fr\/wp-json\/wp\/v2\/recipe_categories\/617"},{"embeddable":true,"taxonomy":"recipe_preparation_time","href":"https:\/\/www.emmentaler.ch\/fr\/wp-json\/wp\/v2\/recipe_preparation_time\/625"}],"acf:post":[{"embeddable":true,"href":"https:\/\/www.emmentaler.ch\/fr\/wp-json\/wp\/v2\/pages\/63911"}],"wp:featuredmedia":[{"embeddable":true,"href":"https:\/\/www.emmentaler.ch\/fr\/wp-json\/wp\/v2\/media\/24076"}],"wp:attachment":[{"href":"https:\/\/www.emmentaler.ch\/fr\/wp-json\/wp\/v2\/media?parent=27982"}],"wp:term":[{"taxonomy":"post_tag","embeddable":true,"href":"https:\/\/www.emmentaler.ch\/fr\/wp-json\/wp\/v2\/tags?post=27982"},{"taxonomy":"recipe_categories","embeddable":true,"href":"https:\/\/www.emmentaler.ch\/fr\/wp-json\/wp\/v2\/recipe_categories?post=27982"},{"taxonomy":"et_countries","embeddable":true,"href":"https:\/\/www.emmentaler.ch\/fr\/wp-json\/wp\/v2\/et_countries?post=27982"},{"taxonomy":"recipe_main_ingredient","embeddable":true,"href":"https:\/\/www.emmentaler.ch\/fr\/wp-json\/wp\/v2\/recipe_main_ingredient?post=27982"},{"taxonomy":"recipe_difficulty","embeddable":true,"href":"https:\/\/www.emmentaler.ch\/fr\/wp-json\/wp\/v2\/recipe_difficulty?post=27982"},{"taxonomy":"recipe_preparation_time","embeddable":true,"href":"https:\/\/www.emmentaler.ch\/fr\/wp-json\/wp\/v2\/recipe_preparation_time?post=27982"},{"taxonomy":"recipe_diet_type","embeddable":true,"href":"https:\/\/www.emmentaler.ch\/fr\/wp-json\/wp\/v2\/recipe_diet_type?post=27982"},{"taxonomy":"recipe_saison","embeddable":true,"href":"https:\/\/www.emmentaler.ch\/fr\/wp-json\/wp\/v2\/recipe_saison?post=27982"}],"curies":[{"name":"wp","href":"https:\/\/api.w.org\/{rel}","templated":true}]}}

Risotto à l&rsquo;orange et à la rucola

300 g de céleri-rave
1 oignon
1 gousse d'ail
1 c. à s. d'huile d'olive
400 g de riz pour risotto, p. ex. Carnaroli, Arborio
1,2 l de bouillon de légumes chaud
25 g de pignons
2 oranges non traitées
125 g d'Emmentaler AOP
50 g de roquette
Sel, poivre

Eplucher le céleri-rave, le couper en dés d' 1 ½ cm environ. Hacher finement l'oignon et l'ail. Faire chauffer l'huile et y faire revenir le céleri-rave, l'oignon et l'ail. Ajouter le riz et faire cuire jusqu'à ce qu'il soit transparent. Incorporer le bouillon au fur et à mesure en remuant, faire mijoter 20 minutes.

Pendant ce temps, faire dorer les pignons dans une poêle. Prélever le zeste d'une orange. Peler les 2 oranges avec un couteau et retirer les parties blanches. Râper finement l'Emmentaler AOP. Incorporer les pignons, les quartiers d'orange, la roquette et l'Emmentaler AOP au riz. Saler, poivrer et servir aussitôt.
