{"id":28166,"date":"2022-04-27T13:40:42","date_gmt":"2022-04-27T11:40:42","guid":{"rendered":"https:\/\/www.emmentaler.ch\/rezept\/tartare-au-emmentaler-aop"},"modified":"2024-07-25T17:45:37","modified_gmt":"2024-07-25T15:45:37","slug":"tartare-au-emmentaler-aop","status":"publish","type":"recipes","link":"https:\/\/www.emmentaler.ch\/fr\/recettes\/tartare-au-emmentaler-aop","title":{"rendered":"Tartare au Emmentaler AOP"},"author":2,"featured_media":23892,"menu_order":0,"template":"","meta":{"inline_featured_image":false},"tags":[802],"recipe_categories":[609],"et_countries":[],"recipe_main_ingredient":[596,604],"recipe_difficulty":[575],"recipe_preparation_time":[280],"recipe_diet_type":[564,572],"recipe_saison":[559],"acf":{"recipe_preparation_time":280,"recipe_categories":609,"recipe_time_txt":"","recipe_type":63916,"recipe_difficulty":575,"recipe_diet_type":[564,572],"recipe_main_ingredient":[596,604],"recipe_saison":[559],"recipe_count_portions":4,"recipe_ingedients":[{"recipe_ingedients_amount":"","recipe_ingedients_unit":"g","recipe_ingedients_product":""}],"temporare_zutaten":"2 c. \u00e0 s. de noisettes\r\n250 g de Emmentaler AOP\r\n1 petit poivron rouge\r\n100 g d'abricots secs\r\n1-2 oignons de printemps\r\n125 g de s\u00e9r\u00e9 mi-gras\r\n1 c. \u00e0 s. de moutarde\r\n1 c. \u00e0 s. de marjolaine\r\nSel, poivre","recipe_preparation":"Faire dorer les noisettes dans une po\u00eale sans ajout de mati\u00e8re grasse et les hacher grossi\u00e8rement. Couper le Emmentaler AOP, le poivron et les abricots en petits d\u00e9s d'1 cm. Hacher finement les oignons de printemps avec les fanes.\r\n\r\nM\u00e9langer le s\u00e9r\u00e9, la moutarde et la marjolaine. Ajouter tous les ingr\u00e9dients au s\u00e9r\u00e9, saler, poivrer et bien m\u00e9langer.\r\n\r\nGarnir 4 tasses de film alimentaire et les remplir de tartare de Emmentaler AOP en tassant un peu. Renverser sur les assiettes, retirer la tasse et le film.\r\n\r\nServir avec du pain ou des pommes de terre vapeur.","recipe_images":[23892]},"_links":{"self":[{"href":"https:\/\/www.emmentaler.ch\/fr\/wp-json\/wp\/v2\/recipes\/28166"}],"collection":[{"href":"https:\/\/www.emmentaler.ch\/fr\/wp-json\/wp\/v2\/recipes"}],"about":[{"href":"https:\/\/www.emmentaler.ch\/fr\/wp-json\/wp\/v2\/types\/recipes"}],"author":[{"embeddable":true,"href":"https:\/\/www.emmentaler.ch\/fr\/wp-json\/wp\/v2\/users\/2"}],"version-history":[{"count":1,"href":"https:\/\/www.emmentaler.ch\/fr\/wp-json\/wp\/v2\/recipes\/28166\/revisions"}],"predecessor-version":[{"id":137944,"href":"https:\/\/www.emmentaler.ch\/fr\/wp-json\/wp\/v2\/recipes\/28166\/revisions\/137944"}],"acf:attachment":[{"embeddable":true,"href":"https:\/\/www.emmentaler.ch\/fr\/wp-json\/wp\/v2\/media\/23892"}],"acf:term":[{"embeddable":true,"taxonomy":"recipe_saison","href":"https:\/\/www.emmentaler.ch\/fr\/wp-json\/wp\/v2\/recipe_saison\/559"},{"embeddable":true,"taxonomy":"recipe_main_ingredient","href":"https:\/\/www.emmentaler.ch\/fr\/wp-json\/wp\/v2\/recipe_main_ingredient\/604"},{"embeddable":true,"taxonomy":"recipe_main_ingredient","href":"https:\/\/www.emmentaler.ch\/fr\/wp-json\/wp\/v2\/recipe_main_ingredient\/596"},{"embeddable":true,"taxonomy":"recipe_diet_type","href":"https:\/\/www.emmentaler.ch\/fr\/wp-json\/wp\/v2\/recipe_diet_type\/572"},{"embeddable":true,"taxonomy":"recipe_diet_type","href":"https:\/\/www.emmentaler.ch\/fr\/wp-json\/wp\/v2\/recipe_diet_type\/564"},{"embeddable":true,"taxonomy":"recipe_difficulty","href":"https:\/\/www.emmentaler.ch\/fr\/wp-json\/wp\/v2\/recipe_difficulty\/575"},{"embeddable":true,"taxonomy":"recipe_categories","href":"https:\/\/www.emmentaler.ch\/fr\/wp-json\/wp\/v2\/recipe_categories\/609"},{"embeddable":true,"taxonomy":"recipe_preparation_time","href":"https:\/\/www.emmentaler.ch\/fr\/wp-json\/wp\/v2\/recipe_preparation_time\/280"}],"acf:post":[{"embeddable":true,"href":"https:\/\/www.emmentaler.ch\/fr\/wp-json\/wp\/v2\/pages\/63916"}],"wp:featuredmedia":[{"embeddable":true,"href":"https:\/\/www.emmentaler.ch\/fr\/wp-json\/wp\/v2\/media\/23892"}],"wp:attachment":[{"href":"https:\/\/www.emmentaler.ch\/fr\/wp-json\/wp\/v2\/media?parent=28166"}],"wp:term":[{"taxonomy":"post_tag","embeddable":true,"href":"https:\/\/www.emmentaler.ch\/fr\/wp-json\/wp\/v2\/tags?post=28166"},{"taxonomy":"recipe_categories","embeddable":true,"href":"https:\/\/www.emmentaler.ch\/fr\/wp-json\/wp\/v2\/recipe_categories?post=28166"},{"taxonomy":"et_countries","embeddable":true,"href":"https:\/\/www.emmentaler.ch\/fr\/wp-json\/wp\/v2\/et_countries?post=28166"},{"taxonomy":"recipe_main_ingredient","embeddable":true,"href":"https:\/\/www.emmentaler.ch\/fr\/wp-json\/wp\/v2\/recipe_main_ingredient?post=28166"},{"taxonomy":"recipe_difficulty","embeddable":true,"href":"https:\/\/www.emmentaler.ch\/fr\/wp-json\/wp\/v2\/recipe_difficulty?post=28166"},{"taxonomy":"recipe_preparation_time","embeddable":true,"href":"https:\/\/www.emmentaler.ch\/fr\/wp-json\/wp\/v2\/recipe_preparation_time?post=28166"},{"taxonomy":"recipe_diet_type","embeddable":true,"href":"https:\/\/www.emmentaler.ch\/fr\/wp-json\/wp\/v2\/recipe_diet_type?post=28166"},{"taxonomy":"recipe_saison","embeddable":true,"href":"https:\/\/www.emmentaler.ch\/fr\/wp-json\/wp\/v2\/recipe_saison?post=28166"}],"curies":[{"name":"wp","href":"https:\/\/api.w.org\/{rel}","templated":true}]}}

2 c. à s. de noisettes
250 g de Emmentaler AOP
1 petit poivron rouge
100 g d'abricots secs
1-2 oignons de printemps
125 g de séré mi-gras
1 c. à s. de moutarde
1 c. à s. de marjolaine
Sel, poivre

Faire dorer les noisettes dans une poêle sans ajout de matière grasse et les hacher grossièrement. Couper le Emmentaler AOP, le poivron et les abricots en petits dés d'1 cm. Hacher finement les oignons de printemps avec les fanes.

Mélanger le séré, la moutarde et la marjolaine. Ajouter tous les ingrédients au séré, saler, poivrer et bien mélanger.

Garnir 4 tasses de film alimentaire et les remplir de tartare de Emmentaler AOP en tassant un peu. Renverser sur les assiettes, retirer la tasse et le film.

Servir avec du pain ou des pommes de terre vapeur.
