{"id":28197,"date":"2022-04-27T13:40:42","date_gmt":"2022-04-27T11:40:42","guid":{"rendered":"https:\/\/www.emmentaler.ch\/rezept\/polenta-avec-epinards-et-champignons"},"modified":"2022-06-27T15:51:46","modified_gmt":"2022-06-27T13:51:46","slug":"polenta-avec-epinards-et-champignons","status":"publish","type":"recipes","link":"https:\/\/www.emmentaler.ch\/fr\/recettes\/polenta-avec-epinards-et-champignons","title":{"rendered":"Polenta avec \u00e9pinards et champignons"},"author":2,"featured_media":28218,"menu_order":0,"template":"","meta":{"inline_featured_image":false},"tags":[],"recipe_categories":[617],"et_countries":[],"recipe_main_ingredient":[604],"recipe_difficulty":[580],"recipe_preparation_time":[272],"recipe_diet_type":[564,567,572],"recipe_saison":[540,532],"acf":{"recipe_preparation_time":272,"recipe_categories":617,"recipe_time_txt":"","recipe_type":63916,"recipe_difficulty":580,"recipe_diet_type":[564,567,572],"recipe_main_ingredient":[604],"recipe_saison":[532,540],"recipe_count_portions":4,"recipe_ingedients":[{"recipe_ingedients_amount":"","recipe_ingedients_unit":"g","recipe_ingedients_product":""}],"temporare_zutaten":"1,25 l de bouillon\r\n250 g de semoule de ma\u00efs Bramata\r\n175 g de Rahmtaler AOP\r\n500 g d'\u00e9pinards en branche\r\nSel\r\n250 g de champignons m\u00e9lang\u00e9s ou de champignons de Paris\r\n1 oignon\r\n1 c. \u00e0 s. d'huile d'olive\r\n0,5 dl de Sherry ou de vin blanc\r\n0,5 dl de bouillon\r\nPoivre, noix de muscade","recipe_preparation":"Porter le bouillon \u00e0 \u00e9bullition. Verser la semoule de ma\u00efs en pluie en remuant et faire mijoter 30-40 minutes \u00e0 couvert en remuant de temps en temps. Couper le Emmentaler AOP en petits d\u00e9s d' 1 cm.\r\n\r\nFaire cuire les \u00e9pinards dans une grande quantit\u00e9 d'eau bouillante sal\u00e9e. D\u00e8s que les \u00e9pinards se d\u00e9font, les \u00e9goutter et les refroidir \u00e0 l'eau froide.\r\n\r\nCouper les champignons en 2 ou en 4, hacher finement l'oignon. Faire chauffer l'huile d'olive, y faire revenir les champignons et mouiller au Sherry. Faire mijoter 10 minutes jusqu'\u00e0 \u00e9vaporation presque compl\u00e8te du liquide. Presser un peu les \u00e9pinards et les m\u00e9langer aux champignons. Ajouter le bouillon et chauffer bri\u00e8vement. Assaisonner avec le sel, le poivre et la noix de muscade.\r\n\r\nIncorporer une bonne moit\u00e9 des d\u00e9s de fromage \u00e0 la polenta. Dresser la polenta avec les champignons-\u00e9pinards et parsemer des d\u00e9s de fromage.","recipe_images":[28213]},"_links":{"self":[{"href":"https:\/\/www.emmentaler.ch\/fr\/wp-json\/wp\/v2\/recipes\/28197"}],"collection":[{"href":"https:\/\/www.emmentaler.ch\/fr\/wp-json\/wp\/v2\/recipes"}],"about":[{"href":"https:\/\/www.emmentaler.ch\/fr\/wp-json\/wp\/v2\/types\/recipes"}],"author":[{"embeddable":true,"href":"https:\/\/www.emmentaler.ch\/fr\/wp-json\/wp\/v2\/users\/2"}],"version-history":[{"count":0,"href":"https:\/\/www.emmentaler.ch\/fr\/wp-json\/wp\/v2\/recipes\/28197\/revisions"}],"acf:attachment":[{"embeddable":true,"href":"https:\/\/www.emmentaler.ch\/fr\/wp-json\/wp\/v2\/media\/28213"}],"acf:term":[{"embeddable":true,"taxonomy":"recipe_saison","href":"https:\/\/www.emmentaler.ch\/fr\/wp-json\/wp\/v2\/recipe_saison\/540"},{"embeddable":true,"taxonomy":"recipe_saison","href":"https:\/\/www.emmentaler.ch\/fr\/wp-json\/wp\/v2\/recipe_saison\/532"},{"embeddable":true,"taxonomy":"recipe_main_ingredient","href":"https:\/\/www.emmentaler.ch\/fr\/wp-json\/wp\/v2\/recipe_main_ingredient\/604"},{"embeddable":true,"taxonomy":"recipe_diet_type","href":"https:\/\/www.emmentaler.ch\/fr\/wp-json\/wp\/v2\/recipe_diet_type\/572"},{"embeddable":true,"taxonomy":"recipe_diet_type","href":"https:\/\/www.emmentaler.ch\/fr\/wp-json\/wp\/v2\/recipe_diet_type\/567"},{"embeddable":true,"taxonomy":"recipe_diet_type","href":"https:\/\/www.emmentaler.ch\/fr\/wp-json\/wp\/v2\/recipe_diet_type\/564"},{"embeddable":true,"taxonomy":"recipe_difficulty","href":"https:\/\/www.emmentaler.ch\/fr\/wp-json\/wp\/v2\/recipe_difficulty\/580"},{"embeddable":true,"taxonomy":"recipe_categories","href":"https:\/\/www.emmentaler.ch\/fr\/wp-json\/wp\/v2\/recipe_categories\/617"},{"embeddable":true,"taxonomy":"recipe_preparation_time","href":"https:\/\/www.emmentaler.ch\/fr\/wp-json\/wp\/v2\/recipe_preparation_time\/272"}],"acf:post":[{"embeddable":true,"href":"https:\/\/www.emmentaler.ch\/fr\/wp-json\/wp\/v2\/pages\/63916"}],"wp:featuredmedia":[{"embeddable":true,"href":"https:\/\/www.emmentaler.ch\/fr\/wp-json\/wp\/v2\/media\/28218"}],"wp:attachment":[{"href":"https:\/\/www.emmentaler.ch\/fr\/wp-json\/wp\/v2\/media?parent=28197"}],"wp:term":[{"taxonomy":"post_tag","embeddable":true,"href":"https:\/\/www.emmentaler.ch\/fr\/wp-json\/wp\/v2\/tags?post=28197"},{"taxonomy":"recipe_categories","embeddable":true,"href":"https:\/\/www.emmentaler.ch\/fr\/wp-json\/wp\/v2\/recipe_categories?post=28197"},{"taxonomy":"et_countries","embeddable":true,"href":"https:\/\/www.emmentaler.ch\/fr\/wp-json\/wp\/v2\/et_countries?post=28197"},{"taxonomy":"recipe_main_ingredient","embeddable":true,"href":"https:\/\/www.emmentaler.ch\/fr\/wp-json\/wp\/v2\/recipe_main_ingredient?post=28197"},{"taxonomy":"recipe_difficulty","embeddable":true,"href":"https:\/\/www.emmentaler.ch\/fr\/wp-json\/wp\/v2\/recipe_difficulty?post=28197"},{"taxonomy":"recipe_preparation_time","embeddable":true,"href":"https:\/\/www.emmentaler.ch\/fr\/wp-json\/wp\/v2\/recipe_preparation_time?post=28197"},{"taxonomy":"recipe_diet_type","embeddable":true,"href":"https:\/\/www.emmentaler.ch\/fr\/wp-json\/wp\/v2\/recipe_diet_type?post=28197"},{"taxonomy":"recipe_saison","embeddable":true,"href":"https:\/\/www.emmentaler.ch\/fr\/wp-json\/wp\/v2\/recipe_saison?post=28197"}],"curies":[{"name":"wp","href":"https:\/\/api.w.org\/{rel}","templated":true}]}}

Polenta avec épinards et champignons

1,25 l de bouillon
250 g de semoule de maïs Bramata
175 g de Rahmtaler AOP
500 g d'épinards en branche
Sel
250 g de champignons mélangés ou de champignons de Paris
1 oignon
1 c. à s. d'huile d'olive
0,5 dl de Sherry ou de vin blanc
0,5 dl de bouillon
Poivre, noix de muscade

Porter le bouillon à ébullition. Verser la semoule de maïs en pluie en remuant et faire mijoter 30-40 minutes à couvert en remuant de temps en temps. Couper le Emmentaler AOP en petits dés d' 1 cm.

Faire cuire les épinards dans une grande quantité d'eau bouillante salée. Dès que les épinards se défont, les égoutter et les refroidir à l'eau froide.

Couper les champignons en 2 ou en 4, hacher finement l'oignon. Faire chauffer l'huile d'olive, y faire revenir les champignons et mouiller au Sherry. Faire mijoter 10 minutes jusqu'à évaporation presque complète du liquide. Presser un peu les épinards et les mélanger aux champignons. Ajouter le bouillon et chauffer brièvement. Assaisonner avec le sel, le poivre et la noix de muscade.

Incorporer une bonne moité des dés de fromage à la polenta. Dresser la polenta avec les champignons-épinards et parsemer des dés de fromage.
