{"id":28550,"date":"2022-04-27T13:39:54","date_gmt":"2022-04-27T11:39:54","guid":{"rendered":"https:\/\/www.emmentaler.ch\/rezept\/ragout-de-champignons-en-croute"},"modified":"2022-06-27T16:29:09","modified_gmt":"2022-06-27T14:29:09","slug":"ragout-de-champignons-en-croute","status":"publish","type":"recipes","link":"https:\/\/www.emmentaler.ch\/fr\/recettes\/ragout-de-champignons-en-croute","title":{"rendered":"Rago\u00fbt de champignons en cro\u00fbte"},"author":2,"featured_media":23488,"menu_order":0,"template":"","meta":{"inline_featured_image":false},"tags":[],"recipe_categories":[617],"et_countries":[],"recipe_main_ingredient":[604],"recipe_difficulty":[580],"recipe_preparation_time":[284],"recipe_diet_type":[572],"recipe_saison":[559],"acf":{"recipe_preparation_time":284,"recipe_categories":617,"recipe_time_txt":"40 minutes + 30 minutes au four","recipe_type":64320,"recipe_difficulty":580,"recipe_diet_type":[572],"recipe_main_ingredient":[604],"recipe_saison":[559],"recipe_count_portions":4,"recipe_ingedients":[{"recipe_ingedients_amount":"","recipe_ingedients_unit":"g","recipe_ingedients_product":""}],"temporare_zutaten":"25 g de c\u00e8pes d\u00e9shydrat\u00e9s\r\n1 poireau\r\n\u00bc de c\u00e9leri-rave\r\n2 carottes\r\n1 oignon\r\n500 g de champignons de Paris\r\n2 CS d\u2018huile\r\n1 \u00bd CS de pur\u00e9e de tomate\r\n4 dl de bouillon\r\n1 CC de thym\r\n150 g d\u2019Emmentaler AOP\r\n200 g de farine\r\n1 \u00bd CC de levure en poudre\r\n\u00bc CC de sel\r\n75 g de beurre\r\n2 \u0153ufs\r\n1,5 dl de lait","recipe_preparation":"Faire tremper les c\u00e8pes 30 minutes dans l\u2019eau chaude. Couper le poireau en fines rondelles. Eplucher le c\u00e9leri et les carottes et les couper en petits d\u00e9s. Hacher l\u2019oignon finement. Couper les champignons en tranches de 5 mm. Faire chauffer l\u2019huile dans une grande po\u00eale. Faire revenir les champignons \u00e0 feu vif. Ajouter les l\u00e9gumes et les c\u00e8pes \u00e9goutt\u00e9s et laisser cuire le tout 5 minutes \u00e0 feu doux. Ajouter la pur\u00e9e de tomate et poursuivre bri\u00e8vement la cuisson. D\u00e9glacer avec le bouillon. Ajouter le thym et porter \u00e0 \u00e9bullition 5 \u00e0 7 minutes.\r\n\r\nR\u00e2per finement l\u2019Emmentaler AOP. Mettre la farine, la levure et le sel dans un saladier. Ajouter le beurre coup\u00e9 en petits morceaux. Travailler du bout des doigts jusqu\u2019\u00e0 obtention d\u2019une p\u00e2te grumeleuse. Incorporer 120 g d\u2019Emmentaler AOP r\u00e2p\u00e9. Battre les \u0153ufs avec le lait, ajouter et m\u00e9langer le tout de fa\u00e7on \u00e0 obtenir une p\u00e2te souple.\r\n\r\nVerser le rago\u00fbt de champignons dans un grand plat \u00e0 gratin. R\u00e9partir des petits tas de p\u00e2te sur les champignons \u00e0 l\u2019aide d\u2019une cuill\u00e8re, saupoudrer avec le fromage restant.\r\n\r\nEnfourner \u00e0 mi-hauteur et faire cuire 30 minutes \u00e0 200\u00b0C.","recipe_images":[28586,28581,28576]},"_links":{"self":[{"href":"https:\/\/www.emmentaler.ch\/fr\/wp-json\/wp\/v2\/recipes\/28550"}],"collection":[{"href":"https:\/\/www.emmentaler.ch\/fr\/wp-json\/wp\/v2\/recipes"}],"about":[{"href":"https:\/\/www.emmentaler.ch\/fr\/wp-json\/wp\/v2\/types\/recipes"}],"author":[{"embeddable":true,"href":"https:\/\/www.emmentaler.ch\/fr\/wp-json\/wp\/v2\/users\/2"}],"version-history":[{"count":0,"href":"https:\/\/www.emmentaler.ch\/fr\/wp-json\/wp\/v2\/recipes\/28550\/revisions"}],"acf:attachment":[{"embeddable":true,"href":"https:\/\/www.emmentaler.ch\/fr\/wp-json\/wp\/v2\/media\/28576"},{"embeddable":true,"href":"https:\/\/www.emmentaler.ch\/fr\/wp-json\/wp\/v2\/media\/28581"},{"embeddable":true,"href":"https:\/\/www.emmentaler.ch\/fr\/wp-json\/wp\/v2\/media\/28586"}],"acf:term":[{"embeddable":true,"taxonomy":"recipe_saison","href":"https:\/\/www.emmentaler.ch\/fr\/wp-json\/wp\/v2\/recipe_saison\/559"},{"embeddable":true,"taxonomy":"recipe_main_ingredient","href":"https:\/\/www.emmentaler.ch\/fr\/wp-json\/wp\/v2\/recipe_main_ingredient\/604"},{"embeddable":true,"taxonomy":"recipe_diet_type","href":"https:\/\/www.emmentaler.ch\/fr\/wp-json\/wp\/v2\/recipe_diet_type\/572"},{"embeddable":true,"taxonomy":"recipe_difficulty","href":"https:\/\/www.emmentaler.ch\/fr\/wp-json\/wp\/v2\/recipe_difficulty\/580"},{"embeddable":true,"taxonomy":"recipe_categories","href":"https:\/\/www.emmentaler.ch\/fr\/wp-json\/wp\/v2\/recipe_categories\/617"},{"embeddable":true,"taxonomy":"recipe_preparation_time","href":"https:\/\/www.emmentaler.ch\/fr\/wp-json\/wp\/v2\/recipe_preparation_time\/284"}],"acf:post":[{"embeddable":true,"href":"https:\/\/www.emmentaler.ch\/fr\/wp-json\/wp\/v2\/pages\/64320"}],"wp:featuredmedia":[{"embeddable":true,"href":"https:\/\/www.emmentaler.ch\/fr\/wp-json\/wp\/v2\/media\/23488"}],"wp:attachment":[{"href":"https:\/\/www.emmentaler.ch\/fr\/wp-json\/wp\/v2\/media?parent=28550"}],"wp:term":[{"taxonomy":"post_tag","embeddable":true,"href":"https:\/\/www.emmentaler.ch\/fr\/wp-json\/wp\/v2\/tags?post=28550"},{"taxonomy":"recipe_categories","embeddable":true,"href":"https:\/\/www.emmentaler.ch\/fr\/wp-json\/wp\/v2\/recipe_categories?post=28550"},{"taxonomy":"et_countries","embeddable":true,"href":"https:\/\/www.emmentaler.ch\/fr\/wp-json\/wp\/v2\/et_countries?post=28550"},{"taxonomy":"recipe_main_ingredient","embeddable":true,"href":"https:\/\/www.emmentaler.ch\/fr\/wp-json\/wp\/v2\/recipe_main_ingredient?post=28550"},{"taxonomy":"recipe_difficulty","embeddable":true,"href":"https:\/\/www.emmentaler.ch\/fr\/wp-json\/wp\/v2\/recipe_difficulty?post=28550"},{"taxonomy":"recipe_preparation_time","embeddable":true,"href":"https:\/\/www.emmentaler.ch\/fr\/wp-json\/wp\/v2\/recipe_preparation_time?post=28550"},{"taxonomy":"recipe_diet_type","embeddable":true,"href":"https:\/\/www.emmentaler.ch\/fr\/wp-json\/wp\/v2\/recipe_diet_type?post=28550"},{"taxonomy":"recipe_saison","embeddable":true,"href":"https:\/\/www.emmentaler.ch\/fr\/wp-json\/wp\/v2\/recipe_saison?post=28550"}],"curies":[{"name":"wp","href":"https:\/\/api.w.org\/{rel}","templated":true}]}}

Ragoût de champignons en croûte

25 g de cèpes déshydratés
1 poireau
¼ de céleri-rave
2 carottes
1 oignon
500 g de champignons de Paris
2 CS d‘huile
1 ½ CS de purée de tomate
4 dl de bouillon
1 CC de thym
150 g d’Emmentaler AOP
200 g de farine
1 ½ CC de levure en poudre
¼ CC de sel
75 g de beurre
2 œufs
1,5 dl de lait

Faire tremper les cèpes 30 minutes dans l’eau chaude. Couper le poireau en fines rondelles. Eplucher le céleri et les carottes et les couper en petits dés. Hacher l’oignon finement. Couper les champignons en tranches de 5 mm. Faire chauffer l’huile dans une grande poêle. Faire revenir les champignons à feu vif. Ajouter les légumes et les cèpes égouttés et laisser cuire le tout 5 minutes à feu doux. Ajouter la purée de tomate et poursuivre brièvement la cuisson. Déglacer avec le bouillon. Ajouter le thym et porter à ébullition 5 à 7 minutes.

Râper finement l’Emmentaler AOP. Mettre la farine, la levure et le sel dans un saladier. Ajouter le beurre coupé en petits morceaux. Travailler du bout des doigts jusqu’à obtention d’une pâte grumeleuse. Incorporer 120 g d’Emmentaler AOP râpé. Battre les œufs avec le lait, ajouter et mélanger le tout de façon à obtenir une pâte souple.

Verser le ragoût de champignons dans un grand plat à gratin. Répartir des petits tas de pâte sur les champignons à l’aide d’une cuillère, saupoudrer avec le fromage restant.

Enfourner à mi-hauteur et faire cuire 30 minutes à 200°C.
