{"id":28611,"date":"2022-04-27T13:39:54","date_gmt":"2022-04-27T11:39:54","guid":{"rendered":"https:\/\/www.emmentaler.ch\/rezept\/nouilles-vapeur-epicees-et-sauce-tomate"},"modified":"2022-06-28T09:49:25","modified_gmt":"2022-06-28T07:49:25","slug":"nouilles-vapeur-epicees-et-sauce-tomate","status":"publish","type":"recipes","link":"https:\/\/www.emmentaler.ch\/fr\/recettes\/nouilles-vapeur-epicees-et-sauce-tomate","title":{"rendered":"Nouilles vapeur \u00e9pic\u00e9es et sauce tomate"},"author":2,"featured_media":23447,"menu_order":0,"template":"","meta":{"inline_featured_image":false},"tags":[],"recipe_categories":[617],"et_countries":[],"recipe_main_ingredient":[604],"recipe_difficulty":[580],"recipe_preparation_time":[276],"recipe_diet_type":[567,572],"recipe_saison":[559],"acf":{"recipe_preparation_time":276,"recipe_categories":617,"recipe_time_txt":"30 minutes plus 90 minutes de repos plus 30 minutes de cuisson","recipe_type":63911,"recipe_difficulty":580,"recipe_diet_type":[567,572],"recipe_main_ingredient":[604],"recipe_saison":[559],"recipe_count_portions":4,"recipe_ingedients":[{"recipe_ingedients_amount":"","recipe_ingedients_unit":"g","recipe_ingedients_product":""}],"temporare_zutaten":"350 g de farine blanche ou bise\r\n1 c. \u00e0 c. de sel\r\n20 g de levure\r\n2 dl de lait, ti\u00e8de\r\n100 g d'Emmentaler AOP, r\u00e2p\u00e9\r\n25 g de beurre, liquide\r\n1 \u0153uf\r\n2,5 dl de lait\r\n25 g de beurre, liquide\r\nSel, poivre, noix de muscade\r\n100 g d'Emmentaler AOP, r\u00e2p\u00e9\r\n1 oignon\r\n1 gousse d'ail\r\n2 c. \u00e0 s. d'huile d'olive\r\n1-2 c. \u00e0 s. de pur\u00e9e de tomate\r\n1 bo\u00eete de tomates concass\u00e9es (800 g)\r\nOrigan\r\n1 pinc\u00e9e de sucre\r\nSel, poivre","recipe_preparation":"M\u00e9langer la farine et le sel dans un saladier. Dissoudre la levure dans un peu de lait puis l'ajouter \u00e0 la farine avec le reste du lait, l'Emmentaler AOP, le beurre et l'\u0153uf. P\u00e9trir pour obtenir une p\u00e2te souple. Couvrir le saladier avec un torchon humide. Faire lever la p\u00e2te pendant 1 heure dans un endroit o\u00f9 la temp\u00e9rature est \u00e9lev\u00e9e, la p\u00e2te doit doubler de volume.\r\n\r\nM\u00e9langer tous les ingr\u00e9dients de l'appareil. En verser la moiti\u00e9 dans un moule \u00e0 gratin (20x30 cm). Former 8 boules de p\u00e2te, les d\u00e9poser dans l'appareil. Laisser lever 20 minutes.\r\n\r\nFaire cuire 20 minutes \u00e0 200\u00b0C dans la moiti\u00e9 inf\u00e9rieure du four. D\u00e9tacher d\u00e9licatement les boules avec une spatule et verser le reste de l'appareil sur les boules. Faire cuire encore 5-10 minutes dans la partie sup\u00e9rieure du four.\r\n\r\nHacher finement l'oignon et l'ail, les faire revenir dans l'huile, ajouter la pur\u00e9e de tomate et les tomates et faire mijoter 20 minutes. Assaisonner avec l'origan, le sucre, le sel et le poivre.","recipe_images":[28627]},"_links":{"self":[{"href":"https:\/\/www.emmentaler.ch\/fr\/wp-json\/wp\/v2\/recipes\/28611"}],"collection":[{"href":"https:\/\/www.emmentaler.ch\/fr\/wp-json\/wp\/v2\/recipes"}],"about":[{"href":"https:\/\/www.emmentaler.ch\/fr\/wp-json\/wp\/v2\/types\/recipes"}],"author":[{"embeddable":true,"href":"https:\/\/www.emmentaler.ch\/fr\/wp-json\/wp\/v2\/users\/2"}],"version-history":[{"count":0,"href":"https:\/\/www.emmentaler.ch\/fr\/wp-json\/wp\/v2\/recipes\/28611\/revisions"}],"acf:attachment":[{"embeddable":true,"href":"https:\/\/www.emmentaler.ch\/fr\/wp-json\/wp\/v2\/media\/28627"}],"acf:term":[{"embeddable":true,"taxonomy":"recipe_saison","href":"https:\/\/www.emmentaler.ch\/fr\/wp-json\/wp\/v2\/recipe_saison\/559"},{"embeddable":true,"taxonomy":"recipe_main_ingredient","href":"https:\/\/www.emmentaler.ch\/fr\/wp-json\/wp\/v2\/recipe_main_ingredient\/604"},{"embeddable":true,"taxonomy":"recipe_diet_type","href":"https:\/\/www.emmentaler.ch\/fr\/wp-json\/wp\/v2\/recipe_diet_type\/572"},{"embeddable":true,"taxonomy":"recipe_diet_type","href":"https:\/\/www.emmentaler.ch\/fr\/wp-json\/wp\/v2\/recipe_diet_type\/567"},{"embeddable":true,"taxonomy":"recipe_difficulty","href":"https:\/\/www.emmentaler.ch\/fr\/wp-json\/wp\/v2\/recipe_difficulty\/580"},{"embeddable":true,"taxonomy":"recipe_categories","href":"https:\/\/www.emmentaler.ch\/fr\/wp-json\/wp\/v2\/recipe_categories\/617"},{"embeddable":true,"taxonomy":"recipe_preparation_time","href":"https:\/\/www.emmentaler.ch\/fr\/wp-json\/wp\/v2\/recipe_preparation_time\/276"}],"acf:post":[{"embeddable":true,"href":"https:\/\/www.emmentaler.ch\/fr\/wp-json\/wp\/v2\/pages\/63911"}],"wp:featuredmedia":[{"embeddable":true,"href":"https:\/\/www.emmentaler.ch\/fr\/wp-json\/wp\/v2\/media\/23447"}],"wp:attachment":[{"href":"https:\/\/www.emmentaler.ch\/fr\/wp-json\/wp\/v2\/media?parent=28611"}],"wp:term":[{"taxonomy":"post_tag","embeddable":true,"href":"https:\/\/www.emmentaler.ch\/fr\/wp-json\/wp\/v2\/tags?post=28611"},{"taxonomy":"recipe_categories","embeddable":true,"href":"https:\/\/www.emmentaler.ch\/fr\/wp-json\/wp\/v2\/recipe_categories?post=28611"},{"taxonomy":"et_countries","embeddable":true,"href":"https:\/\/www.emmentaler.ch\/fr\/wp-json\/wp\/v2\/et_countries?post=28611"},{"taxonomy":"recipe_main_ingredient","embeddable":true,"href":"https:\/\/www.emmentaler.ch\/fr\/wp-json\/wp\/v2\/recipe_main_ingredient?post=28611"},{"taxonomy":"recipe_difficulty","embeddable":true,"href":"https:\/\/www.emmentaler.ch\/fr\/wp-json\/wp\/v2\/recipe_difficulty?post=28611"},{"taxonomy":"recipe_preparation_time","embeddable":true,"href":"https:\/\/www.emmentaler.ch\/fr\/wp-json\/wp\/v2\/recipe_preparation_time?post=28611"},{"taxonomy":"recipe_diet_type","embeddable":true,"href":"https:\/\/www.emmentaler.ch\/fr\/wp-json\/wp\/v2\/recipe_diet_type?post=28611"},{"taxonomy":"recipe_saison","embeddable":true,"href":"https:\/\/www.emmentaler.ch\/fr\/wp-json\/wp\/v2\/recipe_saison?post=28611"}],"curies":[{"name":"wp","href":"https:\/\/api.w.org\/{rel}","templated":true}]}}

Nouilles vapeur épicées et sauce tomate

350 g de farine blanche ou bise
1 c. à c. de sel
20 g de levure
2 dl de lait, tiède
100 g d'Emmentaler AOP, râpé
25 g de beurre, liquide
1 œuf
2,5 dl de lait
25 g de beurre, liquide
Sel, poivre, noix de muscade
100 g d'Emmentaler AOP, râpé
1 oignon
1 gousse d'ail
2 c. à s. d'huile d'olive
1-2 c. à s. de purée de tomate
1 boîte de tomates concassées (800 g)
Origan
1 pincée de sucre
Sel, poivre

Mélanger la farine et le sel dans un saladier. Dissoudre la levure dans un peu de lait puis l'ajouter à la farine avec le reste du lait, l'Emmentaler AOP, le beurre et l'œuf. Pétrir pour obtenir une pâte souple. Couvrir le saladier avec un torchon humide. Faire lever la pâte pendant 1 heure dans un endroit où la température est élevée, la pâte doit doubler de volume.

Mélanger tous les ingrédients de l'appareil. En verser la moitié dans un moule à gratin (20x30 cm). Former 8 boules de pâte, les déposer dans l'appareil. Laisser lever 20 minutes.

Faire cuire 20 minutes à 200°C dans la moitié inférieure du four. Détacher délicatement les boules avec une spatule et verser le reste de l'appareil sur les boules. Faire cuire encore 5-10 minutes dans la partie supérieure du four.

Hacher finement l'oignon et l'ail, les faire revenir dans l'huile, ajouter la purée de tomate et les tomates et faire mijoter 20 minutes. Assaisonner avec l'origan, le sucre, le sel et le poivre.
