{"id":28688,"date":"2022-04-27T13:39:54","date_gmt":"2022-04-27T11:39:54","guid":{"rendered":"https:\/\/www.emmentaler.ch\/rezept\/soupe-de-panais-a-la-moutarde"},"modified":"2022-07-29T14:39:07","modified_gmt":"2022-07-29T12:39:07","slug":"soupe-de-panais-a-la-moutarde","status":"publish","type":"recipes","link":"https:\/\/www.emmentaler.ch\/fr\/recettes\/soupe-de-panais-a-la-moutarde","title":{"rendered":"Soupe de panais \u00e0 la moutarde"},"author":2,"featured_media":28704,"menu_order":0,"template":"","meta":{"inline_featured_image":false},"tags":[],"recipe_categories":[622],"et_countries":[],"recipe_main_ingredient":[604,591],"recipe_difficulty":[583],"recipe_preparation_time":[270],"recipe_diet_type":[567],"recipe_saison":[527,559],"acf":{"recipe_preparation_time":270,"recipe_categories":622,"recipe_time_txt":"","recipe_type":64272,"recipe_difficulty":583,"recipe_diet_type":[567],"recipe_main_ingredient":[591,604],"recipe_saison":[527,559],"recipe_count_portions":5,"recipe_ingedients":[{"recipe_ingedients_amount":"100","recipe_ingedients_unit":"g","recipe_ingedients_product":"de panais (vous pouvez remplacer les panais par du c\u00e9leri-rave)"},{"recipe_ingedients_amount":"40","recipe_ingedients_unit":"g","recipe_ingedients_product":"de pommes de terre farineuses"},{"recipe_ingedients_amount":".2","recipe_ingedients_unit":"St\u00fcck","recipe_ingedients_product":"oignon"},{"recipe_ingedients_amount":".4","recipe_ingedients_unit":"El","recipe_ingedients_product":"d'huile"},{"recipe_ingedients_amount":"20","recipe_ingedients_unit":"g","recipe_ingedients_product":"de lardons"},{"recipe_ingedients_amount":"200","recipe_ingedients_unit":"ml","recipe_ingedients_product":"de bouillon"},{"recipe_ingedients_amount":".4","recipe_ingedients_unit":"El","recipe_ingedients_product":"de moutarde forte"},{"recipe_ingedients_amount":".2","recipe_ingedients_unit":"Bd","recipe_ingedients_product":"de ciboulette"},{"recipe_ingedients_amount":"30","recipe_ingedients_unit":"g","recipe_ingedients_product":"d'Emmentaler AOP"},{"recipe_ingedients_amount":"50","recipe_ingedients_unit":"g","recipe_ingedients_product":"de pain"},{"recipe_ingedients_amount":"","recipe_ingedients_unit":"Bedarf","recipe_ingedients_product":"Sel, poivre"}],"temporare_zutaten":"500 g de panais (vous pouvez remplacer les panais par du c\u00e9leri-rave)\r\n250 g de pommes de terre farineuses\r\n1 oignon\r\n2 c. \u00e0 s. d'huile\r\n100 g de lardons\r\n1 l de bouillon\r\n1-2 c. \u00e0 s. de moutarde forte\r\nSel, poivre\r\n1 botte de ciboulette\r\n150 g d'Emmentaler AOP\r\n125 g de pain","recipe_preparation":"Eplucher les panais et les pommes de terre, les couper en d\u00e9s. Hacher finement l'oignon. Faire chauffer l'huile, y faire revenir le lard, r\u00e9server.\r\n\r\nFaire bri\u00e8vement revenir les panais dans la m\u00eame po\u00eale pendant 3 minutes environ puis les oignons. Ajouter les pommes de terre, mouiller avec le bouillon puis faire mijoter 20-30 minutes jusqu'\u00e0 tendret\u00e9. Mixer les l\u00e9gumes pour la soupe, diluer \u00e9ventuellement avec un peu de bouillon. Ajouter le lard \u00e0 la soupe. Assaisonner avec la moutarde, le sel et le poivre.\r\n\r\nCouper la ciboulette en b\u00e2tonnets. Couper l'Emmentaler AOP en tranches de 3 mm et le pain en tranches de 7 mm d'\u00e9paisseur. Disposer les tranches de pain sur une plaque allant au four et les faire dorer sous le gril. R\u00e9partir le fromage sur le pain et faire gratiner pendant 2 minutes jusqu'\u00e0 ce que le fromage soit fondu.\r\n\r\nServir la soupe dans les assiettes, poser les tranches de pain par dessus et d\u00e9corer avec la ciboulette.","recipe_images":[28704]},"_links":{"self":[{"href":"https:\/\/www.emmentaler.ch\/fr\/wp-json\/wp\/v2\/recipes\/28688"}],"collection":[{"href":"https:\/\/www.emmentaler.ch\/fr\/wp-json\/wp\/v2\/recipes"}],"about":[{"href":"https:\/\/www.emmentaler.ch\/fr\/wp-json\/wp\/v2\/types\/recipes"}],"author":[{"embeddable":true,"href":"https:\/\/www.emmentaler.ch\/fr\/wp-json\/wp\/v2\/users\/2"}],"version-history":[{"count":0,"href":"https:\/\/www.emmentaler.ch\/fr\/wp-json\/wp\/v2\/recipes\/28688\/revisions"}],"acf:attachment":[{"embeddable":true,"href":"https:\/\/www.emmentaler.ch\/fr\/wp-json\/wp\/v2\/media\/28704"}],"acf:term":[{"embeddable":true,"taxonomy":"recipe_saison","href":"https:\/\/www.emmentaler.ch\/fr\/wp-json\/wp\/v2\/recipe_saison\/559"},{"embeddable":true,"taxonomy":"recipe_saison","href":"https:\/\/www.emmentaler.ch\/fr\/wp-json\/wp\/v2\/recipe_saison\/527"},{"embeddable":true,"taxonomy":"recipe_main_ingredient","href":"https:\/\/www.emmentaler.ch\/fr\/wp-json\/wp\/v2\/recipe_main_ingredient\/604"},{"embeddable":true,"taxonomy":"recipe_main_ingredient","href":"https:\/\/www.emmentaler.ch\/fr\/wp-json\/wp\/v2\/recipe_main_ingredient\/591"},{"embeddable":true,"taxonomy":"recipe_diet_type","href":"https:\/\/www.emmentaler.ch\/fr\/wp-json\/wp\/v2\/recipe_diet_type\/567"},{"embeddable":true,"taxonomy":"recipe_difficulty","href":"https:\/\/www.emmentaler.ch\/fr\/wp-json\/wp\/v2\/recipe_difficulty\/583"},{"embeddable":true,"taxonomy":"recipe_categories","href":"https:\/\/www.emmentaler.ch\/fr\/wp-json\/wp\/v2\/recipe_categories\/622"},{"embeddable":true,"taxonomy":"recipe_preparation_time","href":"https:\/\/www.emmentaler.ch\/fr\/wp-json\/wp\/v2\/recipe_preparation_time\/270"}],"acf:post":[{"embeddable":true,"href":"https:\/\/www.emmentaler.ch\/fr\/wp-json\/wp\/v2\/pages\/64272"}],"wp:featuredmedia":[{"embeddable":true,"href":"https:\/\/www.emmentaler.ch\/fr\/wp-json\/wp\/v2\/media\/28704"}],"wp:attachment":[{"href":"https:\/\/www.emmentaler.ch\/fr\/wp-json\/wp\/v2\/media?parent=28688"}],"wp:term":[{"taxonomy":"post_tag","embeddable":true,"href":"https:\/\/www.emmentaler.ch\/fr\/wp-json\/wp\/v2\/tags?post=28688"},{"taxonomy":"recipe_categories","embeddable":true,"href":"https:\/\/www.emmentaler.ch\/fr\/wp-json\/wp\/v2\/recipe_categories?post=28688"},{"taxonomy":"et_countries","embeddable":true,"href":"https:\/\/www.emmentaler.ch\/fr\/wp-json\/wp\/v2\/et_countries?post=28688"},{"taxonomy":"recipe_main_ingredient","embeddable":true,"href":"https:\/\/www.emmentaler.ch\/fr\/wp-json\/wp\/v2\/recipe_main_ingredient?post=28688"},{"taxonomy":"recipe_difficulty","embeddable":true,"href":"https:\/\/www.emmentaler.ch\/fr\/wp-json\/wp\/v2\/recipe_difficulty?post=28688"},{"taxonomy":"recipe_preparation_time","embeddable":true,"href":"https:\/\/www.emmentaler.ch\/fr\/wp-json\/wp\/v2\/recipe_preparation_time?post=28688"},{"taxonomy":"recipe_diet_type","embeddable":true,"href":"https:\/\/www.emmentaler.ch\/fr\/wp-json\/wp\/v2\/recipe_diet_type?post=28688"},{"taxonomy":"recipe_saison","embeddable":true,"href":"https:\/\/www.emmentaler.ch\/fr\/wp-json\/wp\/v2\/recipe_saison?post=28688"}],"curies":[{"name":"wp","href":"https:\/\/api.w.org\/{rel}","templated":true}]}}

Soupe de panais à la moutarde

de panais (vous pouvez remplacer les panais par du céleri-rave)

Stück

500 g de panais (vous pouvez remplacer les panais par du céleri-rave)
250 g de pommes de terre farineuses
1 oignon
2 c. à s. d'huile
100 g de lardons
1 l de bouillon
1-2 c. à s. de moutarde forte
Sel, poivre
1 botte de ciboulette
150 g d'Emmentaler AOP
125 g de pain

Eplucher les panais et les pommes de terre, les couper en dés. Hacher finement l'oignon. Faire chauffer l'huile, y faire revenir le lard, réserver.

Faire brièvement revenir les panais dans la même poêle pendant 3 minutes environ puis les oignons. Ajouter les pommes de terre, mouiller avec le bouillon puis faire mijoter 20-30 minutes jusqu'à tendreté. Mixer les légumes pour la soupe, diluer éventuellement avec un peu de bouillon. Ajouter le lard à la soupe. Assaisonner avec la moutarde, le sel et le poivre.

Couper la ciboulette en bâtonnets. Couper l'Emmentaler AOP en tranches de 3 mm et le pain en tranches de 7 mm d'épaisseur. Disposer les tranches de pain sur une plaque allant au four et les faire dorer sous le gril. Répartir le fromage sur le pain et faire gratiner pendant 2 minutes jusqu'à ce que le fromage soit fondu.

Servir la soupe dans les assiettes, poser les tranches de pain par dessus et décorer avec la ciboulette.
