{"id":28780,"date":"2022-04-27T13:39:22","date_gmt":"2022-04-27T11:39:22","guid":{"rendered":"https:\/\/www.emmentaler.ch\/rezept\/pates-au-chou-et-aux-pommes-de-terre"},"modified":"2022-06-27T16:14:27","modified_gmt":"2022-06-27T14:14:27","slug":"pates-au-chou-et-aux-pommes-de-terre","status":"publish","type":"recipes","link":"https:\/\/www.emmentaler.ch\/fr\/recettes\/pates-au-chou-et-aux-pommes-de-terre","title":{"rendered":"P\u00e2tes au chou et aux pommes de terre"},"author":2,"featured_media":23258,"menu_order":0,"template":"","meta":{"inline_featured_image":false},"tags":[],"recipe_categories":[617],"et_countries":[],"recipe_main_ingredient":[604],"recipe_difficulty":[575],"recipe_preparation_time":[272],"recipe_diet_type":[567,572],"recipe_saison":[556,532],"acf":{"recipe_preparation_time":272,"recipe_categories":617,"recipe_time_txt":"","recipe_type":64320,"recipe_difficulty":575,"recipe_diet_type":[567,572],"recipe_main_ingredient":[604],"recipe_saison":[532,556],"recipe_count_portions":4,"recipe_ingedients":[{"recipe_ingedients_amount":"","recipe_ingedients_unit":"g","recipe_ingedients_product":""}],"temporare_zutaten":"500 g de chou fris\u00e9\r\n250 g de pommes de terre\r\n2 gousses d\u2019ail\r\n1 petit piment rouge\r\n200 g d\u2019Emmentaler AOP jeune\r\n50 g de noix de p\u00e9can ou de noix\r\n350 g de p\u00e2tes, par ex. penne\r\nSel, poivre\r\n5 CS d\u2019huile d\u2019olive","recipe_preparation":"Retirer les c\u00f4tes du chou et d\u00e9tailler les feuilles en petits morceaux. Eplucher les pommes de terre, les couper en deux ou en quatre, puis en tranches de 5 mm d\u2019\u00e9paisseur. Hacher finement les gousses d\u2019ail. Retirer les p\u00e9pins du petit piment et le couper en rondelles. R\u00e2per l\u2019Emmentaler AOP \u00e0 l\u2019aide d\u2019une grosse r\u00e2pe. Hacher grossi\u00e8rement les noix de p\u00e9can.\r\n\r\nVerser les p\u00e2tes dans une casserole d\u2019eau bouillante sal\u00e9e. 7 minutes avant la fin de la cuisson, ajouter les pommes de terre et le chou.\r\n\r\nPendant ce temps, faire griller les noix de p\u00e9can sans mati\u00e8re grasse dans une po\u00eale, retirer les noix de la po\u00eale. Faire chauffer l\u2019huile. Y faire revenir l\u2019ail et le piment, m\u00e9langer avec les p\u00e2tes \u00e9goutt\u00e9es, le chou et les pommes de terre, saler, poivrer. Incorporer les noix de p\u00e9can et une partie du fromage. Servir avec le reste du fromage.\r\n\r\nConseil: on peut remplacer le chou fris\u00e9 par du chou pomm\u00e9. Si vous n\u2019avez pas de casserole suffisamment grande, cuire les p\u00e2tes s\u00e9par\u00e9ment.","recipe_images":[23263,23268,23258]},"_links":{"self":[{"href":"https:\/\/www.emmentaler.ch\/fr\/wp-json\/wp\/v2\/recipes\/28780"}],"collection":[{"href":"https:\/\/www.emmentaler.ch\/fr\/wp-json\/wp\/v2\/recipes"}],"about":[{"href":"https:\/\/www.emmentaler.ch\/fr\/wp-json\/wp\/v2\/types\/recipes"}],"author":[{"embeddable":true,"href":"https:\/\/www.emmentaler.ch\/fr\/wp-json\/wp\/v2\/users\/2"}],"version-history":[{"count":0,"href":"https:\/\/www.emmentaler.ch\/fr\/wp-json\/wp\/v2\/recipes\/28780\/revisions"}],"acf:attachment":[{"embeddable":true,"href":"https:\/\/www.emmentaler.ch\/fr\/wp-json\/wp\/v2\/media\/23258"},{"embeddable":true,"href":"https:\/\/www.emmentaler.ch\/fr\/wp-json\/wp\/v2\/media\/23268"},{"embeddable":true,"href":"https:\/\/www.emmentaler.ch\/fr\/wp-json\/wp\/v2\/media\/23263"}],"acf:term":[{"embeddable":true,"taxonomy":"recipe_saison","href":"https:\/\/www.emmentaler.ch\/fr\/wp-json\/wp\/v2\/recipe_saison\/556"},{"embeddable":true,"taxonomy":"recipe_saison","href":"https:\/\/www.emmentaler.ch\/fr\/wp-json\/wp\/v2\/recipe_saison\/532"},{"embeddable":true,"taxonomy":"recipe_main_ingredient","href":"https:\/\/www.emmentaler.ch\/fr\/wp-json\/wp\/v2\/recipe_main_ingredient\/604"},{"embeddable":true,"taxonomy":"recipe_diet_type","href":"https:\/\/www.emmentaler.ch\/fr\/wp-json\/wp\/v2\/recipe_diet_type\/572"},{"embeddable":true,"taxonomy":"recipe_diet_type","href":"https:\/\/www.emmentaler.ch\/fr\/wp-json\/wp\/v2\/recipe_diet_type\/567"},{"embeddable":true,"taxonomy":"recipe_difficulty","href":"https:\/\/www.emmentaler.ch\/fr\/wp-json\/wp\/v2\/recipe_difficulty\/575"},{"embeddable":true,"taxonomy":"recipe_categories","href":"https:\/\/www.emmentaler.ch\/fr\/wp-json\/wp\/v2\/recipe_categories\/617"},{"embeddable":true,"taxonomy":"recipe_preparation_time","href":"https:\/\/www.emmentaler.ch\/fr\/wp-json\/wp\/v2\/recipe_preparation_time\/272"}],"acf:post":[{"embeddable":true,"href":"https:\/\/www.emmentaler.ch\/fr\/wp-json\/wp\/v2\/pages\/64320"}],"wp:featuredmedia":[{"embeddable":true,"href":"https:\/\/www.emmentaler.ch\/fr\/wp-json\/wp\/v2\/media\/23258"}],"wp:attachment":[{"href":"https:\/\/www.emmentaler.ch\/fr\/wp-json\/wp\/v2\/media?parent=28780"}],"wp:term":[{"taxonomy":"post_tag","embeddable":true,"href":"https:\/\/www.emmentaler.ch\/fr\/wp-json\/wp\/v2\/tags?post=28780"},{"taxonomy":"recipe_categories","embeddable":true,"href":"https:\/\/www.emmentaler.ch\/fr\/wp-json\/wp\/v2\/recipe_categories?post=28780"},{"taxonomy":"et_countries","embeddable":true,"href":"https:\/\/www.emmentaler.ch\/fr\/wp-json\/wp\/v2\/et_countries?post=28780"},{"taxonomy":"recipe_main_ingredient","embeddable":true,"href":"https:\/\/www.emmentaler.ch\/fr\/wp-json\/wp\/v2\/recipe_main_ingredient?post=28780"},{"taxonomy":"recipe_difficulty","embeddable":true,"href":"https:\/\/www.emmentaler.ch\/fr\/wp-json\/wp\/v2\/recipe_difficulty?post=28780"},{"taxonomy":"recipe_preparation_time","embeddable":true,"href":"https:\/\/www.emmentaler.ch\/fr\/wp-json\/wp\/v2\/recipe_preparation_time?post=28780"},{"taxonomy":"recipe_diet_type","embeddable":true,"href":"https:\/\/www.emmentaler.ch\/fr\/wp-json\/wp\/v2\/recipe_diet_type?post=28780"},{"taxonomy":"recipe_saison","embeddable":true,"href":"https:\/\/www.emmentaler.ch\/fr\/wp-json\/wp\/v2\/recipe_saison?post=28780"}],"curies":[{"name":"wp","href":"https:\/\/api.w.org\/{rel}","templated":true}]}}

Pâtes au chou et aux pommes de terre

500 g de chou frisé
250 g de pommes de terre
2 gousses d’ail
1 petit piment rouge
200 g d’Emmentaler AOP jeune
50 g de noix de pécan ou de noix
350 g de pâtes, par ex. penne
Sel, poivre
5 CS d’huile d’olive

Retirer les côtes du chou et détailler les feuilles en petits morceaux. Eplucher les pommes de terre, les couper en deux ou en quatre, puis en tranches de 5 mm d’épaisseur. Hacher finement les gousses d’ail. Retirer les pépins du petit piment et le couper en rondelles. Râper l’Emmentaler AOP à l’aide d’une grosse râpe. Hacher grossièrement les noix de pécan.

Verser les pâtes dans une casserole d’eau bouillante salée. 7 minutes avant la fin de la cuisson, ajouter les pommes de terre et le chou.

Pendant ce temps, faire griller les noix de pécan sans matière grasse dans une poêle, retirer les noix de la poêle. Faire chauffer l’huile. Y faire revenir l’ail et le piment, mélanger avec les pâtes égouttées, le chou et les pommes de terre, saler, poivrer. Incorporer les noix de pécan et une partie du fromage. Servir avec le reste du fromage.

Conseil: on peut remplacer le chou frisé par du chou pommé. Si vous n’avez pas de casserole suffisamment grande, cuire les pâtes séparément.
