{"id":28841,"date":"2022-04-27T13:39:22","date_gmt":"2022-04-27T11:39:22","guid":{"rendered":"https:\/\/www.emmentaler.ch\/rezept\/salade-originale-au-fromage-emmentaler-et-au-cervelas"},"modified":"2024-07-25T17:48:43","modified_gmt":"2024-07-25T15:48:43","slug":"salade-originale-au-fromage-et-au-cervelas","status":"publish","type":"recipes","link":"https:\/\/www.emmentaler.ch\/fr\/recettes\/salade-originale-au-fromage-et-au-cervelas","title":{"rendered":"Salade originale au Emmentaler AOP et au cervelas"},"author":2,"featured_media":28857,"menu_order":0,"template":"","meta":{"inline_featured_image":false},"tags":[802],"recipe_categories":[609],"et_countries":[],"recipe_main_ingredient":[604,591],"recipe_difficulty":[575],"recipe_preparation_time":[280],"recipe_diet_type":[564,567],"recipe_saison":[535,527,559],"acf":{"recipe_preparation_time":280,"recipe_categories":609,"recipe_time_txt":"","recipe_type":64281,"recipe_difficulty":575,"recipe_diet_type":[564,567],"recipe_main_ingredient":[591,604],"recipe_saison":[527,559,535],"recipe_count_portions":4,"recipe_ingedients":[{"recipe_ingedients_amount":".75","recipe_ingedients_unit":"El","recipe_ingedients_product":"de vinaigre aux herbes"},{"recipe_ingedients_amount":"1.25","recipe_ingedients_unit":"El","recipe_ingedients_product":"d'huile de colza"},{"recipe_ingedients_amount":".25","recipe_ingedients_unit":"El","recipe_ingedients_product":"de moutarde"},{"recipe_ingedients_amount":"100","recipe_ingedients_unit":"g","recipe_ingedients_product":"Emmentaler AOP Couronn\u00e9"},{"recipe_ingedients_amount":"1","recipe_ingedients_unit":"St\u00fcck","recipe_ingedients_product":"saucisse emmental ou cervelas"},{"recipe_ingedients_amount":"1","recipe_ingedients_unit":"St\u00fcck","recipe_ingedients_product":"concombres aux fines herbes"},{"recipe_ingedients_amount":".5","recipe_ingedients_unit":"Bd","recipe_ingedients_product":"bottes de radis"},{"recipe_ingedients_amount":".25","recipe_ingedients_unit":"St\u00fcck","recipe_ingedients_product":"oignon"},{"recipe_ingedients_amount":".25","recipe_ingedients_unit":"Bd","recipe_ingedients_product":"Quelques feuilles de salade"},{"recipe_ingedients_amount":"","recipe_ingedients_unit":"Bedarf","recipe_ingedients_product":"botte de ciboulette"},{"recipe_ingedients_amount":"","recipe_ingedients_unit":"Bedarf","recipe_ingedients_product":"Sel, poivre"}],"temporare_zutaten":"3 c. \u00e0 s. de vinaigre aux herbes\r\n5 c. \u00e0 s. d'huile de colza\r\n1 c. \u00e0 s. de moutarde\r\nSel, poivre\r\n400 g d'Emmentaler AOP Couronn\u00e9\r\n4 saucisse emmental ou cervelas\r\n4 concombres aux fines herbes\r\n2 bottes de radis\r\n1 oignon\r\nQuelques feuilles de salade\r\n1 botte de ciboulette","recipe_preparation":"M\u00e9langer le vinaigre, l'huile, la moutarde, le sel et le poivre pour faire une sauce. Couper l'Emmentaler AOP Couronn\u00e9 en d\u00e9s d'1-2 cm. Couper le saucisse emmental ou le cervelas en rodelles. Couper les concombres en petits d\u00e9s. Selon leur taille, couper les radis en 4 ou en 8. Couper l'oignon en fines rondelles. Incorporer tous les ingr\u00e9dients \u00e0 la sauce. Dresser la salade cervelas-fromage sur les feuilles de salade sur les assiettes. Couper la ciboulette en rondelles et la parsemer sur la salade.","recipe_images":[23217]},"_links":{"self":[{"href":"https:\/\/www.emmentaler.ch\/fr\/wp-json\/wp\/v2\/recipes\/28841"}],"collection":[{"href":"https:\/\/www.emmentaler.ch\/fr\/wp-json\/wp\/v2\/recipes"}],"about":[{"href":"https:\/\/www.emmentaler.ch\/fr\/wp-json\/wp\/v2\/types\/recipes"}],"author":[{"embeddable":true,"href":"https:\/\/www.emmentaler.ch\/fr\/wp-json\/wp\/v2\/users\/2"}],"version-history":[{"count":3,"href":"https:\/\/www.emmentaler.ch\/fr\/wp-json\/wp\/v2\/recipes\/28841\/revisions"}],"predecessor-version":[{"id":137287,"href":"https:\/\/www.emmentaler.ch\/fr\/wp-json\/wp\/v2\/recipes\/28841\/revisions\/137287"}],"acf:attachment":[{"embeddable":true,"href":"https:\/\/www.emmentaler.ch\/fr\/wp-json\/wp\/v2\/media\/23217"}],"acf:term":[{"embeddable":true,"taxonomy":"recipe_saison","href":"https:\/\/www.emmentaler.ch\/fr\/wp-json\/wp\/v2\/recipe_saison\/535"},{"embeddable":true,"taxonomy":"recipe_saison","href":"https:\/\/www.emmentaler.ch\/fr\/wp-json\/wp\/v2\/recipe_saison\/559"},{"embeddable":true,"taxonomy":"recipe_saison","href":"https:\/\/www.emmentaler.ch\/fr\/wp-json\/wp\/v2\/recipe_saison\/527"},{"embeddable":true,"taxonomy":"recipe_main_ingredient","href":"https:\/\/www.emmentaler.ch\/fr\/wp-json\/wp\/v2\/recipe_main_ingredient\/604"},{"embeddable":true,"taxonomy":"recipe_main_ingredient","href":"https:\/\/www.emmentaler.ch\/fr\/wp-json\/wp\/v2\/recipe_main_ingredient\/591"},{"embeddable":true,"taxonomy":"recipe_diet_type","href":"https:\/\/www.emmentaler.ch\/fr\/wp-json\/wp\/v2\/recipe_diet_type\/567"},{"embeddable":true,"taxonomy":"recipe_diet_type","href":"https:\/\/www.emmentaler.ch\/fr\/wp-json\/wp\/v2\/recipe_diet_type\/564"},{"embeddable":true,"taxonomy":"recipe_difficulty","href":"https:\/\/www.emmentaler.ch\/fr\/wp-json\/wp\/v2\/recipe_difficulty\/575"},{"embeddable":true,"taxonomy":"recipe_categories","href":"https:\/\/www.emmentaler.ch\/fr\/wp-json\/wp\/v2\/recipe_categories\/609"},{"embeddable":true,"taxonomy":"recipe_preparation_time","href":"https:\/\/www.emmentaler.ch\/fr\/wp-json\/wp\/v2\/recipe_preparation_time\/280"}],"acf:post":[{"embeddable":true,"href":"https:\/\/www.emmentaler.ch\/fr\/wp-json\/wp\/v2\/pages\/64281"}],"wp:featuredmedia":[{"embeddable":true,"href":"https:\/\/www.emmentaler.ch\/fr\/wp-json\/wp\/v2\/media\/28857"}],"wp:attachment":[{"href":"https:\/\/www.emmentaler.ch\/fr\/wp-json\/wp\/v2\/media?parent=28841"}],"wp:term":[{"taxonomy":"post_tag","embeddable":true,"href":"https:\/\/www.emmentaler.ch\/fr\/wp-json\/wp\/v2\/tags?post=28841"},{"taxonomy":"recipe_categories","embeddable":true,"href":"https:\/\/www.emmentaler.ch\/fr\/wp-json\/wp\/v2\/recipe_categories?post=28841"},{"taxonomy":"et_countries","embeddable":true,"href":"https:\/\/www.emmentaler.ch\/fr\/wp-json\/wp\/v2\/et_countries?post=28841"},{"taxonomy":"recipe_main_ingredient","embeddable":true,"href":"https:\/\/www.emmentaler.ch\/fr\/wp-json\/wp\/v2\/recipe_main_ingredient?post=28841"},{"taxonomy":"recipe_difficulty","embeddable":true,"href":"https:\/\/www.emmentaler.ch\/fr\/wp-json\/wp\/v2\/recipe_difficulty?post=28841"},{"taxonomy":"recipe_preparation_time","embeddable":true,"href":"https:\/\/www.emmentaler.ch\/fr\/wp-json\/wp\/v2\/recipe_preparation_time?post=28841"},{"taxonomy":"recipe_diet_type","embeddable":true,"href":"https:\/\/www.emmentaler.ch\/fr\/wp-json\/wp\/v2\/recipe_diet_type?post=28841"},{"taxonomy":"recipe_saison","embeddable":true,"href":"https:\/\/www.emmentaler.ch\/fr\/wp-json\/wp\/v2\/recipe_saison?post=28841"}],"curies":[{"name":"wp","href":"https:\/\/api.w.org\/{rel}","templated":true}]}}

Emmentaler AOP Couronné

Stück

3 c. à s. de vinaigre aux herbes
5 c. à s. d'huile de colza
1 c. à s. de moutarde
Sel, poivre
400 g d'Emmentaler AOP Couronné
4 saucisse emmental ou cervelas
4 concombres aux fines herbes
2 bottes de radis
1 oignon
Quelques feuilles de salade
1 botte de ciboulette

Mélanger le vinaigre, l'huile, la moutarde, le sel et le poivre pour faire une sauce. Couper l'Emmentaler AOP Couronné en dés d'1-2 cm. Couper le saucisse emmental ou le cervelas en rodelles. Couper les concombres en petits dés. Selon leur taille, couper les radis en 4 ou en 8. Couper l'oignon en fines rondelles. Incorporer tous les ingrédients à la sauce. Dresser la salade cervelas-fromage sur les feuilles de salade sur les assiettes. Couper la ciboulette en rondelles et la parsemer sur la salade.
