{"id":28872,"date":"2022-04-27T13:39:22","date_gmt":"2022-04-27T11:39:22","guid":{"rendered":"https:\/\/www.emmentaler.ch\/rezept\/millefeuille-de-crepes"},"modified":"2022-06-29T15:04:13","modified_gmt":"2022-06-29T13:04:13","slug":"millefeuille-de-crepes","status":"publish","type":"recipes","link":"https:\/\/www.emmentaler.ch\/fr\/recettes\/millefeuille-de-crepes","title":{"rendered":"Millefeuille de cr\u00eapes"},"author":2,"featured_media":23155,"menu_order":0,"template":"","meta":{"inline_featured_image":false},"tags":[],"recipe_categories":[609],"et_countries":[],"recipe_main_ingredient":[604],"recipe_difficulty":[575],"recipe_preparation_time":[278],"recipe_diet_type":[572],"recipe_saison":[559],"acf":{"recipe_preparation_time":278,"recipe_categories":609,"recipe_time_txt":"30 minutes plus 30 minutes de repos","recipe_type":63911,"recipe_difficulty":575,"recipe_diet_type":[572],"recipe_main_ingredient":[604],"recipe_saison":[559],"recipe_count_portions":4,"recipe_ingedients":[{"recipe_ingedients_amount":"","recipe_ingedients_unit":"g","recipe_ingedients_product":""}],"temporare_zutaten":"150 g de farine\r\n2 dl de lait\r\n1 dl d'eau\r\n4 \u0153ufs\r\nSel\r\nBeurre pour la cuisson\r\n1 concombre\r\n600 g de tomates\r\n250 g d'Emmentaler AOP\r\n1 botte de ciboulette\r\n1 botte de persil\r\n1 bouquet de basilic\r\n500 g de cottage cheese\r\n2 c. \u00e0 s. d'huile d'olive\r\n2 c. \u00e0 s. de vinaigre de vin rouge\r\nPoivre de Cayenne\r\nSel, poivre","recipe_preparation":"Bien m\u00e9langer la farine, le lait et l'eau. Battre les \u0153ufs et les ajouter, saler l\u00e9g\u00e8rement. Laisser la p\u00e2te reposer 30 minutes.\r\n\r\nEplucher le concombre, le couper en 2 dans le sens de la longueur et retirer les p\u00e9pins avec une cuill\u00e8re. Couper le concombre en d\u00e9s. Couper les tomates en 2, retirer les p\u00e9pins et couper en d\u00e9s. Couper l'Emmentaler en petits d\u00e9s. Ciseler les herbes.\r\n\r\nBien m\u00e9langer tous les ingr\u00e9dients de la farce.\r\n\r\nFaire chauffer un peu de beurre dans une po\u00eale anti-adh\u00e9sive. Faire cuire 4-5 cr\u00eapes et les maintenir au chaud.\r\n\r\nAlterner les couches de cr\u00eapes et de m\u00e9lange l\u00e9gumes-fromage pour former un millefeuille. Servir chaud.","recipe_images":[23155]},"_links":{"self":[{"href":"https:\/\/www.emmentaler.ch\/fr\/wp-json\/wp\/v2\/recipes\/28872"}],"collection":[{"href":"https:\/\/www.emmentaler.ch\/fr\/wp-json\/wp\/v2\/recipes"}],"about":[{"href":"https:\/\/www.emmentaler.ch\/fr\/wp-json\/wp\/v2\/types\/recipes"}],"author":[{"embeddable":true,"href":"https:\/\/www.emmentaler.ch\/fr\/wp-json\/wp\/v2\/users\/2"}],"version-history":[{"count":0,"href":"https:\/\/www.emmentaler.ch\/fr\/wp-json\/wp\/v2\/recipes\/28872\/revisions"}],"acf:attachment":[{"embeddable":true,"href":"https:\/\/www.emmentaler.ch\/fr\/wp-json\/wp\/v2\/media\/23155"}],"acf:term":[{"embeddable":true,"taxonomy":"recipe_saison","href":"https:\/\/www.emmentaler.ch\/fr\/wp-json\/wp\/v2\/recipe_saison\/559"},{"embeddable":true,"taxonomy":"recipe_main_ingredient","href":"https:\/\/www.emmentaler.ch\/fr\/wp-json\/wp\/v2\/recipe_main_ingredient\/604"},{"embeddable":true,"taxonomy":"recipe_diet_type","href":"https:\/\/www.emmentaler.ch\/fr\/wp-json\/wp\/v2\/recipe_diet_type\/572"},{"embeddable":true,"taxonomy":"recipe_difficulty","href":"https:\/\/www.emmentaler.ch\/fr\/wp-json\/wp\/v2\/recipe_difficulty\/575"},{"embeddable":true,"taxonomy":"recipe_categories","href":"https:\/\/www.emmentaler.ch\/fr\/wp-json\/wp\/v2\/recipe_categories\/609"},{"embeddable":true,"taxonomy":"recipe_preparation_time","href":"https:\/\/www.emmentaler.ch\/fr\/wp-json\/wp\/v2\/recipe_preparation_time\/278"}],"acf:post":[{"embeddable":true,"href":"https:\/\/www.emmentaler.ch\/fr\/wp-json\/wp\/v2\/pages\/63911"}],"wp:featuredmedia":[{"embeddable":true,"href":"https:\/\/www.emmentaler.ch\/fr\/wp-json\/wp\/v2\/media\/23155"}],"wp:attachment":[{"href":"https:\/\/www.emmentaler.ch\/fr\/wp-json\/wp\/v2\/media?parent=28872"}],"wp:term":[{"taxonomy":"post_tag","embeddable":true,"href":"https:\/\/www.emmentaler.ch\/fr\/wp-json\/wp\/v2\/tags?post=28872"},{"taxonomy":"recipe_categories","embeddable":true,"href":"https:\/\/www.emmentaler.ch\/fr\/wp-json\/wp\/v2\/recipe_categories?post=28872"},{"taxonomy":"et_countries","embeddable":true,"href":"https:\/\/www.emmentaler.ch\/fr\/wp-json\/wp\/v2\/et_countries?post=28872"},{"taxonomy":"recipe_main_ingredient","embeddable":true,"href":"https:\/\/www.emmentaler.ch\/fr\/wp-json\/wp\/v2\/recipe_main_ingredient?post=28872"},{"taxonomy":"recipe_difficulty","embeddable":true,"href":"https:\/\/www.emmentaler.ch\/fr\/wp-json\/wp\/v2\/recipe_difficulty?post=28872"},{"taxonomy":"recipe_preparation_time","embeddable":true,"href":"https:\/\/www.emmentaler.ch\/fr\/wp-json\/wp\/v2\/recipe_preparation_time?post=28872"},{"taxonomy":"recipe_diet_type","embeddable":true,"href":"https:\/\/www.emmentaler.ch\/fr\/wp-json\/wp\/v2\/recipe_diet_type?post=28872"},{"taxonomy":"recipe_saison","embeddable":true,"href":"https:\/\/www.emmentaler.ch\/fr\/wp-json\/wp\/v2\/recipe_saison?post=28872"}],"curies":[{"name":"wp","href":"https:\/\/api.w.org\/{rel}","templated":true}]}}

Millefeuille de crêpes

150 g de farine
2 dl de lait
1 dl d'eau
4 œufs
Sel
Beurre pour la cuisson
1 concombre
600 g de tomates
250 g d'Emmentaler AOP
1 botte de ciboulette
1 botte de persil
1 bouquet de basilic
500 g de cottage cheese
2 c. à s. d'huile d'olive
2 c. à s. de vinaigre de vin rouge
Poivre de Cayenne
Sel, poivre

Bien mélanger la farine, le lait et l'eau. Battre les œufs et les ajouter, saler légèrement. Laisser la pâte reposer 30 minutes.

Eplucher le concombre, le couper en 2 dans le sens de la longueur et retirer les pépins avec une cuillère. Couper le concombre en dés. Couper les tomates en 2, retirer les pépins et couper en dés. Couper l'Emmentaler en petits dés. Ciseler les herbes.

Bien mélanger tous les ingrédients de la farce.

Faire chauffer un peu de beurre dans une poêle anti-adhésive. Faire cuire 4-5 crêpes et les maintenir au chaud.

Alterner les couches de crêpes et de mélange légumes-fromage pour former un millefeuille. Servir chaud.
