{"id":28903,"date":"2022-04-27T13:39:22","date_gmt":"2022-04-27T11:39:22","guid":{"rendered":"https:\/\/www.emmentaler.ch\/rezept\/nouilles-avec-sauce-au-poireau-et-marrons"},"modified":"2022-08-12T16:26:37","modified_gmt":"2022-08-12T14:26:37","slug":"nouilles-avec-sauce-au-poireau-et-marrons","status":"publish","type":"recipes","link":"https:\/\/www.emmentaler.ch\/fr\/recettes\/nouilles-avec-sauce-au-poireau-et-marrons","title":{"rendered":"Nouilles avec sauce au poireau et marrons"},"author":2,"featured_media":23124,"menu_order":0,"template":"","meta":{"inline_featured_image":false},"tags":[],"recipe_categories":[617],"et_countries":[],"recipe_main_ingredient":[604],"recipe_difficulty":[575],"recipe_preparation_time":[272],"recipe_diet_type":[572],"recipe_saison":[527,559],"acf":{"recipe_preparation_time":272,"recipe_categories":617,"recipe_time_txt":"","recipe_type":63911,"recipe_difficulty":575,"recipe_diet_type":[572],"recipe_main_ingredient":[604],"recipe_saison":[527,559],"recipe_count_portions":4,"recipe_ingedients":[{"recipe_ingedients_amount":"","recipe_ingedients_unit":"g","recipe_ingedients_product":""}],"temporare_zutaten":"500 g de poireau\r\n1 oignon\r\n1 c. \u00e0 s. de beurre\r\n1 dl de vin blanc\r\n1 dl de bouillon\r\n1,5 dl de cr\u00e8me\r\n125 g d'Emmentaler AOP r\u00e2p\u00e9\r\nUn peu de jus de citron\r\nSel, poivre\r\n1 branche de romarin\r\n250 g de marrons surgel\u00e9s ou blanchis\r\n400 g de nouilles","recipe_preparation":"Couper le poireau en fines rondelles. Hacher finement l'oignon et le faire revenir dans le beurre. Faire revenir bri\u00e8vement le poireau. Mouiller avec le vin blanc, ajouter le bouillon et faire fr\u00e9mir 5 minute. Retirer la moiti\u00e9 du poireau \u00e0 l'aide d'une \u00e9cumoire. Ajouter la cr\u00e8me au reste du poireau et laisser mijoter \u00e0 couvert pendant 10 minutes. Ajouter l'Emmentaler AOP, r\u00e9duire en pur\u00e9e et assaisonner avec le jus de citron, le sel et le poivre. Hacher finement les brins de romarin. Ajouter le romarin et les rondelles de poireau \u00e0 la sauce.\r\n\r\nPendant que le poireau mijote, faire cuire les marrons 10-15 minutes dans un peu d'eau. Cuire les nouilles al dente dans de l'eau bouillante sal\u00e9e. Egoutter les nouilles et les m\u00e9langer avec la sauce et les marrons.","recipe_images":[23124]},"_links":{"self":[{"href":"https:\/\/www.emmentaler.ch\/fr\/wp-json\/wp\/v2\/recipes\/28903"}],"collection":[{"href":"https:\/\/www.emmentaler.ch\/fr\/wp-json\/wp\/v2\/recipes"}],"about":[{"href":"https:\/\/www.emmentaler.ch\/fr\/wp-json\/wp\/v2\/types\/recipes"}],"author":[{"embeddable":true,"href":"https:\/\/www.emmentaler.ch\/fr\/wp-json\/wp\/v2\/users\/2"}],"version-history":[{"count":0,"href":"https:\/\/www.emmentaler.ch\/fr\/wp-json\/wp\/v2\/recipes\/28903\/revisions"}],"acf:attachment":[{"embeddable":true,"href":"https:\/\/www.emmentaler.ch\/fr\/wp-json\/wp\/v2\/media\/23124"}],"acf:term":[{"embeddable":true,"taxonomy":"recipe_saison","href":"https:\/\/www.emmentaler.ch\/fr\/wp-json\/wp\/v2\/recipe_saison\/559"},{"embeddable":true,"taxonomy":"recipe_saison","href":"https:\/\/www.emmentaler.ch\/fr\/wp-json\/wp\/v2\/recipe_saison\/527"},{"embeddable":true,"taxonomy":"recipe_main_ingredient","href":"https:\/\/www.emmentaler.ch\/fr\/wp-json\/wp\/v2\/recipe_main_ingredient\/604"},{"embeddable":true,"taxonomy":"recipe_diet_type","href":"https:\/\/www.emmentaler.ch\/fr\/wp-json\/wp\/v2\/recipe_diet_type\/572"},{"embeddable":true,"taxonomy":"recipe_difficulty","href":"https:\/\/www.emmentaler.ch\/fr\/wp-json\/wp\/v2\/recipe_difficulty\/575"},{"embeddable":true,"taxonomy":"recipe_categories","href":"https:\/\/www.emmentaler.ch\/fr\/wp-json\/wp\/v2\/recipe_categories\/617"},{"embeddable":true,"taxonomy":"recipe_preparation_time","href":"https:\/\/www.emmentaler.ch\/fr\/wp-json\/wp\/v2\/recipe_preparation_time\/272"}],"acf:post":[{"embeddable":true,"href":"https:\/\/www.emmentaler.ch\/fr\/wp-json\/wp\/v2\/pages\/63911"}],"wp:featuredmedia":[{"embeddable":true,"href":"https:\/\/www.emmentaler.ch\/fr\/wp-json\/wp\/v2\/media\/23124"}],"wp:attachment":[{"href":"https:\/\/www.emmentaler.ch\/fr\/wp-json\/wp\/v2\/media?parent=28903"}],"wp:term":[{"taxonomy":"post_tag","embeddable":true,"href":"https:\/\/www.emmentaler.ch\/fr\/wp-json\/wp\/v2\/tags?post=28903"},{"taxonomy":"recipe_categories","embeddable":true,"href":"https:\/\/www.emmentaler.ch\/fr\/wp-json\/wp\/v2\/recipe_categories?post=28903"},{"taxonomy":"et_countries","embeddable":true,"href":"https:\/\/www.emmentaler.ch\/fr\/wp-json\/wp\/v2\/et_countries?post=28903"},{"taxonomy":"recipe_main_ingredient","embeddable":true,"href":"https:\/\/www.emmentaler.ch\/fr\/wp-json\/wp\/v2\/recipe_main_ingredient?post=28903"},{"taxonomy":"recipe_difficulty","embeddable":true,"href":"https:\/\/www.emmentaler.ch\/fr\/wp-json\/wp\/v2\/recipe_difficulty?post=28903"},{"taxonomy":"recipe_preparation_time","embeddable":true,"href":"https:\/\/www.emmentaler.ch\/fr\/wp-json\/wp\/v2\/recipe_preparation_time?post=28903"},{"taxonomy":"recipe_diet_type","embeddable":true,"href":"https:\/\/www.emmentaler.ch\/fr\/wp-json\/wp\/v2\/recipe_diet_type?post=28903"},{"taxonomy":"recipe_saison","embeddable":true,"href":"https:\/\/www.emmentaler.ch\/fr\/wp-json\/wp\/v2\/recipe_saison?post=28903"}],"curies":[{"name":"wp","href":"https:\/\/api.w.org\/{rel}","templated":true}]}}

500 g de poireau
1 oignon
1 c. à s. de beurre
1 dl de vin blanc
1 dl de bouillon
1,5 dl de crème
125 g d'Emmentaler AOP râpé
Un peu de jus de citron
Sel, poivre
1 branche de romarin
250 g de marrons surgelés ou blanchis
400 g de nouilles

Couper le poireau en fines rondelles. Hacher finement l'oignon et le faire revenir dans le beurre. Faire revenir brièvement le poireau. Mouiller avec le vin blanc, ajouter le bouillon et faire frémir 5 minute. Retirer la moitié du poireau à l'aide d'une écumoire. Ajouter la crème au reste du poireau et laisser mijoter à couvert pendant 10 minutes. Ajouter l'Emmentaler AOP, réduire en purée et assaisonner avec le jus de citron, le sel et le poivre. Hacher finement les brins de romarin. Ajouter le romarin et les rondelles de poireau à la sauce.

Pendant que le poireau mijote, faire cuire les marrons 10-15 minutes dans un peu d'eau. Cuire les nouilles al dente dans de l'eau bouillante salée. Egoutter les nouilles et les mélanger avec la sauce et les marrons.
