{"id":28965,"date":"2022-04-27T13:39:22","date_gmt":"2022-04-27T11:39:22","guid":{"rendered":"https:\/\/www.emmentaler.ch\/rezept\/ragout-neptune-et-pesto-au-cresson"},"modified":"2022-08-12T11:45:42","modified_gmt":"2022-08-12T09:45:42","slug":"ragout-neptune-et-pesto-au-cresson","status":"publish","type":"recipes","link":"https:\/\/www.emmentaler.ch\/fr\/recettes\/ragout-neptune-et-pesto-au-cresson","title":{"rendered":"Rago\u00fbt Neptune et pesto au cresson"},"author":2,"featured_media":23062,"menu_order":0,"template":"","meta":{"inline_featured_image":false},"tags":[],"recipe_categories":[622],"et_countries":[],"recipe_main_ingredient":[604,588],"recipe_difficulty":[580],"recipe_preparation_time":[272],"recipe_diet_type":[564,567],"recipe_saison":[527,543,559],"acf":{"recipe_preparation_time":272,"recipe_categories":622,"recipe_time_txt":"","recipe_type":64281,"recipe_difficulty":580,"recipe_diet_type":[564,567],"recipe_main_ingredient":[588,604],"recipe_saison":[527,559,543],"recipe_count_portions":4,"recipe_ingedients":[{"recipe_ingedients_amount":"","recipe_ingedients_unit":"g","recipe_ingedients_product":""}],"temporare_zutaten":"75 g d'Emmentaler sal\u00e9 AOP\r\n50 g de cresson\r\n20 g de pignons\r\n3 c. \u00e0 s. d'huile\r\nSel, poivre\r\n400 g de fenouil\r\n400 g de pommes de terre\r\n1 piment rouge\r\n1 oignon\r\n2 gousses d'ail\r\n2 c. \u00e0 s. d'huile\r\n1 enveloppe de safran en poudre (130 mg)\r\n1,2 l de bouillon de l\u00e9gumes\r\n100 g de crevettes cuites\r\n250 g de moules","recipe_preparation":"R\u00e2per finement le fromage. Hacher grossi\u00e8rement le cresson. R\u00e9duire en pur\u00e9e tous les ingr\u00e9dients du pesto \u00e0 l'aide du mixeur plongeant.\r\n\r\nCouper les fenouils en 4 et en lani\u00e8res. Eplucher les pommes de terre les couper en d\u00e9s. Ep\u00e9piner \u00e9ventuellent le piment et le couper en rondelles. Hacher finement l'oignon et l'ail. Faire revenir le piment, l'oignon et l'ail dans de l'huile chaude. Ajouter le fenouil, les pommes de terre, le safran et le bouillon. Faire mijoter 20 minutes.\r\n\r\nAjouter les crevette \u00e0 la soupe et laisser mijoter. Faire cuire les moules \u00e0 part avec 2-3 cuill\u00e8res \u00e0 soupe d'eau jusqu'\u00e0 ce que les coquilles s'ouvrent. Les ajouter \u00e0 la soupe et servir avec le pesto de cresson.","recipe_images":[28981]},"_links":{"self":[{"href":"https:\/\/www.emmentaler.ch\/fr\/wp-json\/wp\/v2\/recipes\/28965"}],"collection":[{"href":"https:\/\/www.emmentaler.ch\/fr\/wp-json\/wp\/v2\/recipes"}],"about":[{"href":"https:\/\/www.emmentaler.ch\/fr\/wp-json\/wp\/v2\/types\/recipes"}],"author":[{"embeddable":true,"href":"https:\/\/www.emmentaler.ch\/fr\/wp-json\/wp\/v2\/users\/2"}],"version-history":[{"count":0,"href":"https:\/\/www.emmentaler.ch\/fr\/wp-json\/wp\/v2\/recipes\/28965\/revisions"}],"acf:attachment":[{"embeddable":true,"href":"https:\/\/www.emmentaler.ch\/fr\/wp-json\/wp\/v2\/media\/28981"}],"acf:term":[{"embeddable":true,"taxonomy":"recipe_saison","href":"https:\/\/www.emmentaler.ch\/fr\/wp-json\/wp\/v2\/recipe_saison\/543"},{"embeddable":true,"taxonomy":"recipe_saison","href":"https:\/\/www.emmentaler.ch\/fr\/wp-json\/wp\/v2\/recipe_saison\/559"},{"embeddable":true,"taxonomy":"recipe_saison","href":"https:\/\/www.emmentaler.ch\/fr\/wp-json\/wp\/v2\/recipe_saison\/527"},{"embeddable":true,"taxonomy":"recipe_main_ingredient","href":"https:\/\/www.emmentaler.ch\/fr\/wp-json\/wp\/v2\/recipe_main_ingredient\/604"},{"embeddable":true,"taxonomy":"recipe_main_ingredient","href":"https:\/\/www.emmentaler.ch\/fr\/wp-json\/wp\/v2\/recipe_main_ingredient\/588"},{"embeddable":true,"taxonomy":"recipe_diet_type","href":"https:\/\/www.emmentaler.ch\/fr\/wp-json\/wp\/v2\/recipe_diet_type\/567"},{"embeddable":true,"taxonomy":"recipe_diet_type","href":"https:\/\/www.emmentaler.ch\/fr\/wp-json\/wp\/v2\/recipe_diet_type\/564"},{"embeddable":true,"taxonomy":"recipe_difficulty","href":"https:\/\/www.emmentaler.ch\/fr\/wp-json\/wp\/v2\/recipe_difficulty\/580"},{"embeddable":true,"taxonomy":"recipe_categories","href":"https:\/\/www.emmentaler.ch\/fr\/wp-json\/wp\/v2\/recipe_categories\/622"},{"embeddable":true,"taxonomy":"recipe_preparation_time","href":"https:\/\/www.emmentaler.ch\/fr\/wp-json\/wp\/v2\/recipe_preparation_time\/272"}],"acf:post":[{"embeddable":true,"href":"https:\/\/www.emmentaler.ch\/fr\/wp-json\/wp\/v2\/pages\/64281"}],"wp:featuredmedia":[{"embeddable":true,"href":"https:\/\/www.emmentaler.ch\/fr\/wp-json\/wp\/v2\/media\/23062"}],"wp:attachment":[{"href":"https:\/\/www.emmentaler.ch\/fr\/wp-json\/wp\/v2\/media?parent=28965"}],"wp:term":[{"taxonomy":"post_tag","embeddable":true,"href":"https:\/\/www.emmentaler.ch\/fr\/wp-json\/wp\/v2\/tags?post=28965"},{"taxonomy":"recipe_categories","embeddable":true,"href":"https:\/\/www.emmentaler.ch\/fr\/wp-json\/wp\/v2\/recipe_categories?post=28965"},{"taxonomy":"et_countries","embeddable":true,"href":"https:\/\/www.emmentaler.ch\/fr\/wp-json\/wp\/v2\/et_countries?post=28965"},{"taxonomy":"recipe_main_ingredient","embeddable":true,"href":"https:\/\/www.emmentaler.ch\/fr\/wp-json\/wp\/v2\/recipe_main_ingredient?post=28965"},{"taxonomy":"recipe_difficulty","embeddable":true,"href":"https:\/\/www.emmentaler.ch\/fr\/wp-json\/wp\/v2\/recipe_difficulty?post=28965"},{"taxonomy":"recipe_preparation_time","embeddable":true,"href":"https:\/\/www.emmentaler.ch\/fr\/wp-json\/wp\/v2\/recipe_preparation_time?post=28965"},{"taxonomy":"recipe_diet_type","embeddable":true,"href":"https:\/\/www.emmentaler.ch\/fr\/wp-json\/wp\/v2\/recipe_diet_type?post=28965"},{"taxonomy":"recipe_saison","embeddable":true,"href":"https:\/\/www.emmentaler.ch\/fr\/wp-json\/wp\/v2\/recipe_saison?post=28965"}],"curies":[{"name":"wp","href":"https:\/\/api.w.org\/{rel}","templated":true}]}}

Ragoût Neptune et pesto au cresson

75 g d'Emmentaler salé AOP
50 g de cresson
20 g de pignons
3 c. à s. d'huile
Sel, poivre
400 g de fenouil
400 g de pommes de terre
1 piment rouge
1 oignon
2 gousses d'ail
2 c. à s. d'huile
1 enveloppe de safran en poudre (130 mg)
1,2 l de bouillon de légumes
100 g de crevettes cuites
250 g de moules

Râper finement le fromage. Hacher grossièrement le cresson. Réduire en purée tous les ingrédients du pesto à l'aide du mixeur plongeant.

Couper les fenouils en 4 et en lanières. Eplucher les pommes de terre les couper en dés. Epépiner éventuellent le piment et le couper en rondelles. Hacher finement l'oignon et l'ail. Faire revenir le piment, l'oignon et l'ail dans de l'huile chaude. Ajouter le fenouil, les pommes de terre, le safran et le bouillon. Faire mijoter 20 minutes.

Ajouter les crevette à la soupe et laisser mijoter. Faire cuire les moules à part avec 2-3 cuillères à soupe d'eau jusqu'à ce que les coquilles s'ouvrent. Les ajouter à la soupe et servir avec le pesto de cresson.
