{"id":29058,"date":"2022-04-27T13:39:22","date_gmt":"2022-04-27T11:39:22","guid":{"rendered":"https:\/\/www.emmentaler.ch\/rezept\/millefeuilles-et-tapenades-maison"},"modified":"2022-08-11T14:56:05","modified_gmt":"2022-08-11T12:56:05","slug":"millefeuilles-et-tapenades-maison","status":"publish","type":"recipes","link":"https:\/\/www.emmentaler.ch\/fr\/recettes\/millefeuilles-et-tapenades-maison","title":{"rendered":"Millefeuilles et tapenades maison"},"author":2,"featured_media":43408,"menu_order":0,"template":"","meta":{"inline_featured_image":false},"tags":[],"recipe_categories":[622],"et_countries":[],"recipe_main_ingredient":[604],"recipe_difficulty":[580],"recipe_preparation_time":[278],"recipe_diet_type":[572],"recipe_saison":[527,559],"acf":{"recipe_preparation_time":278,"recipe_categories":622,"recipe_time_txt":"25 minutes de pr\u00e9paration, 20 minutes de repos et 15 minutes de cuisson","recipe_type":64290,"recipe_difficulty":580,"recipe_diet_type":[572],"recipe_main_ingredient":[604],"recipe_saison":[527,559],"recipe_count_portions":4,"recipe_ingedients":[{"recipe_ingedients_amount":"","recipe_ingedients_unit":"g","recipe_ingedients_product":""}],"temporare_zutaten":"120 g d\u2019Emmentaler AOP Suisse\r\n125 g de p\u00e2te bris\u00e9e\r\n12 belles feuilles de basilic\r\nPour la tapenade d'olives vertes :\r\n15 grosses olives vertes\r\n1 cuill\u00e8re \u00e0 soupe de c\u00e2pres rinc\u00e9es et \u00e9goutt\u00e9es\r\n1 cuill\u00e8re \u00e0 caf\u00e9 de jus de citron frais\r\n2 cuill\u00e8res \u00e0 caf\u00e9 d'huile d'olive\r\nPour la tapenade de tomates s\u00e9ch\u00e9es :\r\n200 g de tomates s\u00e9ch\u00e9es dans l'huile\r\n1 grosse gousse d'ail\r\n2 cuill\u00e8res \u00e0 soupe d\u2019amandes\r\n1 cuill\u00e8re \u00e0 soupe de c\u00e2pres rinc\u00e9es et \u00e9goutt\u00e9es\r\n1 cuill\u00e8re \u00e0 caf\u00e9 de jus de citron frais\r\n2 cuill\u00e8res \u00e0 caf\u00e9 d'huile d'olive.","recipe_preparation":"Pr\u00e9chauffer le four \u00e0 180\u00b0C (th.6).\r\n\r\nEtaler la p\u00e2te bris\u00e9e et la d\u00e9couper en disques, \u00e0 l\u2019aide d\u2019un emporte-pi\u00e8ce. Passer ces disques au four pendant 15 minutes jusqu'\u00e0 ce qu\u2019ils soient dor\u00e9s. Les d\u00e9poser sur une grille et laisser refroidir. Passer l\u2019Emmentaler AOP suisse \u00e0 la mandoline et d\u00e9tailler les tranches obtenues en disques (de m\u00eame diam\u00e8tre que la p\u00e2te bris\u00e9e) \u00e0 l\u2019aide d\u2019un emporte-pi\u00e8ce.\r\n\r\nPr\u00e9parer les tapenades.\r\n\r\nTapenade aux olives D\u00e9noyauter et \u00e9mincer les olives au couteau. Les \u00e9craser au pilon avec des c\u00e2pres, du jus de citron et de l'huile d\u2019olive jusqu\u2019\u00e0 obtenir une p\u00e2te homog\u00e8ne.\r\nTapenade aux tomates Emincer puis \u00e9craser les tomates s\u00e9ch\u00e9es au pilon avec l\u2019ail, les amandes pr\u00e9alablement grill\u00e9es, des c\u00e2pres, du jus de citron et de l\u2019huile d\u2019olive : jusqu\u2019\u00e0 obtenir une p\u00e2te homog\u00e8ne.\r\nDresser successivement sur chaque disque de p\u00e2te bris\u00e9e :\r\n\r\nune couche de tapenade d\u2019olives,\r\nune lamelle de d\u2019Emmentaler AOP suisse,\r\nune couche de tapenade de tomates s\u00e9ch\u00e9es,\r\nune lamelle d\u2019Emmentaler AOP suisse. R\u00e9p\u00e9ter l\u2019op\u00e9ration deux \u00e0 trois fois.\r\nPour d\u00e9corer, d\u00e9poser une feuille de basilic sur le dernier disque d\u2019Emmentaler AOP suisse.","recipe_images":[29074]},"_links":{"self":[{"href":"https:\/\/www.emmentaler.ch\/fr\/wp-json\/wp\/v2\/recipes\/29058"}],"collection":[{"href":"https:\/\/www.emmentaler.ch\/fr\/wp-json\/wp\/v2\/recipes"}],"about":[{"href":"https:\/\/www.emmentaler.ch\/fr\/wp-json\/wp\/v2\/types\/recipes"}],"author":[{"embeddable":true,"href":"https:\/\/www.emmentaler.ch\/fr\/wp-json\/wp\/v2\/users\/2"}],"version-history":[{"count":0,"href":"https:\/\/www.emmentaler.ch\/fr\/wp-json\/wp\/v2\/recipes\/29058\/revisions"}],"acf:attachment":[{"embeddable":true,"href":"https:\/\/www.emmentaler.ch\/fr\/wp-json\/wp\/v2\/media\/29074"}],"acf:term":[{"embeddable":true,"taxonomy":"recipe_saison","href":"https:\/\/www.emmentaler.ch\/fr\/wp-json\/wp\/v2\/recipe_saison\/559"},{"embeddable":true,"taxonomy":"recipe_saison","href":"https:\/\/www.emmentaler.ch\/fr\/wp-json\/wp\/v2\/recipe_saison\/527"},{"embeddable":true,"taxonomy":"recipe_main_ingredient","href":"https:\/\/www.emmentaler.ch\/fr\/wp-json\/wp\/v2\/recipe_main_ingredient\/604"},{"embeddable":true,"taxonomy":"recipe_diet_type","href":"https:\/\/www.emmentaler.ch\/fr\/wp-json\/wp\/v2\/recipe_diet_type\/572"},{"embeddable":true,"taxonomy":"recipe_difficulty","href":"https:\/\/www.emmentaler.ch\/fr\/wp-json\/wp\/v2\/recipe_difficulty\/580"},{"embeddable":true,"taxonomy":"recipe_categories","href":"https:\/\/www.emmentaler.ch\/fr\/wp-json\/wp\/v2\/recipe_categories\/622"},{"embeddable":true,"taxonomy":"recipe_preparation_time","href":"https:\/\/www.emmentaler.ch\/fr\/wp-json\/wp\/v2\/recipe_preparation_time\/278"}],"acf:post":[{"embeddable":true,"href":"https:\/\/www.emmentaler.ch\/fr\/wp-json\/wp\/v2\/pages\/64290"}],"wp:featuredmedia":[{"embeddable":true,"href":"https:\/\/www.emmentaler.ch\/fr\/wp-json\/wp\/v2\/media\/43408"}],"wp:attachment":[{"href":"https:\/\/www.emmentaler.ch\/fr\/wp-json\/wp\/v2\/media?parent=29058"}],"wp:term":[{"taxonomy":"post_tag","embeddable":true,"href":"https:\/\/www.emmentaler.ch\/fr\/wp-json\/wp\/v2\/tags?post=29058"},{"taxonomy":"recipe_categories","embeddable":true,"href":"https:\/\/www.emmentaler.ch\/fr\/wp-json\/wp\/v2\/recipe_categories?post=29058"},{"taxonomy":"et_countries","embeddable":true,"href":"https:\/\/www.emmentaler.ch\/fr\/wp-json\/wp\/v2\/et_countries?post=29058"},{"taxonomy":"recipe_main_ingredient","embeddable":true,"href":"https:\/\/www.emmentaler.ch\/fr\/wp-json\/wp\/v2\/recipe_main_ingredient?post=29058"},{"taxonomy":"recipe_difficulty","embeddable":true,"href":"https:\/\/www.emmentaler.ch\/fr\/wp-json\/wp\/v2\/recipe_difficulty?post=29058"},{"taxonomy":"recipe_preparation_time","embeddable":true,"href":"https:\/\/www.emmentaler.ch\/fr\/wp-json\/wp\/v2\/recipe_preparation_time?post=29058"},{"taxonomy":"recipe_diet_type","embeddable":true,"href":"https:\/\/www.emmentaler.ch\/fr\/wp-json\/wp\/v2\/recipe_diet_type?post=29058"},{"taxonomy":"recipe_saison","embeddable":true,"href":"https:\/\/www.emmentaler.ch\/fr\/wp-json\/wp\/v2\/recipe_saison?post=29058"}],"curies":[{"name":"wp","href":"https:\/\/api.w.org\/{rel}","templated":true}]}}

25 minutes de préparation, 20 minutes de repos et 15 minutes de cuisson

120 g d’Emmentaler AOP Suisse
125 g de pâte brisée
12 belles feuilles de basilic
Pour la tapenade d'olives vertes :
15 grosses olives vertes
1 cuillère à soupe de câpres rincées et égouttées
1 cuillère à café de jus de citron frais
2 cuillères à café d'huile d'olive
Pour la tapenade de tomates séchées :
200 g de tomates séchées dans l'huile
1 grosse gousse d'ail
2 cuillères à soupe d’amandes
1 cuillère à soupe de câpres rincées et égouttées
1 cuillère à café de jus de citron frais
2 cuillères à café d'huile d'olive.

Préchauffer le four à 180°C (th.6).

Etaler la pâte brisée et la découper en disques, à l’aide d’un emporte-pièce. Passer ces disques au four pendant 15 minutes jusqu'à ce qu’ils soient dorés. Les déposer sur une grille et laisser refroidir. Passer l’Emmentaler AOP suisse à la mandoline et détailler les tranches obtenues en disques (de même diamètre que la pâte brisée) à l’aide d’un emporte-pièce.

Préparer les tapenades.

Tapenade aux olives Dénoyauter et émincer les olives au couteau. Les écraser au pilon avec des câpres, du jus de citron et de l'huile d’olive jusqu’à obtenir une pâte homogène.
Tapenade aux tomates Emincer puis écraser les tomates séchées au pilon avec l’ail, les amandes préalablement grillées, des câpres, du jus de citron et de l’huile d’olive : jusqu’à obtenir une pâte homogène.
Dresser successivement sur chaque disque de pâte brisée :

une couche de tapenade d’olives,
une lamelle de d’Emmentaler AOP suisse,
une couche de tapenade de tomates séchées,
une lamelle d’Emmentaler AOP suisse. Répéter l’opération deux à trois fois.
Pour décorer, déposer une feuille de basilic sur le dernier disque d’Emmentaler AOP suisse.
