{"id":29089,"date":"2022-04-27T13:38:44","date_gmt":"2022-04-27T11:38:44","guid":{"rendered":"https:\/\/www.emmentaler.ch\/rezept\/salade-de-lentilles-et-pommes-de-terre-avec-pesto-au-thym"},"modified":"2023-06-28T14:35:18","modified_gmt":"2023-06-28T12:35:18","slug":"salade-de-lentilles-et-pommes-de-terre-avec-pesto-au-thym","status":"publish","type":"recipes","link":"https:\/\/www.emmentaler.ch\/fr\/recettes\/salade-de-lentilles-et-pommes-de-terre-avec-pesto-au-thym","title":{"rendered":"Salade de lentilles et pommes de terre avec pesto au thym"},"author":2,"featured_media":43439,"menu_order":0,"template":"","meta":{"inline_featured_image":false},"tags":[834,772],"recipe_categories":[622],"et_countries":[],"recipe_main_ingredient":[604],"recipe_difficulty":[575],"recipe_preparation_time":[272],"recipe_diet_type":[572],"recipe_saison":[535,548,532],"acf":{"recipe_preparation_time":272,"recipe_categories":622,"recipe_time_txt":"","recipe_type":64281,"recipe_difficulty":575,"recipe_diet_type":[572],"recipe_main_ingredient":[604],"recipe_saison":[532,535,548],"recipe_count_portions":4,"recipe_ingedients":[{"recipe_ingedients_amount":"","recipe_ingedients_unit":"g","recipe_ingedients_product":""}],"temporare_zutaten":"150 g de lentilles noire ou vertes\r\n500 g de haricots verts\r\n750 g de pommes de terre\r\n3 dl de bouillon de l\u00e9gumes\r\n1 bouquet de thym\r\n1 botte de persil\r\n2 gousses d'ail\r\n2 c. \u00e0 s. de graines de tournesol\r\n2 c. \u00e0 s. de vinaigre\r\n4 c. \u00e0 s. d'huile de colza\r\nSel, poivre\r\n250 g d'Emmentaler AOP","recipe_preparation":"Faire tremper les lentilles 20 minutes dans une grande casserole d'eau. Parer les haricots. Eplucher les pommes de terre et les couper en morceaux. Faire mijoter les haricots 10 minutes dans le bouillon, ajouter les d\u00e9s de pomme de terre et faire cuire 15 minutes. R\u00e9server 1 dl de bouillon pour la sauce et jeter le reste.\r\n\r\nEffeuiller le thym, hacher grossi\u00e8rement le persil. Mettre les herbes, l'ail, les graines de tournesol, le vinaigre et le bouillon dans un r\u00e9cipient haut et r\u00e9duire en pur\u00e9e \u00e0 l'aide du mixeur plongeant. Incorporer l'huile, saler et poivrer.\r\n\r\nCouper l'Emmentaler AOP en d\u00e9s. M\u00e9langer tous les ingr\u00e9dients au pesto. Servir ti\u00e8de ou froid.","recipe_images":[22938]},"_links":{"self":[{"href":"https:\/\/www.emmentaler.ch\/fr\/wp-json\/wp\/v2\/recipes\/29089"}],"collection":[{"href":"https:\/\/www.emmentaler.ch\/fr\/wp-json\/wp\/v2\/recipes"}],"about":[{"href":"https:\/\/www.emmentaler.ch\/fr\/wp-json\/wp\/v2\/types\/recipes"}],"author":[{"embeddable":true,"href":"https:\/\/www.emmentaler.ch\/fr\/wp-json\/wp\/v2\/users\/2"}],"version-history":[{"count":0,"href":"https:\/\/www.emmentaler.ch\/fr\/wp-json\/wp\/v2\/recipes\/29089\/revisions"}],"acf:attachment":[{"embeddable":true,"href":"https:\/\/www.emmentaler.ch\/fr\/wp-json\/wp\/v2\/media\/22938"}],"acf:term":[{"embeddable":true,"taxonomy":"recipe_saison","href":"https:\/\/www.emmentaler.ch\/fr\/wp-json\/wp\/v2\/recipe_saison\/548"},{"embeddable":true,"taxonomy":"recipe_saison","href":"https:\/\/www.emmentaler.ch\/fr\/wp-json\/wp\/v2\/recipe_saison\/535"},{"embeddable":true,"taxonomy":"recipe_saison","href":"https:\/\/www.emmentaler.ch\/fr\/wp-json\/wp\/v2\/recipe_saison\/532"},{"embeddable":true,"taxonomy":"recipe_main_ingredient","href":"https:\/\/www.emmentaler.ch\/fr\/wp-json\/wp\/v2\/recipe_main_ingredient\/604"},{"embeddable":true,"taxonomy":"recipe_diet_type","href":"https:\/\/www.emmentaler.ch\/fr\/wp-json\/wp\/v2\/recipe_diet_type\/572"},{"embeddable":true,"taxonomy":"recipe_difficulty","href":"https:\/\/www.emmentaler.ch\/fr\/wp-json\/wp\/v2\/recipe_difficulty\/575"},{"embeddable":true,"taxonomy":"recipe_categories","href":"https:\/\/www.emmentaler.ch\/fr\/wp-json\/wp\/v2\/recipe_categories\/622"},{"embeddable":true,"taxonomy":"recipe_preparation_time","href":"https:\/\/www.emmentaler.ch\/fr\/wp-json\/wp\/v2\/recipe_preparation_time\/272"}],"acf:post":[{"embeddable":true,"href":"https:\/\/www.emmentaler.ch\/fr\/wp-json\/wp\/v2\/pages\/64281"}],"wp:featuredmedia":[{"embeddable":true,"href":"https:\/\/www.emmentaler.ch\/fr\/wp-json\/wp\/v2\/media\/43439"}],"wp:attachment":[{"href":"https:\/\/www.emmentaler.ch\/fr\/wp-json\/wp\/v2\/media?parent=29089"}],"wp:term":[{"taxonomy":"post_tag","embeddable":true,"href":"https:\/\/www.emmentaler.ch\/fr\/wp-json\/wp\/v2\/tags?post=29089"},{"taxonomy":"recipe_categories","embeddable":true,"href":"https:\/\/www.emmentaler.ch\/fr\/wp-json\/wp\/v2\/recipe_categories?post=29089"},{"taxonomy":"et_countries","embeddable":true,"href":"https:\/\/www.emmentaler.ch\/fr\/wp-json\/wp\/v2\/et_countries?post=29089"},{"taxonomy":"recipe_main_ingredient","embeddable":true,"href":"https:\/\/www.emmentaler.ch\/fr\/wp-json\/wp\/v2\/recipe_main_ingredient?post=29089"},{"taxonomy":"recipe_difficulty","embeddable":true,"href":"https:\/\/www.emmentaler.ch\/fr\/wp-json\/wp\/v2\/recipe_difficulty?post=29089"},{"taxonomy":"recipe_preparation_time","embeddable":true,"href":"https:\/\/www.emmentaler.ch\/fr\/wp-json\/wp\/v2\/recipe_preparation_time?post=29089"},{"taxonomy":"recipe_diet_type","embeddable":true,"href":"https:\/\/www.emmentaler.ch\/fr\/wp-json\/wp\/v2\/recipe_diet_type?post=29089"},{"taxonomy":"recipe_saison","embeddable":true,"href":"https:\/\/www.emmentaler.ch\/fr\/wp-json\/wp\/v2\/recipe_saison?post=29089"}],"curies":[{"name":"wp","href":"https:\/\/api.w.org\/{rel}","templated":true}]}}

150 g de lentilles noire ou vertes
500 g de haricots verts
750 g de pommes de terre
3 dl de bouillon de légumes
1 bouquet de thym
1 botte de persil
2 gousses d'ail
2 c. à s. de graines de tournesol
2 c. à s. de vinaigre
4 c. à s. d'huile de colza
Sel, poivre
250 g d'Emmentaler AOP

Faire tremper les lentilles 20 minutes dans une grande casserole d'eau. Parer les haricots. Eplucher les pommes de terre et les couper en morceaux. Faire mijoter les haricots 10 minutes dans le bouillon, ajouter les dés de pomme de terre et faire cuire 15 minutes. Réserver 1 dl de bouillon pour la sauce et jeter le reste.

Effeuiller le thym, hacher grossièrement le persil. Mettre les herbes, l'ail, les graines de tournesol, le vinaigre et le bouillon dans un récipient haut et réduire en purée à l'aide du mixeur plongeant. Incorporer l'huile, saler et poivrer.

Couper l'Emmentaler AOP en dés. Mélanger tous les ingrédients au pesto. Servir tiède ou froid.
