{"id":29181,"date":"2022-04-27T13:38:44","date_gmt":"2022-04-27T11:38:44","guid":{"rendered":"https:\/\/www.emmentaler.ch\/rezept\/poelee-de-knoepfli-a-la-courge"},"modified":"2022-08-12T17:17:33","modified_gmt":"2022-08-12T15:17:33","slug":"poelee-de-knoepfli-a-la-courge","status":"publish","type":"recipes","link":"https:\/\/www.emmentaler.ch\/fr\/recettes\/poelee-de-knoepfli-a-la-courge","title":{"rendered":"Po\u00eal\u00e9e de kn\u00f6pfli \u00e0 la courge"},"author":2,"featured_media":43562,"menu_order":0,"template":"","meta":{"inline_featured_image":false},"tags":[],"recipe_categories":[617],"et_countries":[],"recipe_main_ingredient":[604],"recipe_difficulty":[580],"recipe_preparation_time":[284],"recipe_diet_type":[567,572],"recipe_saison":[540],"acf":{"recipe_preparation_time":284,"recipe_categories":617,"recipe_time_txt":"40 minutes plus 30 minutes de repos","recipe_type":64272,"recipe_difficulty":580,"recipe_diet_type":[567,572],"recipe_main_ingredient":[604],"recipe_saison":[540],"recipe_count_portions":4,"recipe_ingedients":[{"recipe_ingedients_amount":"","recipe_ingedients_unit":"g","recipe_ingedients_product":""}],"temporare_zutaten":"450 g de courge d'Hokka\u00efdo (potimarron)\r\n300 g de farine d'\u00e9peautre\r\n3 \u0153ufs\r\n1 c. \u00e0 c. de sel\r\n1 petit oignon\r\n1 f\u00fbt de poireau\r\n1 c. \u00e0 s. d'huile\r\n1 dl de cidre\r\n1,5 dl de bouillon\r\n350 g de marrons surgel\u00e9s d\u00e9congel\u00e9s\r\nUn peu de romarin\r\nPoivre\r\n125 g d'Emmentaler AOP doux","recipe_preparation":"Couper la courge en d\u00e9s, la faire cuire 20 minutes \u00e0 la vapeur, la r\u00e9duire en pur\u00e9e et la laisser refroidir. M\u00e9langer la farine, les \u0153ufs, le sel et la pur\u00e9e de courges dans un saladier, fouetter jusqu'\u00e0 obtenir une p\u00e2te lisse et laisser reposer 30 minutes.\r\n\r\nHacher finement l'oignon, couper le poireau en rondelles et les faire revenir ensemble dans de l'huile chaude puis mouiller avec le cidre. Ajouter le bouillon et les marrons, faire mijoter 10 minutes, assaisonner avec le romarin, le sel et le poivre.\r\n\r\nCouper l'Emmentaler AOP en petits d\u00e9s. Faire chauffer une grande casserole d'eau sal\u00e9e et faire tomber la p\u00e2te, portion par portion, dans la casserole \u00e0 l'aide d'une r\u00e2pe \u00e0 kn\u00f6pfli. Les sortir avec une \u00e9cumoire d\u00e8s qu'ils remontent \u00e0 la surface. Ajouter les kn\u00f6pfli \u00e0 la pr\u00e9paration de marrons, chauffer bri\u00e8vement et y incorporer les d\u00e9s de fromage.","recipe_images":[29197]},"_links":{"self":[{"href":"https:\/\/www.emmentaler.ch\/fr\/wp-json\/wp\/v2\/recipes\/29181"}],"collection":[{"href":"https:\/\/www.emmentaler.ch\/fr\/wp-json\/wp\/v2\/recipes"}],"about":[{"href":"https:\/\/www.emmentaler.ch\/fr\/wp-json\/wp\/v2\/types\/recipes"}],"author":[{"embeddable":true,"href":"https:\/\/www.emmentaler.ch\/fr\/wp-json\/wp\/v2\/users\/2"}],"version-history":[{"count":0,"href":"https:\/\/www.emmentaler.ch\/fr\/wp-json\/wp\/v2\/recipes\/29181\/revisions"}],"acf:attachment":[{"embeddable":true,"href":"https:\/\/www.emmentaler.ch\/fr\/wp-json\/wp\/v2\/media\/29197"}],"acf:term":[{"embeddable":true,"taxonomy":"recipe_saison","href":"https:\/\/www.emmentaler.ch\/fr\/wp-json\/wp\/v2\/recipe_saison\/540"},{"embeddable":true,"taxonomy":"recipe_main_ingredient","href":"https:\/\/www.emmentaler.ch\/fr\/wp-json\/wp\/v2\/recipe_main_ingredient\/604"},{"embeddable":true,"taxonomy":"recipe_diet_type","href":"https:\/\/www.emmentaler.ch\/fr\/wp-json\/wp\/v2\/recipe_diet_type\/572"},{"embeddable":true,"taxonomy":"recipe_diet_type","href":"https:\/\/www.emmentaler.ch\/fr\/wp-json\/wp\/v2\/recipe_diet_type\/567"},{"embeddable":true,"taxonomy":"recipe_difficulty","href":"https:\/\/www.emmentaler.ch\/fr\/wp-json\/wp\/v2\/recipe_difficulty\/580"},{"embeddable":true,"taxonomy":"recipe_categories","href":"https:\/\/www.emmentaler.ch\/fr\/wp-json\/wp\/v2\/recipe_categories\/617"},{"embeddable":true,"taxonomy":"recipe_preparation_time","href":"https:\/\/www.emmentaler.ch\/fr\/wp-json\/wp\/v2\/recipe_preparation_time\/284"}],"acf:post":[{"embeddable":true,"href":"https:\/\/www.emmentaler.ch\/fr\/wp-json\/wp\/v2\/pages\/64272"}],"wp:featuredmedia":[{"embeddable":true,"href":"https:\/\/www.emmentaler.ch\/fr\/wp-json\/wp\/v2\/media\/43562"}],"wp:attachment":[{"href":"https:\/\/www.emmentaler.ch\/fr\/wp-json\/wp\/v2\/media?parent=29181"}],"wp:term":[{"taxonomy":"post_tag","embeddable":true,"href":"https:\/\/www.emmentaler.ch\/fr\/wp-json\/wp\/v2\/tags?post=29181"},{"taxonomy":"recipe_categories","embeddable":true,"href":"https:\/\/www.emmentaler.ch\/fr\/wp-json\/wp\/v2\/recipe_categories?post=29181"},{"taxonomy":"et_countries","embeddable":true,"href":"https:\/\/www.emmentaler.ch\/fr\/wp-json\/wp\/v2\/et_countries?post=29181"},{"taxonomy":"recipe_main_ingredient","embeddable":true,"href":"https:\/\/www.emmentaler.ch\/fr\/wp-json\/wp\/v2\/recipe_main_ingredient?post=29181"},{"taxonomy":"recipe_difficulty","embeddable":true,"href":"https:\/\/www.emmentaler.ch\/fr\/wp-json\/wp\/v2\/recipe_difficulty?post=29181"},{"taxonomy":"recipe_preparation_time","embeddable":true,"href":"https:\/\/www.emmentaler.ch\/fr\/wp-json\/wp\/v2\/recipe_preparation_time?post=29181"},{"taxonomy":"recipe_diet_type","embeddable":true,"href":"https:\/\/www.emmentaler.ch\/fr\/wp-json\/wp\/v2\/recipe_diet_type?post=29181"},{"taxonomy":"recipe_saison","embeddable":true,"href":"https:\/\/www.emmentaler.ch\/fr\/wp-json\/wp\/v2\/recipe_saison?post=29181"}],"curies":[{"name":"wp","href":"https:\/\/api.w.org\/{rel}","templated":true}]}}

Poêlée de knöpfli à la courge

450 g de courge d'Hokkaïdo (potimarron)
300 g de farine d'épeautre
3 œufs
1 c. à c. de sel
1 petit oignon
1 fût de poireau
1 c. à s. d'huile
1 dl de cidre
1,5 dl de bouillon
350 g de marrons surgelés décongelés
Un peu de romarin
Poivre
125 g d'Emmentaler AOP doux

Couper la courge en dés, la faire cuire 20 minutes à la vapeur, la réduire en purée et la laisser refroidir. Mélanger la farine, les œufs, le sel et la purée de courges dans un saladier, fouetter jusqu'à obtenir une pâte lisse et laisser reposer 30 minutes.

Hacher finement l'oignon, couper le poireau en rondelles et les faire revenir ensemble dans de l'huile chaude puis mouiller avec le cidre. Ajouter le bouillon et les marrons, faire mijoter 10 minutes, assaisonner avec le romarin, le sel et le poivre.

Couper l'Emmentaler AOP en petits dés. Faire chauffer une grande casserole d'eau salée et faire tomber la pâte, portion par portion, dans la casserole à l'aide d'une râpe à knöpfli. Les sortir avec une écumoire dès qu'ils remontent à la surface. Ajouter les knöpfli à la préparation de marrons, chauffer brièvement et y incorporer les dés de fromage.
