{"id":29212,"date":"2022-04-27T13:38:44","date_gmt":"2022-04-27T11:38:44","guid":{"rendered":"https:\/\/www.emmentaler.ch\/rezept\/quiche-de-blette"},"modified":"2022-08-12T16:51:37","modified_gmt":"2022-08-12T14:51:37","slug":"quiche-de-blette","status":"publish","type":"recipes","link":"https:\/\/www.emmentaler.ch\/fr\/recettes\/quiche-de-blette","title":{"rendered":"Quiche de blette"},"author":2,"featured_media":29228,"menu_order":0,"template":"","meta":{"inline_featured_image":false},"tags":[],"recipe_categories":[617],"et_countries":[],"recipe_main_ingredient":[604],"recipe_difficulty":[583],"recipe_preparation_time":[284],"recipe_diet_type":[572],"recipe_saison":[532],"acf":{"recipe_preparation_time":284,"recipe_categories":617,"recipe_time_txt":"40 minutes plus 30 minutes de cuisson","recipe_type":64303,"recipe_difficulty":583,"recipe_diet_type":[572],"recipe_main_ingredient":[604],"recipe_saison":[532],"recipe_count_portions":4,"recipe_ingedients":[{"recipe_ingedients_amount":"","recipe_ingedients_unit":"g","recipe_ingedients_product":""}],"temporare_zutaten":"200 g de farine\r\n\u00bd c. \u00e0 c. de sel\r\n150 g d'Emmentaler AOP r\u00e2p\u00e9\r\n75 g de beurre froid en petits morceaux\r\n5-6 c. \u00e0 s. d'eau\r\n600 g de blette\r\n1 c. \u00e0 s. d'huile de colza\r\n3 gousses d'ail\r\nSel, poivre\r\n2 \u0153ufs\r\n1 dl de cr\u00e8me\r\n1 dl de lait\r\nNoix de muscade","recipe_preparation":"M\u00e9langer la farine, le sel et 50 g d'Emmentaler AOP dans un saladier, ajouter le beurre et effriter entre les mains. Ajouter de l'eau et p\u00e9trir la p\u00e2te jusqu'\u00e0 ce qu'elle soit souple. Laisser reposer au frais environ 1 heure.\r\n\r\nCouper les feuilles vertes et les tiges des blettes s\u00e9par\u00e9ment en lani\u00e8re d'1 cm. Faire chauffer l'huile et y faire revenir les tiges 3-4 minutes. Ajouter les feuilles et continuer la cuisson jusqu'\u00e0 ce que les feuilles se d\u00e9fassent. Y presser l'ail, saler et poivrer, laisser refroidir.\r\n\r\nAbaisser la p\u00e2te et garnir la plaque \u00e0 g\u00e2teau. Piquer la p\u00e2te \u00e0 la fourchette et y r\u00e9partir 50 g d'Emmentaler AOP. D\u00e9poser les blettes sur la p\u00e2te. M\u00e9langer les \u0153ufs avec la cr\u00e8me, le lait et le reste de fromage. Assaisonner l'appareil avec le sel, le poivre et la noix de muscade puis verser sur les l\u00e9gumes.\r\n\r\nFaire cuire 30 minutes sur la grille la plus basse \u00e0 200\u00b0C.\r\n\r\n(Pour une plaque \u00e0 g\u00e2teau de 28 cm de diam\u00e8tre)","recipe_images":[29228]},"_links":{"self":[{"href":"https:\/\/www.emmentaler.ch\/fr\/wp-json\/wp\/v2\/recipes\/29212"}],"collection":[{"href":"https:\/\/www.emmentaler.ch\/fr\/wp-json\/wp\/v2\/recipes"}],"about":[{"href":"https:\/\/www.emmentaler.ch\/fr\/wp-json\/wp\/v2\/types\/recipes"}],"author":[{"embeddable":true,"href":"https:\/\/www.emmentaler.ch\/fr\/wp-json\/wp\/v2\/users\/2"}],"version-history":[{"count":0,"href":"https:\/\/www.emmentaler.ch\/fr\/wp-json\/wp\/v2\/recipes\/29212\/revisions"}],"acf:attachment":[{"embeddable":true,"href":"https:\/\/www.emmentaler.ch\/fr\/wp-json\/wp\/v2\/media\/29228"}],"acf:term":[{"embeddable":true,"taxonomy":"recipe_saison","href":"https:\/\/www.emmentaler.ch\/fr\/wp-json\/wp\/v2\/recipe_saison\/532"},{"embeddable":true,"taxonomy":"recipe_main_ingredient","href":"https:\/\/www.emmentaler.ch\/fr\/wp-json\/wp\/v2\/recipe_main_ingredient\/604"},{"embeddable":true,"taxonomy":"recipe_diet_type","href":"https:\/\/www.emmentaler.ch\/fr\/wp-json\/wp\/v2\/recipe_diet_type\/572"},{"embeddable":true,"taxonomy":"recipe_difficulty","href":"https:\/\/www.emmentaler.ch\/fr\/wp-json\/wp\/v2\/recipe_difficulty\/583"},{"embeddable":true,"taxonomy":"recipe_categories","href":"https:\/\/www.emmentaler.ch\/fr\/wp-json\/wp\/v2\/recipe_categories\/617"},{"embeddable":true,"taxonomy":"recipe_preparation_time","href":"https:\/\/www.emmentaler.ch\/fr\/wp-json\/wp\/v2\/recipe_preparation_time\/284"}],"acf:post":[{"embeddable":true,"href":"https:\/\/www.emmentaler.ch\/fr\/wp-json\/wp\/v2\/pages\/64303"}],"wp:featuredmedia":[{"embeddable":true,"href":"https:\/\/www.emmentaler.ch\/fr\/wp-json\/wp\/v2\/media\/29228"}],"wp:attachment":[{"href":"https:\/\/www.emmentaler.ch\/fr\/wp-json\/wp\/v2\/media?parent=29212"}],"wp:term":[{"taxonomy":"post_tag","embeddable":true,"href":"https:\/\/www.emmentaler.ch\/fr\/wp-json\/wp\/v2\/tags?post=29212"},{"taxonomy":"recipe_categories","embeddable":true,"href":"https:\/\/www.emmentaler.ch\/fr\/wp-json\/wp\/v2\/recipe_categories?post=29212"},{"taxonomy":"et_countries","embeddable":true,"href":"https:\/\/www.emmentaler.ch\/fr\/wp-json\/wp\/v2\/et_countries?post=29212"},{"taxonomy":"recipe_main_ingredient","embeddable":true,"href":"https:\/\/www.emmentaler.ch\/fr\/wp-json\/wp\/v2\/recipe_main_ingredient?post=29212"},{"taxonomy":"recipe_difficulty","embeddable":true,"href":"https:\/\/www.emmentaler.ch\/fr\/wp-json\/wp\/v2\/recipe_difficulty?post=29212"},{"taxonomy":"recipe_preparation_time","embeddable":true,"href":"https:\/\/www.emmentaler.ch\/fr\/wp-json\/wp\/v2\/recipe_preparation_time?post=29212"},{"taxonomy":"recipe_diet_type","embeddable":true,"href":"https:\/\/www.emmentaler.ch\/fr\/wp-json\/wp\/v2\/recipe_diet_type?post=29212"},{"taxonomy":"recipe_saison","embeddable":true,"href":"https:\/\/www.emmentaler.ch\/fr\/wp-json\/wp\/v2\/recipe_saison?post=29212"}],"curies":[{"name":"wp","href":"https:\/\/api.w.org\/{rel}","templated":true}]}}

200 g de farine
½ c. à c. de sel
150 g d'Emmentaler AOP râpé
75 g de beurre froid en petits morceaux
5-6 c. à s. d'eau
600 g de blette
1 c. à s. d'huile de colza
3 gousses d'ail
Sel, poivre
2 œufs
1 dl de crème
1 dl de lait
Noix de muscade

Mélanger la farine, le sel et 50 g d'Emmentaler AOP dans un saladier, ajouter le beurre et effriter entre les mains. Ajouter de l'eau et pétrir la pâte jusqu'à ce qu'elle soit souple. Laisser reposer au frais environ 1 heure.

Couper les feuilles vertes et les tiges des blettes séparément en lanière d'1 cm. Faire chauffer l'huile et y faire revenir les tiges 3-4 minutes. Ajouter les feuilles et continuer la cuisson jusqu'à ce que les feuilles se défassent. Y presser l'ail, saler et poivrer, laisser refroidir.

Abaisser la pâte et garnir la plaque à gâteau. Piquer la pâte à la fourchette et y répartir 50 g d'Emmentaler AOP. Déposer les blettes sur la pâte. Mélanger les œufs avec la crème, le lait et le reste de fromage. Assaisonner l'appareil avec le sel, le poivre et la noix de muscade puis verser sur les légumes.

Faire cuire 30 minutes sur la grille la plus basse à 200°C.

(Pour une plaque à gâteau de 28 cm de diamètre)
