{"id":29274,"date":"2022-04-27T13:38:44","date_gmt":"2022-04-27T11:38:44","guid":{"rendered":"https:\/\/www.emmentaler.ch\/rezept\/crepes-aux-herbes"},"modified":"2022-06-27T15:23:12","modified_gmt":"2022-06-27T13:23:12","slug":"crepes-aux-herbes","status":"publish","type":"recipes","link":"https:\/\/www.emmentaler.ch\/fr\/recettes\/crepes-aux-herbes","title":{"rendered":"Cr\u00eapes aux herbes"},"author":2,"featured_media":22722,"menu_order":0,"template":"","meta":{"inline_featured_image":false},"tags":[],"recipe_categories":[617],"et_countries":[],"recipe_main_ingredient":[604],"recipe_difficulty":[580],"recipe_preparation_time":[274],"recipe_diet_type":[572],"recipe_saison":[559],"acf":{"recipe_preparation_time":274,"recipe_categories":617,"recipe_time_txt":"45 minutes plus 30 minutes pour lever plus 25 minutes de cuisson","recipe_type":63916,"recipe_difficulty":580,"recipe_diet_type":[572],"recipe_main_ingredient":[604],"recipe_saison":[559],"recipe_count_portions":4,"recipe_ingedients":[{"recipe_ingedients_amount":"","recipe_ingedients_unit":"g","recipe_ingedients_product":""}],"temporare_zutaten":"200 g d'Emmentaler AOP\r\n125 g de farine\r\n\u00bd c. \u00e0 c. de sel\r\n2,5 dl de lait\r\n4 \u0153ufs\r\nBeurre pour la cuisson\r\n50 g de noix\r\n2 poign\u00e9es d'herbes aromatiques m\u00e9lang\u00e9es, p. ex. persil, cerfeuil, ciboulette, basilic\r\n350 g de ricotta\r\nSel, poivre\r\nZeste de citron\r\n500 g de tomates cerises en branches\r\n1 c. \u00e0 s. d'huile d'olive","recipe_preparation":"R\u00e2per finement l'Emmentaler AOP. M\u00e9langer la farine, le sel, le lait et 25 g de fromage. Battre les \u0153ufs avec la p\u00e2te, laisser reposer 30 minutes. Faire fondre un peu de beurre dans une grande po\u00eale anti-adh\u00e9sive et y faire cuire 8 cr\u00eapes.\r\n\r\nHacher grossi\u00e8rement les noix. Hacher finement les herbes et les m\u00e9langer avec les noix, la ricotta et 125 g d'Emmentaler AOP. Assaisonner avec le sel, le poivre et le zeste de citron. R\u00e9partir la farce sur les cr\u00eapes, les rouler et les disposer dans un plat \u00e0 gratin. R\u00e9partir les tomates par dessus et parsemer le reste du fromage puis verser l'huile. Faire gratiner 25 minutes dans le four pr\u00e9chauff\u00e9 \u00e0 200\u00b0C.","recipe_images":[29290]},"_links":{"self":[{"href":"https:\/\/www.emmentaler.ch\/fr\/wp-json\/wp\/v2\/recipes\/29274"}],"collection":[{"href":"https:\/\/www.emmentaler.ch\/fr\/wp-json\/wp\/v2\/recipes"}],"about":[{"href":"https:\/\/www.emmentaler.ch\/fr\/wp-json\/wp\/v2\/types\/recipes"}],"author":[{"embeddable":true,"href":"https:\/\/www.emmentaler.ch\/fr\/wp-json\/wp\/v2\/users\/2"}],"version-history":[{"count":0,"href":"https:\/\/www.emmentaler.ch\/fr\/wp-json\/wp\/v2\/recipes\/29274\/revisions"}],"acf:attachment":[{"embeddable":true,"href":"https:\/\/www.emmentaler.ch\/fr\/wp-json\/wp\/v2\/media\/29290"}],"acf:term":[{"embeddable":true,"taxonomy":"recipe_saison","href":"https:\/\/www.emmentaler.ch\/fr\/wp-json\/wp\/v2\/recipe_saison\/559"},{"embeddable":true,"taxonomy":"recipe_main_ingredient","href":"https:\/\/www.emmentaler.ch\/fr\/wp-json\/wp\/v2\/recipe_main_ingredient\/604"},{"embeddable":true,"taxonomy":"recipe_diet_type","href":"https:\/\/www.emmentaler.ch\/fr\/wp-json\/wp\/v2\/recipe_diet_type\/572"},{"embeddable":true,"taxonomy":"recipe_difficulty","href":"https:\/\/www.emmentaler.ch\/fr\/wp-json\/wp\/v2\/recipe_difficulty\/580"},{"embeddable":true,"taxonomy":"recipe_categories","href":"https:\/\/www.emmentaler.ch\/fr\/wp-json\/wp\/v2\/recipe_categories\/617"},{"embeddable":true,"taxonomy":"recipe_preparation_time","href":"https:\/\/www.emmentaler.ch\/fr\/wp-json\/wp\/v2\/recipe_preparation_time\/274"}],"acf:post":[{"embeddable":true,"href":"https:\/\/www.emmentaler.ch\/fr\/wp-json\/wp\/v2\/pages\/63916"}],"wp:featuredmedia":[{"embeddable":true,"href":"https:\/\/www.emmentaler.ch\/fr\/wp-json\/wp\/v2\/media\/22722"}],"wp:attachment":[{"href":"https:\/\/www.emmentaler.ch\/fr\/wp-json\/wp\/v2\/media?parent=29274"}],"wp:term":[{"taxonomy":"post_tag","embeddable":true,"href":"https:\/\/www.emmentaler.ch\/fr\/wp-json\/wp\/v2\/tags?post=29274"},{"taxonomy":"recipe_categories","embeddable":true,"href":"https:\/\/www.emmentaler.ch\/fr\/wp-json\/wp\/v2\/recipe_categories?post=29274"},{"taxonomy":"et_countries","embeddable":true,"href":"https:\/\/www.emmentaler.ch\/fr\/wp-json\/wp\/v2\/et_countries?post=29274"},{"taxonomy":"recipe_main_ingredient","embeddable":true,"href":"https:\/\/www.emmentaler.ch\/fr\/wp-json\/wp\/v2\/recipe_main_ingredient?post=29274"},{"taxonomy":"recipe_difficulty","embeddable":true,"href":"https:\/\/www.emmentaler.ch\/fr\/wp-json\/wp\/v2\/recipe_difficulty?post=29274"},{"taxonomy":"recipe_preparation_time","embeddable":true,"href":"https:\/\/www.emmentaler.ch\/fr\/wp-json\/wp\/v2\/recipe_preparation_time?post=29274"},{"taxonomy":"recipe_diet_type","embeddable":true,"href":"https:\/\/www.emmentaler.ch\/fr\/wp-json\/wp\/v2\/recipe_diet_type?post=29274"},{"taxonomy":"recipe_saison","embeddable":true,"href":"https:\/\/www.emmentaler.ch\/fr\/wp-json\/wp\/v2\/recipe_saison?post=29274"}],"curies":[{"name":"wp","href":"https:\/\/api.w.org\/{rel}","templated":true}]}}

Crêpes aux herbes

200 g d'Emmentaler AOP
125 g de farine
½ c. à c. de sel
2,5 dl de lait
4 œufs
Beurre pour la cuisson
50 g de noix
2 poignées d'herbes aromatiques mélangées, p. ex. persil, cerfeuil, ciboulette, basilic
350 g de ricotta
Sel, poivre
Zeste de citron
500 g de tomates cerises en branches
1 c. à s. d'huile d'olive

Râper finement l'Emmentaler AOP. Mélanger la farine, le sel, le lait et 25 g de fromage. Battre les œufs avec la pâte, laisser reposer 30 minutes. Faire fondre un peu de beurre dans une grande poêle anti-adhésive et y faire cuire 8 crêpes.

Hacher grossièrement les noix. Hacher finement les herbes et les mélanger avec les noix, la ricotta et 125 g d'Emmentaler AOP. Assaisonner avec le sel, le poivre et le zeste de citron. Répartir la farce sur les crêpes, les rouler et les disposer dans un plat à gratin. Répartir les tomates par dessus et parsemer le reste du fromage puis verser l'huile. Faire gratiner 25 minutes dans le four préchauffé à 200°C.
