{"id":29428,"date":"2022-04-27T13:38:00","date_gmt":"2022-04-27T11:38:00","guid":{"rendered":"https:\/\/www.emmentaler.ch\/rezept\/terrine-de-fromage-a-la-moutarde-aux-abricots"},"modified":"2022-08-18T15:33:26","modified_gmt":"2022-08-18T13:33:26","slug":"terrine-de-fromage-a-la-moutarde-aux-abricots","status":"publish","type":"recipes","link":"https:\/\/www.emmentaler.ch\/fr\/recettes\/terrine-de-fromage-a-la-moutarde-aux-abricots","title":{"rendered":"Terrine de fromage \u00e0 la moutarde aux abricots"},"author":2,"featured_media":22568,"menu_order":0,"template":"","meta":{"inline_featured_image":false},"tags":[],"recipe_categories":[615],"et_countries":[],"recipe_main_ingredient":[596],"recipe_difficulty":[580],"recipe_preparation_time":[316],"recipe_diet_type":[564,572],"recipe_saison":[548,527,559],"acf":{"recipe_preparation_time":316,"recipe_categories":615,"recipe_time_txt":"30 minutes plus 3 heures de repos","recipe_type":64290,"recipe_difficulty":580,"recipe_diet_type":[564,572],"recipe_main_ingredient":[596],"recipe_saison":[527,559,548],"recipe_count_portions":5,"recipe_ingedients":[{"recipe_ingedients_amount":"5","recipe_ingedients_unit":"g","recipe_ingedients_product":"de pignons"},{"recipe_ingedients_amount":"5","recipe_ingedients_unit":"g","recipe_ingedients_product":"d'abricots secs"},{"recipe_ingedients_amount":"30","recipe_ingedients_unit":"g","recipe_ingedients_product":"d'Emmentaler AOP, cors\u00e9"},{"recipe_ingedients_amount":"20","recipe_ingedients_unit":"g","recipe_ingedients_product":"de s\u00e9r\u00e9 maigre"},{"recipe_ingedients_amount":"0.4","recipe_ingedients_unit":"El","recipe_ingedients_product":"de Sherry sec"},{"recipe_ingedients_amount":"20","recipe_ingedients_unit":"ml","recipe_ingedients_product":"de cr\u00e8me"},{"recipe_ingedients_amount":"0.4","recipe_ingedients_unit":"St\u00fcck","recipe_ingedients_product":"feuilles de g\u00e9latine, \u00e0 faire tremper dans l'eau"},{"recipe_ingedients_amount":"20","recipe_ingedients_unit":"g","recipe_ingedients_product":"d'Emmentaler AOP en fines tranches"},{"recipe_ingedients_amount":"10","recipe_ingedients_unit":"g","recipe_ingedients_product":"d'abricots secs"},{"recipe_ingedients_amount":"0.6","recipe_ingedients_unit":"El","recipe_ingedients_product":"de moutarde"},{"recipe_ingedients_amount":"0.4","recipe_ingedients_unit":"El","recipe_ingedients_product":"de miel"},{"recipe_ingedients_amount":"","recipe_ingedients_unit":"Bedarf","recipe_ingedients_product":"Poivre de Cayenne"},{"recipe_ingedients_amount":"","recipe_ingedients_unit":"Bedarf","recipe_ingedients_product":"Sel, poivre"}],"temporare_zutaten":"25 g Pinienkerne\r\n25 g getrocknete Aprikosen\r\n150 g rezenter Emmentaler AOP\r\n100 g Magerquark\r\n2 EL trockener Sherry\r\n1 dl Rahm\r\n2 Blatt Gelatine, in kaltem Wasser eingelegt\r\nCayennepfeffer\r\nSalz, Pfeffer\r\nca. 100 g d\u00fcnne Emmentaler AOP Scheiben\r\n50 g\r\n3 EL Senf\r\n1 EL Honig","recipe_preparation":"Chemiser un moule \u00e0 terrine (0,5 l env.) de film alimentaire. Faire dorer les pignons dans une po\u00eale sans ajout de mati\u00e8re grasse. Couper les abricots en petits d\u00e9s. R\u00e2per finement l\u2019Emmentaler AOP.\r\n\r\nM\u00e9langer le s\u00e9r\u00e9, le Sherry, les abricots, les pignons et le fromage r\u00e2p\u00e9.\r\n\r\nMettre la cr\u00e8me et la g\u00e9latine \u00e9goutt\u00e9e dans une petite casserole. Faire chauffer doucement en remuant jusqu\u2019\u00e0 ce que la g\u00e9latine soit dissoute. Incorporer au m\u00e9lange fromage-s\u00e9r\u00e9. Assaisonner g\u00e9n\u00e9reusement.\r\n\r\nGarnir le fond de la terrine avec 1\/3 des tranches de fromage. Verser la moiti\u00e9 de la pr\u00e9paration puis d\u00e9poser une nouvelle couche de tranches de fromage. Verser le reste de la p\u00e2te et terminer par le fromage restant. Mettre au frais pendant 3 heures au moins.\r\n\r\nCouper les abricots en tranches et porter \u00e0 \u00e9bullition dans 1 dl d\u2019eau, laisser gonfler pendant 30 minutes, ajouter la moutarde et le miel et reduire en pur\u00e9e pas trop fine. Servir frais avec la terrine.","recipe_images":[22568]},"_links":{"self":[{"href":"https:\/\/www.emmentaler.ch\/fr\/wp-json\/wp\/v2\/recipes\/29428"}],"collection":[{"href":"https:\/\/www.emmentaler.ch\/fr\/wp-json\/wp\/v2\/recipes"}],"about":[{"href":"https:\/\/www.emmentaler.ch\/fr\/wp-json\/wp\/v2\/types\/recipes"}],"author":[{"embeddable":true,"href":"https:\/\/www.emmentaler.ch\/fr\/wp-json\/wp\/v2\/users\/2"}],"version-history":[{"count":0,"href":"https:\/\/www.emmentaler.ch\/fr\/wp-json\/wp\/v2\/recipes\/29428\/revisions"}],"acf:attachment":[{"embeddable":true,"href":"https:\/\/www.emmentaler.ch\/fr\/wp-json\/wp\/v2\/media\/22568"}],"acf:term":[{"embeddable":true,"taxonomy":"recipe_saison","href":"https:\/\/www.emmentaler.ch\/fr\/wp-json\/wp\/v2\/recipe_saison\/548"},{"embeddable":true,"taxonomy":"recipe_saison","href":"https:\/\/www.emmentaler.ch\/fr\/wp-json\/wp\/v2\/recipe_saison\/559"},{"embeddable":true,"taxonomy":"recipe_saison","href":"https:\/\/www.emmentaler.ch\/fr\/wp-json\/wp\/v2\/recipe_saison\/527"},{"embeddable":true,"taxonomy":"recipe_main_ingredient","href":"https:\/\/www.emmentaler.ch\/fr\/wp-json\/wp\/v2\/recipe_main_ingredient\/596"},{"embeddable":true,"taxonomy":"recipe_diet_type","href":"https:\/\/www.emmentaler.ch\/fr\/wp-json\/wp\/v2\/recipe_diet_type\/572"},{"embeddable":true,"taxonomy":"recipe_diet_type","href":"https:\/\/www.emmentaler.ch\/fr\/wp-json\/wp\/v2\/recipe_diet_type\/564"},{"embeddable":true,"taxonomy":"recipe_difficulty","href":"https:\/\/www.emmentaler.ch\/fr\/wp-json\/wp\/v2\/recipe_difficulty\/580"},{"embeddable":true,"taxonomy":"recipe_categories","href":"https:\/\/www.emmentaler.ch\/fr\/wp-json\/wp\/v2\/recipe_categories\/615"},{"embeddable":true,"taxonomy":"recipe_preparation_time","href":"https:\/\/www.emmentaler.ch\/fr\/wp-json\/wp\/v2\/recipe_preparation_time\/316"}],"acf:post":[{"embeddable":true,"href":"https:\/\/www.emmentaler.ch\/fr\/wp-json\/wp\/v2\/pages\/64290"}],"wp:featuredmedia":[{"embeddable":true,"href":"https:\/\/www.emmentaler.ch\/fr\/wp-json\/wp\/v2\/media\/22568"}],"wp:attachment":[{"href":"https:\/\/www.emmentaler.ch\/fr\/wp-json\/wp\/v2\/media?parent=29428"}],"wp:term":[{"taxonomy":"post_tag","embeddable":true,"href":"https:\/\/www.emmentaler.ch\/fr\/wp-json\/wp\/v2\/tags?post=29428"},{"taxonomy":"recipe_categories","embeddable":true,"href":"https:\/\/www.emmentaler.ch\/fr\/wp-json\/wp\/v2\/recipe_categories?post=29428"},{"taxonomy":"et_countries","embeddable":true,"href":"https:\/\/www.emmentaler.ch\/fr\/wp-json\/wp\/v2\/et_countries?post=29428"},{"taxonomy":"recipe_main_ingredient","embeddable":true,"href":"https:\/\/www.emmentaler.ch\/fr\/wp-json\/wp\/v2\/recipe_main_ingredient?post=29428"},{"taxonomy":"recipe_difficulty","embeddable":true,"href":"https:\/\/www.emmentaler.ch\/fr\/wp-json\/wp\/v2\/recipe_difficulty?post=29428"},{"taxonomy":"recipe_preparation_time","embeddable":true,"href":"https:\/\/www.emmentaler.ch\/fr\/wp-json\/wp\/v2\/recipe_preparation_time?post=29428"},{"taxonomy":"recipe_diet_type","embeddable":true,"href":"https:\/\/www.emmentaler.ch\/fr\/wp-json\/wp\/v2\/recipe_diet_type?post=29428"},{"taxonomy":"recipe_saison","embeddable":true,"href":"https:\/\/www.emmentaler.ch\/fr\/wp-json\/wp\/v2\/recipe_saison?post=29428"}],"curies":[{"name":"wp","href":"https:\/\/api.w.org\/{rel}","templated":true}]}}

Terrine de fromage à la moutarde aux abricots

d'Emmentaler AOP, corsé

de séré maigre

de crème

Stück

feuilles de gélatine, à faire tremper dans l'eau

25 g Pinienkerne
25 g getrocknete Aprikosen
150 g rezenter Emmentaler AOP
100 g Magerquark
2 EL trockener Sherry
1 dl Rahm
2 Blatt Gelatine, in kaltem Wasser eingelegt
Cayennepfeffer
Salz, Pfeffer
ca. 100 g dünne Emmentaler AOP Scheiben
50 g
3 EL Senf
1 EL Honig

Chemiser un moule à terrine (0,5 l env.) de film alimentaire. Faire dorer les pignons dans une poêle sans ajout de matière grasse. Couper les abricots en petits dés. Râper finement l’Emmentaler AOP.

Mélanger le séré, le Sherry, les abricots, les pignons et le fromage râpé.

Mettre la crème et la gélatine égouttée dans une petite casserole. Faire chauffer doucement en remuant jusqu’à ce que la gélatine soit dissoute. Incorporer au mélange fromage-séré. Assaisonner généreusement.

Garnir le fond de la terrine avec 1/3 des tranches de fromage. Verser la moitié de la préparation puis déposer une nouvelle couche de tranches de fromage. Verser le reste de la pâte et terminer par le fromage restant. Mettre au frais pendant 3 heures au moins.

Couper les abricots en tranches et porter à ébullition dans 1 dl d’eau, laisser gonfler pendant 30 minutes, ajouter la moutarde et le miel et reduire en purée pas trop fine. Servir frais avec la terrine.
