{"id":29459,"date":"2022-04-27T13:38:00","date_gmt":"2022-04-27T11:38:00","guid":{"rendered":"https:\/\/www.emmentaler.ch\/rezept\/medaillons-de-fromage-et-salade-aux-legumes-de-printemps"},"modified":"2022-05-24T10:11:59","modified_gmt":"2022-05-24T08:11:59","slug":"medaillons-de-fromage-et-salade-aux-legumes-de-printemps","status":"publish","type":"recipes","link":"https:\/\/www.emmentaler.ch\/fr\/recettes\/medaillons-de-fromage-et-salade-aux-legumes-de-printemps","title":{"rendered":"M\u00e9daillons de fromage et salade aux l\u00e9gumes de printemps"},"author":2,"featured_media":29510,"menu_order":0,"template":"","meta":{"inline_featured_image":false},"tags":[],"recipe_categories":[617],"et_countries":[],"recipe_main_ingredient":[604],"recipe_difficulty":[575],"recipe_preparation_time":[272],"recipe_diet_type":[567,572],"recipe_saison":[532,559],"acf":{"recipe_preparation_time":272,"recipe_categories":617,"recipe_time_txt":"","recipe_type":64283,"recipe_difficulty":575,"recipe_diet_type":[567,572],"recipe_main_ingredient":[604],"recipe_saison":[532,559],"recipe_count_portions":4,"recipe_ingedients":[{"recipe_ingedients_amount":"75","recipe_ingedients_unit":"g","recipe_ingedients_product":"chapelure"},{"recipe_ingedients_amount":"125","recipe_ingedients_unit":"g","recipe_ingedients_product":"chou-rave"},{"recipe_ingedients_amount":"62.5","recipe_ingedients_unit":"g","recipe_ingedients_product":"Kefen"},{"recipe_ingedients_amount":"0.75","recipe_ingedients_unit":"El","recipe_ingedients_product":"vinaigre de vin rouge"},{"recipe_ingedients_amount":"1","recipe_ingedients_unit":"El","recipe_ingedients_product":"huile de colza"},{"recipe_ingedients_amount":"0.25","recipe_ingedients_unit":"Bd","recipe_ingedients_product":"ciboulette"},{"recipe_ingedients_amount":"18.75","recipe_ingedients_unit":"g","recipe_ingedients_product":"farine"},{"recipe_ingedients_amount":"0.125","recipe_ingedients_unit":"Tl","recipe_ingedients_product":"poudre \u00e0 lever"},{"recipe_ingedients_amount":"37.5","recipe_ingedients_unit":"g","recipe_ingedients_product":"Emmentaler AOP"},{"recipe_ingedients_amount":"0.75","recipe_ingedients_unit":"St\u00fcck","recipe_ingedients_product":"\u0153ufs"},{"recipe_ingedients_amount":"","recipe_ingedients_unit":"Bedarf","recipe_ingedients_product":""},{"recipe_ingedients_amount":"","recipe_ingedients_unit":"Bedarf","recipe_ingedients_product":""}],"temporare_zutaten":"300 g de carottes\r\nEnviron 500 g de chou-rave\r\n250 g de pois mange-tout\r\n3 CS de vinaigre de vin rouge\r\n4 CS d\u2019huile de colza\r\nSel, poivre\r\n1 bouquet de ciboulette\r\n75 g de farine\r\n\u00bd CC de levure chimique\r\n150 g d\u2019Emmentaler AOP jeune\r\n3 \u0153ufs\r\nSel, poivre\r\nBeurre pour la cuisson","recipe_preparation":"Eplucher les carottes et le chou-rave. Couper les carottes en rondelles de 5 mm d\u2019\u00e9paisseur et le chou-rave en fins b\u00e2tonnets. Couper les pois mange-tout en deux dans la diagonale. Faire cuire les l\u00e9gumes \u00e0 la vapeur 5 \u00e0 7 minutes de fa\u00e7on \u00e0 ce qu\u2019ils restent croquants.\r\n\r\nPr\u00e9parer une sauce avec le vinaigre, l\u2019huile, le sel et le poivre. M\u00e9langer les l\u00e9gumes \u00e0 la sauce. Ciseler la ciboulette et l\u2019ajouter au moment de servir.\r\n\r\nM\u00e9langer la farine et la levure dans un saladier. R\u00e2per finement l\u2019Emmentaler AOP. Battre les \u0153ufs. Incorporer le fromage et les \u0153ufs \u00e0 la farine, saler, poivrer et bien m\u00e9langer le tout. Faire fondre un peu de beurre dans une po\u00eale antiadh\u00e9sive. Pr\u00e9lever 1 cuill\u00e8re \u00e0 soupe de p\u00e2te par m\u00e9daillon et faire revenir \u00e0 la po\u00eale 2 minutes de chaque c\u00f4t\u00e9 \u00e0 feu moyen jusqu\u2019\u00e0 obtention d\u2019une jolie couleur dor\u00e9e. R\u00e9server les m\u00e9daillons au chaud au fur et \u00e0 mesure de la cuisson.\r\n\r\nDisposer les m\u00e9daillons de fromage sur la salade.","recipe_images":[22502,22507,22512,22517,22522]},"_links":{"self":[{"href":"https:\/\/www.emmentaler.ch\/fr\/wp-json\/wp\/v2\/recipes\/29459"}],"collection":[{"href":"https:\/\/www.emmentaler.ch\/fr\/wp-json\/wp\/v2\/recipes"}],"about":[{"href":"https:\/\/www.emmentaler.ch\/fr\/wp-json\/wp\/v2\/types\/recipes"}],"author":[{"embeddable":true,"href":"https:\/\/www.emmentaler.ch\/fr\/wp-json\/wp\/v2\/users\/2"}],"version-history":[{"count":0,"href":"https:\/\/www.emmentaler.ch\/fr\/wp-json\/wp\/v2\/recipes\/29459\/revisions"}],"acf:attachment":[{"embeddable":true,"href":"https:\/\/www.emmentaler.ch\/fr\/wp-json\/wp\/v2\/media\/22522"},{"embeddable":true,"href":"https:\/\/www.emmentaler.ch\/fr\/wp-json\/wp\/v2\/media\/22517"},{"embeddable":true,"href":"https:\/\/www.emmentaler.ch\/fr\/wp-json\/wp\/v2\/media\/22512"},{"embeddable":true,"href":"https:\/\/www.emmentaler.ch\/fr\/wp-json\/wp\/v2\/media\/22507"},{"embeddable":true,"href":"https:\/\/www.emmentaler.ch\/fr\/wp-json\/wp\/v2\/media\/22502"}],"acf:term":[{"embeddable":true,"taxonomy":"recipe_saison","href":"https:\/\/www.emmentaler.ch\/fr\/wp-json\/wp\/v2\/recipe_saison\/559"},{"embeddable":true,"taxonomy":"recipe_saison","href":"https:\/\/www.emmentaler.ch\/fr\/wp-json\/wp\/v2\/recipe_saison\/532"},{"embeddable":true,"taxonomy":"recipe_main_ingredient","href":"https:\/\/www.emmentaler.ch\/fr\/wp-json\/wp\/v2\/recipe_main_ingredient\/604"},{"embeddable":true,"taxonomy":"recipe_diet_type","href":"https:\/\/www.emmentaler.ch\/fr\/wp-json\/wp\/v2\/recipe_diet_type\/572"},{"embeddable":true,"taxonomy":"recipe_diet_type","href":"https:\/\/www.emmentaler.ch\/fr\/wp-json\/wp\/v2\/recipe_diet_type\/567"},{"embeddable":true,"taxonomy":"recipe_difficulty","href":"https:\/\/www.emmentaler.ch\/fr\/wp-json\/wp\/v2\/recipe_difficulty\/575"},{"embeddable":true,"taxonomy":"recipe_categories","href":"https:\/\/www.emmentaler.ch\/fr\/wp-json\/wp\/v2\/recipe_categories\/617"},{"embeddable":true,"taxonomy":"recipe_preparation_time","href":"https:\/\/www.emmentaler.ch\/fr\/wp-json\/wp\/v2\/recipe_preparation_time\/272"}],"acf:post":[{"embeddable":true,"href":"https:\/\/www.emmentaler.ch\/fr\/wp-json\/wp\/v2\/pages\/64283"}],"wp:featuredmedia":[{"embeddable":true,"href":"https:\/\/www.emmentaler.ch\/fr\/wp-json\/wp\/v2\/media\/29510"}],"wp:attachment":[{"href":"https:\/\/www.emmentaler.ch\/fr\/wp-json\/wp\/v2\/media?parent=29459"}],"wp:term":[{"taxonomy":"post_tag","embeddable":true,"href":"https:\/\/www.emmentaler.ch\/fr\/wp-json\/wp\/v2\/tags?post=29459"},{"taxonomy":"recipe_categories","embeddable":true,"href":"https:\/\/www.emmentaler.ch\/fr\/wp-json\/wp\/v2\/recipe_categories?post=29459"},{"taxonomy":"et_countries","embeddable":true,"href":"https:\/\/www.emmentaler.ch\/fr\/wp-json\/wp\/v2\/et_countries?post=29459"},{"taxonomy":"recipe_main_ingredient","embeddable":true,"href":"https:\/\/www.emmentaler.ch\/fr\/wp-json\/wp\/v2\/recipe_main_ingredient?post=29459"},{"taxonomy":"recipe_difficulty","embeddable":true,"href":"https:\/\/www.emmentaler.ch\/fr\/wp-json\/wp\/v2\/recipe_difficulty?post=29459"},{"taxonomy":"recipe_preparation_time","embeddable":true,"href":"https:\/\/www.emmentaler.ch\/fr\/wp-json\/wp\/v2\/recipe_preparation_time?post=29459"},{"taxonomy":"recipe_diet_type","embeddable":true,"href":"https:\/\/www.emmentaler.ch\/fr\/wp-json\/wp\/v2\/recipe_diet_type?post=29459"},{"taxonomy":"recipe_saison","embeddable":true,"href":"https:\/\/www.emmentaler.ch\/fr\/wp-json\/wp\/v2\/recipe_saison?post=29459"}],"curies":[{"name":"wp","href":"https:\/\/api.w.org\/{rel}","templated":true}]}}

Médaillons de fromage et salade aux légumes de printemps

poudre à lever

Stück

œufs

300 g de carottes
Environ 500 g de chou-rave
250 g de pois mange-tout
3 CS de vinaigre de vin rouge
4 CS d’huile de colza
Sel, poivre
1 bouquet de ciboulette
75 g de farine
½ CC de levure chimique
150 g d’Emmentaler AOP jeune
3 œufs
Sel, poivre
Beurre pour la cuisson

Eplucher les carottes et le chou-rave. Couper les carottes en rondelles de 5 mm d’épaisseur et le chou-rave en fins bâtonnets. Couper les pois mange-tout en deux dans la diagonale. Faire cuire les légumes à la vapeur 5 à 7 minutes de façon à ce qu’ils restent croquants.

Préparer une sauce avec le vinaigre, l’huile, le sel et le poivre. Mélanger les légumes à la sauce. Ciseler la ciboulette et l’ajouter au moment de servir.

Mélanger la farine et la levure dans un saladier. Râper finement l’Emmentaler AOP. Battre les œufs. Incorporer le fromage et les œufs à la farine, saler, poivrer et bien mélanger le tout. Faire fondre un peu de beurre dans une poêle antiadhésive. Prélever 1 cuillère à soupe de pâte par médaillon et faire revenir à la poêle 2 minutes de chaque côté à feu moyen jusqu’à obtention d’une jolie couleur dorée. Réserver les médaillons au chaud au fur et à mesure de la cuisson.

Disposer les médaillons de fromage sur la salade.
