{"id":29566,"date":"2022-04-27T13:38:00","date_gmt":"2022-04-27T11:38:00","guid":{"rendered":"https:\/\/www.emmentaler.ch\/rezept\/poelee-de-pommes-de-terre-au-emmentaler-aop"},"modified":"2022-07-29T16:26:28","modified_gmt":"2022-07-29T14:26:28","slug":"poelee-de-pommes-de-terre-au-emmentaler-aop","status":"publish","type":"recipes","link":"https:\/\/www.emmentaler.ch\/fr\/recettes\/poelee-de-pommes-de-terre-au-emmentaler-aop","title":{"rendered":"Po\u00eal\u00e9e de pommes de terre au Emmentaler AOP"},"author":2,"featured_media":43947,"menu_order":0,"template":"","meta":{"inline_featured_image":false},"tags":[],"recipe_categories":[617],"et_countries":[],"recipe_main_ingredient":[604,591],"recipe_difficulty":[580],"recipe_preparation_time":[278],"recipe_diet_type":[567],"recipe_saison":[559],"acf":{"recipe_preparation_time":278,"recipe_categories":617,"recipe_time_txt":"","recipe_type":64283,"recipe_difficulty":580,"recipe_diet_type":[567],"recipe_main_ingredient":[591,604],"recipe_saison":[559],"recipe_count_portions":4,"recipe_ingedients":[{"recipe_ingedients_amount":"","recipe_ingedients_unit":"g","recipe_ingedients_product":""}],"temporare_zutaten":"1 kg de pommes de terre \u00e0 chair ferme\r\nSel\r\n3 c. \u00e0 s. de noisettes\r\n100 d de lard en tranches\r\n1 \u00bd c. \u00e0 s. de beurre \u00e0 r\u00f4tir\r\n1 \u00bd c. \u00e0 s. d'huile d'olive\r\n2 bottes d'oignons de printemps\r\nPoivre\r\n\u00bd bouquet de marjolaine\r\n200 g de Emmentaler AOP","recipe_preparation":"Eplucher les pommes de terre et les faire cuire 6-8 minutes dans de l'eau sal\u00e9e. Les \u00e9goutter et les d\u00e9couper en tranches de 3 mm.\r\n\r\nHacher grossi\u00e8rement les noisettes et les faire griller quelques minutes dans une grande po\u00eale, r\u00e9server. Faire revenir le lard sans ajout de graisse jusqu'\u00e0 ce qu'il soit croustillant, r\u00e9server. Faire chauffer le beurre et l'huile d'olive et y faire rissoler les pommes de terre \u00e0 feu vif pendant 10-12 minutes en les retournant de temps en temps.\r\n\r\nCouper le bulbe des oignons de printemps en 4 ou en 2. D\u00e9couper les fanes en rondelles de 2 cm de long. Ajouter les bulbes et les fanes aux pommes de terre, saler et poivrer. Faire mijoter \u00e0 feu doux 10 minutes en remuant de temps en temps.\r\n\r\nEffeuiller les brins de marjolaine, couper le Emmentaler AOP en d\u00e9s d'1 cm. Incorporer les d\u00e9s de formage, les noisettes, le lard et la marjolaine aux pommes de terre. Faire chauffer bri\u00e8vement jusqu'\u00e0 ce que le fromage commence \u00e0 fondre.","recipe_images":[29582]},"_links":{"self":[{"href":"https:\/\/www.emmentaler.ch\/fr\/wp-json\/wp\/v2\/recipes\/29566"}],"collection":[{"href":"https:\/\/www.emmentaler.ch\/fr\/wp-json\/wp\/v2\/recipes"}],"about":[{"href":"https:\/\/www.emmentaler.ch\/fr\/wp-json\/wp\/v2\/types\/recipes"}],"author":[{"embeddable":true,"href":"https:\/\/www.emmentaler.ch\/fr\/wp-json\/wp\/v2\/users\/2"}],"version-history":[{"count":0,"href":"https:\/\/www.emmentaler.ch\/fr\/wp-json\/wp\/v2\/recipes\/29566\/revisions"}],"acf:attachment":[{"embeddable":true,"href":"https:\/\/www.emmentaler.ch\/fr\/wp-json\/wp\/v2\/media\/29582"}],"acf:term":[{"embeddable":true,"taxonomy":"recipe_saison","href":"https:\/\/www.emmentaler.ch\/fr\/wp-json\/wp\/v2\/recipe_saison\/559"},{"embeddable":true,"taxonomy":"recipe_main_ingredient","href":"https:\/\/www.emmentaler.ch\/fr\/wp-json\/wp\/v2\/recipe_main_ingredient\/604"},{"embeddable":true,"taxonomy":"recipe_main_ingredient","href":"https:\/\/www.emmentaler.ch\/fr\/wp-json\/wp\/v2\/recipe_main_ingredient\/591"},{"embeddable":true,"taxonomy":"recipe_diet_type","href":"https:\/\/www.emmentaler.ch\/fr\/wp-json\/wp\/v2\/recipe_diet_type\/567"},{"embeddable":true,"taxonomy":"recipe_difficulty","href":"https:\/\/www.emmentaler.ch\/fr\/wp-json\/wp\/v2\/recipe_difficulty\/580"},{"embeddable":true,"taxonomy":"recipe_categories","href":"https:\/\/www.emmentaler.ch\/fr\/wp-json\/wp\/v2\/recipe_categories\/617"},{"embeddable":true,"taxonomy":"recipe_preparation_time","href":"https:\/\/www.emmentaler.ch\/fr\/wp-json\/wp\/v2\/recipe_preparation_time\/278"}],"acf:post":[{"embeddable":true,"href":"https:\/\/www.emmentaler.ch\/fr\/wp-json\/wp\/v2\/pages\/64283"}],"wp:featuredmedia":[{"embeddable":true,"href":"https:\/\/www.emmentaler.ch\/fr\/wp-json\/wp\/v2\/media\/43947"}],"wp:attachment":[{"href":"https:\/\/www.emmentaler.ch\/fr\/wp-json\/wp\/v2\/media?parent=29566"}],"wp:term":[{"taxonomy":"post_tag","embeddable":true,"href":"https:\/\/www.emmentaler.ch\/fr\/wp-json\/wp\/v2\/tags?post=29566"},{"taxonomy":"recipe_categories","embeddable":true,"href":"https:\/\/www.emmentaler.ch\/fr\/wp-json\/wp\/v2\/recipe_categories?post=29566"},{"taxonomy":"et_countries","embeddable":true,"href":"https:\/\/www.emmentaler.ch\/fr\/wp-json\/wp\/v2\/et_countries?post=29566"},{"taxonomy":"recipe_main_ingredient","embeddable":true,"href":"https:\/\/www.emmentaler.ch\/fr\/wp-json\/wp\/v2\/recipe_main_ingredient?post=29566"},{"taxonomy":"recipe_difficulty","embeddable":true,"href":"https:\/\/www.emmentaler.ch\/fr\/wp-json\/wp\/v2\/recipe_difficulty?post=29566"},{"taxonomy":"recipe_preparation_time","embeddable":true,"href":"https:\/\/www.emmentaler.ch\/fr\/wp-json\/wp\/v2\/recipe_preparation_time?post=29566"},{"taxonomy":"recipe_diet_type","embeddable":true,"href":"https:\/\/www.emmentaler.ch\/fr\/wp-json\/wp\/v2\/recipe_diet_type?post=29566"},{"taxonomy":"recipe_saison","embeddable":true,"href":"https:\/\/www.emmentaler.ch\/fr\/wp-json\/wp\/v2\/recipe_saison?post=29566"}],"curies":[{"name":"wp","href":"https:\/\/api.w.org\/{rel}","templated":true}]}}

Poêlée de pommes de terre au Emmentaler AOP

1 kg de pommes de terre à chair ferme
Sel
3 c. à s. de noisettes
100 d de lard en tranches
1 ½ c. à s. de beurre à rôtir
1 ½ c. à s. d'huile d'olive
2 bottes d'oignons de printemps
Poivre
½ bouquet de marjolaine
200 g de Emmentaler AOP

Eplucher les pommes de terre et les faire cuire 6-8 minutes dans de l'eau salée. Les égoutter et les découper en tranches de 3 mm.

Hacher grossièrement les noisettes et les faire griller quelques minutes dans une grande poêle, réserver. Faire revenir le lard sans ajout de graisse jusqu'à ce qu'il soit croustillant, réserver. Faire chauffer le beurre et l'huile d'olive et y faire rissoler les pommes de terre à feu vif pendant 10-12 minutes en les retournant de temps en temps.

Couper le bulbe des oignons de printemps en 4 ou en 2. Découper les fanes en rondelles de 2 cm de long. Ajouter les bulbes et les fanes aux pommes de terre, saler et poivrer. Faire mijoter à feu doux 10 minutes en remuant de temps en temps.

Effeuiller les brins de marjolaine, couper le Emmentaler AOP en dés d'1 cm. Incorporer les dés de formage, les noisettes, le lard et la marjolaine aux pommes de terre. Faire chauffer brièvement jusqu'à ce que le fromage commence à fondre.
