{"id":29597,"date":"2022-04-27T13:38:00","date_gmt":"2022-04-27T11:38:00","guid":{"rendered":"https:\/\/www.emmentaler.ch\/rezept\/pommes-de-terre-farcies-aux-epinards-et-au-fromage"},"modified":"2022-06-27T15:27:40","modified_gmt":"2022-06-27T13:27:40","slug":"pommes-de-terre-farcies-aux-epinards-et-au-fromage","status":"publish","type":"recipes","link":"https:\/\/www.emmentaler.ch\/fr\/recettes\/pommes-de-terre-farcies-aux-epinards-et-au-fromage","title":{"rendered":"Pommes de terre farcies aux \u00e9pinards et au fromage"},"author":2,"featured_media":22379,"menu_order":0,"template":"","meta":{"inline_featured_image":false},"tags":[],"recipe_categories":[617],"et_countries":[],"recipe_main_ingredient":[604],"recipe_difficulty":[580],"recipe_preparation_time":[278],"recipe_diet_type":[564,572],"recipe_saison":[559],"acf":{"recipe_preparation_time":278,"recipe_categories":617,"recipe_time_txt":"40 minutes + 20 minutes au four","recipe_type":64320,"recipe_difficulty":580,"recipe_diet_type":[564,572],"recipe_main_ingredient":[604],"recipe_saison":[559],"recipe_count_portions":4,"recipe_ingedients":[{"recipe_ingedients_amount":"","recipe_ingedients_unit":"g","recipe_ingedients_product":""}],"temporare_zutaten":"8 grosses pommes de terre\r\n1 oignon\r\n1 gousse d\u2019ail\r\n1 CS de beurre\r\n750 g d\u2019\u00e9pinards en branches frais ou 500 g d\u2019\u00e9pinards surgel\u00e9s\r\nSel, poivre\r\nNoix de muscade\r\n200 g d\u2019Emmentaler AOP jeune\r\n400 g de cr\u00e8me acidul\u00e9e demi-\u00e9cr\u00e9m\u00e9e","recipe_preparation":"Faire cuire les pommes de terre avec la peau environ 40 minutes jusqu\u2019\u00e0 tendret\u00e9, laisser refroidir un instant.\r\n\r\nPendant que les pommes de terre cuisent, faire revenir dans le beurre chaud l\u2019ail et l\u2019oignon finement hach\u00e9s. Ajouter les \u00e9pinards, et les \u00e9tuver jusqu\u2019\u00e0 ce qu\u2019ils retombent. Saler, poivrer et relever avec un peu de noix de muscade. Egoutter les \u00e9pinards dans une passoire et les presser l\u00e9g\u00e8rement.\r\n\r\nCouper 100 g d\u2019Emmentaler AOP en petits d\u00e9s de 7 mm, r\u00e2per finement le reste du fromage. Couper les pommes de terre en deux, les creuser \u00e0 l\u2019aide d\u2019une cuill\u00e8re. Ecraser la chair de la pomme de terre retir\u00e9e, m\u00e9langer avec le fromage, 200 g de cr\u00e8me et les \u00e9pinards, assaisonner.\r\n\r\nFarcir les pommes de terre avec ce m\u00e9lange et les placer dans un plat \u00e0 four ou sur une plaque garnie de papier sulfuris\u00e9. Enfourner \u00e0 mi-hauteur et faire cuire 15 \u00e0 20 minutes \u00e0 220\u00b0C.\r\n\r\nServir avec le reste de la cr\u00e8me.","recipe_images":[29633,29628,29623]},"_links":{"self":[{"href":"https:\/\/www.emmentaler.ch\/fr\/wp-json\/wp\/v2\/recipes\/29597"}],"collection":[{"href":"https:\/\/www.emmentaler.ch\/fr\/wp-json\/wp\/v2\/recipes"}],"about":[{"href":"https:\/\/www.emmentaler.ch\/fr\/wp-json\/wp\/v2\/types\/recipes"}],"author":[{"embeddable":true,"href":"https:\/\/www.emmentaler.ch\/fr\/wp-json\/wp\/v2\/users\/2"}],"version-history":[{"count":0,"href":"https:\/\/www.emmentaler.ch\/fr\/wp-json\/wp\/v2\/recipes\/29597\/revisions"}],"acf:attachment":[{"embeddable":true,"href":"https:\/\/www.emmentaler.ch\/fr\/wp-json\/wp\/v2\/media\/29623"},{"embeddable":true,"href":"https:\/\/www.emmentaler.ch\/fr\/wp-json\/wp\/v2\/media\/29628"},{"embeddable":true,"href":"https:\/\/www.emmentaler.ch\/fr\/wp-json\/wp\/v2\/media\/29633"}],"acf:term":[{"embeddable":true,"taxonomy":"recipe_saison","href":"https:\/\/www.emmentaler.ch\/fr\/wp-json\/wp\/v2\/recipe_saison\/559"},{"embeddable":true,"taxonomy":"recipe_main_ingredient","href":"https:\/\/www.emmentaler.ch\/fr\/wp-json\/wp\/v2\/recipe_main_ingredient\/604"},{"embeddable":true,"taxonomy":"recipe_diet_type","href":"https:\/\/www.emmentaler.ch\/fr\/wp-json\/wp\/v2\/recipe_diet_type\/572"},{"embeddable":true,"taxonomy":"recipe_diet_type","href":"https:\/\/www.emmentaler.ch\/fr\/wp-json\/wp\/v2\/recipe_diet_type\/564"},{"embeddable":true,"taxonomy":"recipe_difficulty","href":"https:\/\/www.emmentaler.ch\/fr\/wp-json\/wp\/v2\/recipe_difficulty\/580"},{"embeddable":true,"taxonomy":"recipe_categories","href":"https:\/\/www.emmentaler.ch\/fr\/wp-json\/wp\/v2\/recipe_categories\/617"},{"embeddable":true,"taxonomy":"recipe_preparation_time","href":"https:\/\/www.emmentaler.ch\/fr\/wp-json\/wp\/v2\/recipe_preparation_time\/278"}],"acf:post":[{"embeddable":true,"href":"https:\/\/www.emmentaler.ch\/fr\/wp-json\/wp\/v2\/pages\/64320"}],"wp:featuredmedia":[{"embeddable":true,"href":"https:\/\/www.emmentaler.ch\/fr\/wp-json\/wp\/v2\/media\/22379"}],"wp:attachment":[{"href":"https:\/\/www.emmentaler.ch\/fr\/wp-json\/wp\/v2\/media?parent=29597"}],"wp:term":[{"taxonomy":"post_tag","embeddable":true,"href":"https:\/\/www.emmentaler.ch\/fr\/wp-json\/wp\/v2\/tags?post=29597"},{"taxonomy":"recipe_categories","embeddable":true,"href":"https:\/\/www.emmentaler.ch\/fr\/wp-json\/wp\/v2\/recipe_categories?post=29597"},{"taxonomy":"et_countries","embeddable":true,"href":"https:\/\/www.emmentaler.ch\/fr\/wp-json\/wp\/v2\/et_countries?post=29597"},{"taxonomy":"recipe_main_ingredient","embeddable":true,"href":"https:\/\/www.emmentaler.ch\/fr\/wp-json\/wp\/v2\/recipe_main_ingredient?post=29597"},{"taxonomy":"recipe_difficulty","embeddable":true,"href":"https:\/\/www.emmentaler.ch\/fr\/wp-json\/wp\/v2\/recipe_difficulty?post=29597"},{"taxonomy":"recipe_preparation_time","embeddable":true,"href":"https:\/\/www.emmentaler.ch\/fr\/wp-json\/wp\/v2\/recipe_preparation_time?post=29597"},{"taxonomy":"recipe_diet_type","embeddable":true,"href":"https:\/\/www.emmentaler.ch\/fr\/wp-json\/wp\/v2\/recipe_diet_type?post=29597"},{"taxonomy":"recipe_saison","embeddable":true,"href":"https:\/\/www.emmentaler.ch\/fr\/wp-json\/wp\/v2\/recipe_saison?post=29597"}],"curies":[{"name":"wp","href":"https:\/\/api.w.org\/{rel}","templated":true}]}}

Pommes de terre farcies aux épinards et au fromage

8 grosses pommes de terre
1 oignon
1 gousse d’ail
1 CS de beurre
750 g d’épinards en branches frais ou 500 g d’épinards surgelés
Sel, poivre
Noix de muscade
200 g d’Emmentaler AOP jeune
400 g de crème acidulée demi-écrémée

Faire cuire les pommes de terre avec la peau environ 40 minutes jusqu’à tendreté, laisser refroidir un instant.

Pendant que les pommes de terre cuisent, faire revenir dans le beurre chaud l’ail et l’oignon finement hachés. Ajouter les épinards, et les étuver jusqu’à ce qu’ils retombent. Saler, poivrer et relever avec un peu de noix de muscade. Egoutter les épinards dans une passoire et les presser légèrement.

Couper 100 g d’Emmentaler AOP en petits dés de 7 mm, râper finement le reste du fromage. Couper les pommes de terre en deux, les creuser à l’aide d’une cuillère. Ecraser la chair de la pomme de terre retirée, mélanger avec le fromage, 200 g de crème et les épinards, assaisonner.

Farcir les pommes de terre avec ce mélange et les placer dans un plat à four ou sur une plaque garnie de papier sulfurisé. Enfourner à mi-hauteur et faire cuire 15 à 20 minutes à 220°C.

Servir avec le reste de la crème.
