{"id":29951,"date":"2022-04-27T13:37:12","date_gmt":"2022-04-27T11:37:12","guid":{"rendered":"https:\/\/www.emmentaler.ch\/rezept\/gnocchi-avec-cicorino-et-emmentaler-aop"},"modified":"2024-07-25T17:54:17","modified_gmt":"2024-07-25T15:54:17","slug":"gnocchi-avec-cicorino-et-emmentaler-aop","status":"publish","type":"recipes","link":"https:\/\/www.emmentaler.ch\/fr\/recettes\/gnocchi-avec-cicorino-et-emmentaler-aop","title":{"rendered":"Gnocchi avec cicorino et Emmentaler AOP"},"author":2,"featured_media":29967,"menu_order":0,"template":"","meta":{"inline_featured_image":false},"tags":[802],"recipe_categories":[617],"et_countries":[],"recipe_main_ingredient":[604],"recipe_difficulty":[575],"recipe_preparation_time":[268],"recipe_diet_type":[567,572],"recipe_saison":[559],"acf":{"recipe_preparation_time":268,"recipe_categories":617,"recipe_time_txt":"","recipe_type":64283,"recipe_difficulty":575,"recipe_diet_type":[567,572],"recipe_main_ingredient":[604],"recipe_saison":[559],"recipe_count_portions":4,"recipe_ingedients":[{"recipe_ingedients_amount":"","recipe_ingedients_unit":"g","recipe_ingedients_product":""}],"temporare_zutaten":"175 g d'Emmentaler sal\u00e9 AOP\r\n50 g de noix\r\n\u00bd bouquet de marjolaine\r\n400 g de cicorino rouge\r\n75 g d'abricots secs\r\n1 oignon\r\n1 kg de gnocchi de pomme de terre frais\r\n2 c. \u00e0 s. d'huile d'olive\r\n3 c. \u00e0 s. de vinaigre balsamique de qualit\u00e9\r\nSel, poivre","recipe_preparation":"Couper l'Emmentaler AOP en fines tranches, Hacher grossi\u00e8remetn les noix. Effeuiller la marjolaine. Couper le cicorino en larges lani\u00e8res. Couper les abricots et l'oignon en fines lani\u00e8res.\r\n\r\nFaire cuire les gnocchi 2-3 minutes dans de l'eau fr\u00e9missante sal\u00e9e. Egoutter et r\u00e9server au chaud.\r\n\r\nFaire chauffer l'huile dans une grande po\u00eale et y faire revenir l'oignon. Ajouter le cicorino, les abricots et les noix, faire revenir 2-3 minutes en remuant jusqu'\u00e0 ce que le cicorino se d\u00e9fasse. Verser le vinaigre balsamique, saler et poivrer. Ajouter les gnocchi et la marjolaine et bien m\u00e9langer. R\u00e9partir les tranches de fromage sur la pr\u00e9paration et servir.","recipe_images":[22045]},"_links":{"self":[{"href":"https:\/\/www.emmentaler.ch\/fr\/wp-json\/wp\/v2\/recipes\/29951"}],"collection":[{"href":"https:\/\/www.emmentaler.ch\/fr\/wp-json\/wp\/v2\/recipes"}],"about":[{"href":"https:\/\/www.emmentaler.ch\/fr\/wp-json\/wp\/v2\/types\/recipes"}],"author":[{"embeddable":true,"href":"https:\/\/www.emmentaler.ch\/fr\/wp-json\/wp\/v2\/users\/2"}],"version-history":[{"count":1,"href":"https:\/\/www.emmentaler.ch\/fr\/wp-json\/wp\/v2\/recipes\/29951\/revisions"}],"predecessor-version":[{"id":137980,"href":"https:\/\/www.emmentaler.ch\/fr\/wp-json\/wp\/v2\/recipes\/29951\/revisions\/137980"}],"acf:attachment":[{"embeddable":true,"href":"https:\/\/www.emmentaler.ch\/fr\/wp-json\/wp\/v2\/media\/22045"}],"acf:term":[{"embeddable":true,"taxonomy":"recipe_saison","href":"https:\/\/www.emmentaler.ch\/fr\/wp-json\/wp\/v2\/recipe_saison\/559"},{"embeddable":true,"taxonomy":"recipe_main_ingredient","href":"https:\/\/www.emmentaler.ch\/fr\/wp-json\/wp\/v2\/recipe_main_ingredient\/604"},{"embeddable":true,"taxonomy":"recipe_diet_type","href":"https:\/\/www.emmentaler.ch\/fr\/wp-json\/wp\/v2\/recipe_diet_type\/572"},{"embeddable":true,"taxonomy":"recipe_diet_type","href":"https:\/\/www.emmentaler.ch\/fr\/wp-json\/wp\/v2\/recipe_diet_type\/567"},{"embeddable":true,"taxonomy":"recipe_difficulty","href":"https:\/\/www.emmentaler.ch\/fr\/wp-json\/wp\/v2\/recipe_difficulty\/575"},{"embeddable":true,"taxonomy":"recipe_categories","href":"https:\/\/www.emmentaler.ch\/fr\/wp-json\/wp\/v2\/recipe_categories\/617"},{"embeddable":true,"taxonomy":"recipe_preparation_time","href":"https:\/\/www.emmentaler.ch\/fr\/wp-json\/wp\/v2\/recipe_preparation_time\/268"}],"acf:post":[{"embeddable":true,"href":"https:\/\/www.emmentaler.ch\/fr\/wp-json\/wp\/v2\/pages\/64283"}],"wp:featuredmedia":[{"embeddable":true,"href":"https:\/\/www.emmentaler.ch\/fr\/wp-json\/wp\/v2\/media\/29967"}],"wp:attachment":[{"href":"https:\/\/www.emmentaler.ch\/fr\/wp-json\/wp\/v2\/media?parent=29951"}],"wp:term":[{"taxonomy":"post_tag","embeddable":true,"href":"https:\/\/www.emmentaler.ch\/fr\/wp-json\/wp\/v2\/tags?post=29951"},{"taxonomy":"recipe_categories","embeddable":true,"href":"https:\/\/www.emmentaler.ch\/fr\/wp-json\/wp\/v2\/recipe_categories?post=29951"},{"taxonomy":"et_countries","embeddable":true,"href":"https:\/\/www.emmentaler.ch\/fr\/wp-json\/wp\/v2\/et_countries?post=29951"},{"taxonomy":"recipe_main_ingredient","embeddable":true,"href":"https:\/\/www.emmentaler.ch\/fr\/wp-json\/wp\/v2\/recipe_main_ingredient?post=29951"},{"taxonomy":"recipe_difficulty","embeddable":true,"href":"https:\/\/www.emmentaler.ch\/fr\/wp-json\/wp\/v2\/recipe_difficulty?post=29951"},{"taxonomy":"recipe_preparation_time","embeddable":true,"href":"https:\/\/www.emmentaler.ch\/fr\/wp-json\/wp\/v2\/recipe_preparation_time?post=29951"},{"taxonomy":"recipe_diet_type","embeddable":true,"href":"https:\/\/www.emmentaler.ch\/fr\/wp-json\/wp\/v2\/recipe_diet_type?post=29951"},{"taxonomy":"recipe_saison","embeddable":true,"href":"https:\/\/www.emmentaler.ch\/fr\/wp-json\/wp\/v2\/recipe_saison?post=29951"}],"curies":[{"name":"wp","href":"https:\/\/api.w.org\/{rel}","templated":true}]}}

175 g d'Emmentaler salé AOP
50 g de noix
½ bouquet de marjolaine
400 g de cicorino rouge
75 g d'abricots secs
1 oignon
1 kg de gnocchi de pomme de terre frais
2 c. à s. d'huile d'olive
3 c. à s. de vinaigre balsamique de qualité
Sel, poivre

Couper l'Emmentaler AOP en fines tranches, Hacher grossièremetn les noix. Effeuiller la marjolaine. Couper le cicorino en larges lanières. Couper les abricots et l'oignon en fines lanières.

Faire cuire les gnocchi 2-3 minutes dans de l'eau frémissante salée. Egoutter et réserver au chaud.

Faire chauffer l'huile dans une grande poêle et y faire revenir l'oignon. Ajouter le cicorino, les abricots et les noix, faire revenir 2-3 minutes en remuant jusqu'à ce que le cicorino se défasse. Verser le vinaigre balsamique, saler et poivrer. Ajouter les gnocchi et la marjolaine et bien mélanger. Répartir les tranches de fromage sur la préparation et servir.
