{"id":30044,"date":"2022-04-27T13:37:12","date_gmt":"2022-04-27T11:37:12","guid":{"rendered":"https:\/\/www.emmentaler.ch\/rezept\/gigot-de-chevreau-roti-et-oignons-de-printemps"},"modified":"2022-07-29T17:13:33","modified_gmt":"2022-07-29T15:13:33","slug":"gigot-de-chevreau-roti-et-oignons-de-printemps","status":"publish","type":"recipes","link":"https:\/\/www.emmentaler.ch\/fr\/recettes\/gigot-de-chevreau-roti-et-oignons-de-printemps","title":{"rendered":"Gigot de chevreau r\u00f4ti et oignons de printemps"},"author":2,"featured_media":30060,"menu_order":0,"template":"","meta":{"inline_featured_image":false},"tags":[],"recipe_categories":[617],"et_countries":[],"recipe_main_ingredient":[604,591],"recipe_difficulty":[583],"recipe_preparation_time":[310],"recipe_diet_type":[567],"recipe_saison":[559],"acf":{"recipe_preparation_time":310,"recipe_categories":617,"recipe_time_txt":"30 minutes plus 90 minutes de cuisson","recipe_type":64272,"recipe_difficulty":583,"recipe_diet_type":[567],"recipe_main_ingredient":[591,604],"recipe_saison":[559],"recipe_count_portions":4,"recipe_ingedients":[{"recipe_ingedients_amount":"","recipe_ingedients_unit":"g","recipe_ingedients_product":""}],"temporare_zutaten":"100 g d'oignons de printemps\r\nSel\r\n100 g d'Emmentaler AOP doux\r\nPoivre\r\n1 gigot de chevreau, 1 kg environ, \u00e0 rouler\r\n1 c. \u00e0 s. de moutarde\r\n250 g de carottes\r\n250 g de chou-rave\r\n2 c. \u00e0 s. d'huile d'olive\r\n3 dl de vin blanc\r\n20 g de beurre bien froid\r\n1 c. \u00e0 c. de thym","recipe_preparation":"Couper les oignons de printemps avec les fanes en fines rondelles et les faire cuire 5 minutes dans de l'eau l\u00e9g\u00e8rement sal\u00e9e. Egoutter et les refroidir \u00e0 l'eau froide. R\u00e2per finement l'Emmentaler AOP. R\u00e9duire en pur\u00e9e les oignons de printemps \u00e9goutt\u00e9s et le fromage \u00e0 l'aide du mixeur plongeant, saler et poivrer.\r\n\r\nD\u00e9rouler le gigot et le badigeonner avec la moutarde puis la pur\u00e9e d'oignons de printemps. Rouler le gigot et le ficeler avec de la ficelle de cuisine, saler et poivrer.\r\n\r\nCouper les carottes et le chou-rave en morceaux. Faire chauffer l'huile dans une po\u00eale et y faire revenir bri\u00e8vement les l\u00e9gumes et le gigot. Mouiller au vin blanc. Faire cuire 1h30 environ \u00e0 160\u00b0C dans le milieu du four. Arroser r\u00e9guli\u00e8rement de vin.\r\n\r\nVerser le liquide dans une po\u00eale et faire r\u00e9duire de moiti\u00e9 \u00e0 feu vif. Incorporer le beurre \u00e0 l'aide du mixeur plongeant. Ajouter le thym, saler et poivrer.\r\n\r\nCouper la viande et la dresser avec les l\u00e9gumes et la sauce.\r\n\r\nVous pouvez \u00e9galement accompagner cette recette de petites pommes de terre rissol\u00e9\u00e9es.","recipe_images":[30060]},"_links":{"self":[{"href":"https:\/\/www.emmentaler.ch\/fr\/wp-json\/wp\/v2\/recipes\/30044"}],"collection":[{"href":"https:\/\/www.emmentaler.ch\/fr\/wp-json\/wp\/v2\/recipes"}],"about":[{"href":"https:\/\/www.emmentaler.ch\/fr\/wp-json\/wp\/v2\/types\/recipes"}],"author":[{"embeddable":true,"href":"https:\/\/www.emmentaler.ch\/fr\/wp-json\/wp\/v2\/users\/2"}],"version-history":[{"count":0,"href":"https:\/\/www.emmentaler.ch\/fr\/wp-json\/wp\/v2\/recipes\/30044\/revisions"}],"acf:attachment":[{"embeddable":true,"href":"https:\/\/www.emmentaler.ch\/fr\/wp-json\/wp\/v2\/media\/30060"}],"acf:term":[{"embeddable":true,"taxonomy":"recipe_saison","href":"https:\/\/www.emmentaler.ch\/fr\/wp-json\/wp\/v2\/recipe_saison\/559"},{"embeddable":true,"taxonomy":"recipe_main_ingredient","href":"https:\/\/www.emmentaler.ch\/fr\/wp-json\/wp\/v2\/recipe_main_ingredient\/604"},{"embeddable":true,"taxonomy":"recipe_main_ingredient","href":"https:\/\/www.emmentaler.ch\/fr\/wp-json\/wp\/v2\/recipe_main_ingredient\/591"},{"embeddable":true,"taxonomy":"recipe_diet_type","href":"https:\/\/www.emmentaler.ch\/fr\/wp-json\/wp\/v2\/recipe_diet_type\/567"},{"embeddable":true,"taxonomy":"recipe_difficulty","href":"https:\/\/www.emmentaler.ch\/fr\/wp-json\/wp\/v2\/recipe_difficulty\/583"},{"embeddable":true,"taxonomy":"recipe_categories","href":"https:\/\/www.emmentaler.ch\/fr\/wp-json\/wp\/v2\/recipe_categories\/617"},{"embeddable":true,"taxonomy":"recipe_preparation_time","href":"https:\/\/www.emmentaler.ch\/fr\/wp-json\/wp\/v2\/recipe_preparation_time\/310"}],"acf:post":[{"embeddable":true,"href":"https:\/\/www.emmentaler.ch\/fr\/wp-json\/wp\/v2\/pages\/64272"}],"wp:featuredmedia":[{"embeddable":true,"href":"https:\/\/www.emmentaler.ch\/fr\/wp-json\/wp\/v2\/media\/30060"}],"wp:attachment":[{"href":"https:\/\/www.emmentaler.ch\/fr\/wp-json\/wp\/v2\/media?parent=30044"}],"wp:term":[{"taxonomy":"post_tag","embeddable":true,"href":"https:\/\/www.emmentaler.ch\/fr\/wp-json\/wp\/v2\/tags?post=30044"},{"taxonomy":"recipe_categories","embeddable":true,"href":"https:\/\/www.emmentaler.ch\/fr\/wp-json\/wp\/v2\/recipe_categories?post=30044"},{"taxonomy":"et_countries","embeddable":true,"href":"https:\/\/www.emmentaler.ch\/fr\/wp-json\/wp\/v2\/et_countries?post=30044"},{"taxonomy":"recipe_main_ingredient","embeddable":true,"href":"https:\/\/www.emmentaler.ch\/fr\/wp-json\/wp\/v2\/recipe_main_ingredient?post=30044"},{"taxonomy":"recipe_difficulty","embeddable":true,"href":"https:\/\/www.emmentaler.ch\/fr\/wp-json\/wp\/v2\/recipe_difficulty?post=30044"},{"taxonomy":"recipe_preparation_time","embeddable":true,"href":"https:\/\/www.emmentaler.ch\/fr\/wp-json\/wp\/v2\/recipe_preparation_time?post=30044"},{"taxonomy":"recipe_diet_type","embeddable":true,"href":"https:\/\/www.emmentaler.ch\/fr\/wp-json\/wp\/v2\/recipe_diet_type?post=30044"},{"taxonomy":"recipe_saison","embeddable":true,"href":"https:\/\/www.emmentaler.ch\/fr\/wp-json\/wp\/v2\/recipe_saison?post=30044"}],"curies":[{"name":"wp","href":"https:\/\/api.w.org\/{rel}","templated":true}]}}

Gigot de chevreau rôti et oignons de printemps

100 g d'oignons de printemps
Sel
100 g d'Emmentaler AOP doux
Poivre
1 gigot de chevreau, 1 kg environ, à rouler
1 c. à s. de moutarde
250 g de carottes
250 g de chou-rave
2 c. à s. d'huile d'olive
3 dl de vin blanc
20 g de beurre bien froid
1 c. à c. de thym

Couper les oignons de printemps avec les fanes en fines rondelles et les faire cuire 5 minutes dans de l'eau légèrement salée. Egoutter et les refroidir à l'eau froide. Râper finement l'Emmentaler AOP. Réduire en purée les oignons de printemps égouttés et le fromage à l'aide du mixeur plongeant, saler et poivrer.

Dérouler le gigot et le badigeonner avec la moutarde puis la purée d'oignons de printemps. Rouler le gigot et le ficeler avec de la ficelle de cuisine, saler et poivrer.

Couper les carottes et le chou-rave en morceaux. Faire chauffer l'huile dans une poêle et y faire revenir brièvement les légumes et le gigot. Mouiller au vin blanc. Faire cuire 1h30 environ à 160°C dans le milieu du four. Arroser régulièrement de vin.

Verser le liquide dans une poêle et faire réduire de moitié à feu vif. Incorporer le beurre à l'aide du mixeur plongeant. Ajouter le thym, saler et poivrer.

Couper la viande et la dresser avec les légumes et la sauce.

Vous pouvez également accompagner cette recette de petites pommes de terre rissoléées.
