{"id":30106,"date":"2022-04-27T13:33:36","date_gmt":"2022-04-27T11:33:36","guid":{"rendered":"https:\/\/www.emmentaler.ch\/rezept\/bruschetta-avec-oeufs-brouilles-et-pousses"},"modified":"2024-07-25T18:10:26","modified_gmt":"2024-07-25T16:10:26","slug":"bruschetta-avec-oeufs-brouilles-et-pousses","status":"publish","type":"recipes","link":"https:\/\/www.emmentaler.ch\/fr\/recettes\/bruschetta-avec-oeufs-brouilles-et-pousses","title":{"rendered":"Bruschetta avec \u0153ufs brouill\u00e9s et pousses"},"author":2,"featured_media":44488,"menu_order":0,"template":"","meta":{"inline_featured_image":false},"tags":[802],"recipe_categories":[606],"et_countries":[],"recipe_main_ingredient":[],"recipe_difficulty":[575],"recipe_preparation_time":[280],"recipe_diet_type":[572],"recipe_saison":[535,527,559],"acf":{"recipe_preparation_time":280,"recipe_categories":606,"recipe_time_txt":"","recipe_type":64272,"recipe_difficulty":575,"recipe_diet_type":[572],"recipe_main_ingredient":false,"recipe_saison":[527,559,535],"recipe_count_portions":4,"recipe_ingedients":[{"recipe_ingedients_amount":".25","recipe_ingedients_unit":"Bd","recipe_ingedients_product":"radis"},{"recipe_ingedients_amount":".25","recipe_ingedients_unit":"Bd","recipe_ingedients_product":"ciboulette"},{"recipe_ingedients_amount":"1.5","recipe_ingedients_unit":"St\u00fcck","recipe_ingedients_product":"\u0153ufs"},{"recipe_ingedients_amount":"25","recipe_ingedients_unit":"g","recipe_ingedients_product":"Emmentaler AOP r\u00e2p\u00e9"},{"recipe_ingedients_amount":"25","recipe_ingedients_unit":"g","recipe_ingedients_product":"m\u00e9lange de pousses, p. ex. pousses de bl\u00e9, de pois chiches et de lentilles"},{"recipe_ingedients_amount":"1","recipe_ingedients_unit":"Scheibe","recipe_ingedients_product":"pain, grand"},{"recipe_ingedients_amount":".25","recipe_ingedients_unit":"St\u00fcck","recipe_ingedients_product":"gousse d'ail"},{"recipe_ingedients_amount":".25","recipe_ingedients_unit":"El","recipe_ingedients_product":"beurre"},{"recipe_ingedients_amount":"","recipe_ingedients_unit":"Bedarf","recipe_ingedients_product":"selon les besoins : sel, poivre"}],"temporare_zutaten":"1 botte de radis\r\n1 botte de ciboulette\r\n6 \u0153ufs\r\n100 g d'Emmentaler AOP r\u00e2p\u00e9\r\n100 g de germes m\u00e9lang\u00e9s, p. ex. pousses de bl\u00e9, de pois chiche et de lentilles\r\nSel, poivre\r\n4 grosses tranches de pain paysan\r\n1 gousse d'ail\r\n1 c. \u00e0 s. de beurre","recipe_preparation":"Couper les radis en fines rondelles. Couper la ciboulette en petites rondelles. Battre les \u0153ufs et les m\u00e9langer \u00e0 la ciboulette, au fromage et aux germes. Saler et poivrer.\r\n\r\nFaire griller le pain dans une po\u00eale sans ajout de mati\u00e8re grasse. Retirer le pain et le frotter avec une gousse d'ail. Faire fondre le beurre et y faire cuire le m\u00e9lange d'\u0153ufs \u00e0 petit feu en l'emp\u00eachant d'attacher \u00e0 l'aide d'une spatule. D\u00e8s que la pr\u00e9paration est l\u00e9g\u00e8rement solide, la r\u00e9partir sur les tranches de pain. D\u00e9poser des radis dessus et poivrer.","recipe_images":[19968]},"_links":{"self":[{"href":"https:\/\/www.emmentaler.ch\/fr\/wp-json\/wp\/v2\/recipes\/30106"}],"collection":[{"href":"https:\/\/www.emmentaler.ch\/fr\/wp-json\/wp\/v2\/recipes"}],"about":[{"href":"https:\/\/www.emmentaler.ch\/fr\/wp-json\/wp\/v2\/types\/recipes"}],"author":[{"embeddable":true,"href":"https:\/\/www.emmentaler.ch\/fr\/wp-json\/wp\/v2\/users\/2"}],"version-history":[{"count":1,"href":"https:\/\/www.emmentaler.ch\/fr\/wp-json\/wp\/v2\/recipes\/30106\/revisions"}],"predecessor-version":[{"id":137527,"href":"https:\/\/www.emmentaler.ch\/fr\/wp-json\/wp\/v2\/recipes\/30106\/revisions\/137527"}],"acf:attachment":[{"embeddable":true,"href":"https:\/\/www.emmentaler.ch\/fr\/wp-json\/wp\/v2\/media\/19968"}],"acf:term":[{"embeddable":true,"taxonomy":"recipe_saison","href":"https:\/\/www.emmentaler.ch\/fr\/wp-json\/wp\/v2\/recipe_saison\/535"},{"embeddable":true,"taxonomy":"recipe_saison","href":"https:\/\/www.emmentaler.ch\/fr\/wp-json\/wp\/v2\/recipe_saison\/559"},{"embeddable":true,"taxonomy":"recipe_saison","href":"https:\/\/www.emmentaler.ch\/fr\/wp-json\/wp\/v2\/recipe_saison\/527"},{"embeddable":true,"taxonomy":"recipe_diet_type","href":"https:\/\/www.emmentaler.ch\/fr\/wp-json\/wp\/v2\/recipe_diet_type\/572"},{"embeddable":true,"taxonomy":"recipe_difficulty","href":"https:\/\/www.emmentaler.ch\/fr\/wp-json\/wp\/v2\/recipe_difficulty\/575"},{"embeddable":true,"taxonomy":"recipe_categories","href":"https:\/\/www.emmentaler.ch\/fr\/wp-json\/wp\/v2\/recipe_categories\/606"},{"embeddable":true,"taxonomy":"recipe_preparation_time","href":"https:\/\/www.emmentaler.ch\/fr\/wp-json\/wp\/v2\/recipe_preparation_time\/280"}],"acf:post":[{"embeddable":true,"href":"https:\/\/www.emmentaler.ch\/fr\/wp-json\/wp\/v2\/pages\/64272"}],"wp:featuredmedia":[{"embeddable":true,"href":"https:\/\/www.emmentaler.ch\/fr\/wp-json\/wp\/v2\/media\/44488"}],"wp:attachment":[{"href":"https:\/\/www.emmentaler.ch\/fr\/wp-json\/wp\/v2\/media?parent=30106"}],"wp:term":[{"taxonomy":"post_tag","embeddable":true,"href":"https:\/\/www.emmentaler.ch\/fr\/wp-json\/wp\/v2\/tags?post=30106"},{"taxonomy":"recipe_categories","embeddable":true,"href":"https:\/\/www.emmentaler.ch\/fr\/wp-json\/wp\/v2\/recipe_categories?post=30106"},{"taxonomy":"et_countries","embeddable":true,"href":"https:\/\/www.emmentaler.ch\/fr\/wp-json\/wp\/v2\/et_countries?post=30106"},{"taxonomy":"recipe_main_ingredient","embeddable":true,"href":"https:\/\/www.emmentaler.ch\/fr\/wp-json\/wp\/v2\/recipe_main_ingredient?post=30106"},{"taxonomy":"recipe_difficulty","embeddable":true,"href":"https:\/\/www.emmentaler.ch\/fr\/wp-json\/wp\/v2\/recipe_difficulty?post=30106"},{"taxonomy":"recipe_preparation_time","embeddable":true,"href":"https:\/\/www.emmentaler.ch\/fr\/wp-json\/wp\/v2\/recipe_preparation_time?post=30106"},{"taxonomy":"recipe_diet_type","embeddable":true,"href":"https:\/\/www.emmentaler.ch\/fr\/wp-json\/wp\/v2\/recipe_diet_type?post=30106"},{"taxonomy":"recipe_saison","embeddable":true,"href":"https:\/\/www.emmentaler.ch\/fr\/wp-json\/wp\/v2\/recipe_saison?post=30106"}],"curies":[{"name":"wp","href":"https:\/\/api.w.org\/{rel}","templated":true}]}}

Bruschetta avec œufs brouillés et pousses

Stück

œufs

Emmentaler AOP râpé

mélange de pousses, p. ex. pousses de blé, de pois chiches et de lentilles

1 botte de radis
1 botte de ciboulette
6 œufs
100 g d'Emmentaler AOP râpé
100 g de germes mélangés, p. ex. pousses de blé, de pois chiche et de lentilles
Sel, poivre
4 grosses tranches de pain paysan
1 gousse d'ail
1 c. à s. de beurre

Couper les radis en fines rondelles. Couper la ciboulette en petites rondelles. Battre les œufs et les mélanger à la ciboulette, au fromage et aux germes. Saler et poivrer.

Faire griller le pain dans une poêle sans ajout de matière grasse. Retirer le pain et le frotter avec une gousse d'ail. Faire fondre le beurre et y faire cuire le mélange d'œufs à petit feu en l'empêchant d'attacher à l'aide d'une spatule. Dès que la préparation est légèrement solide, la répartir sur les tranches de pain. Déposer des radis dessus et poivrer.
