{"id":30199,"date":"2022-04-27T13:37:12","date_gmt":"2022-04-27T11:37:12","guid":{"rendered":"https:\/\/www.emmentaler.ch\/rezept\/pizza-aux-legumes-faible-teneur-en-glucides"},"modified":"2022-06-27T15:31:33","modified_gmt":"2022-06-27T13:31:33","slug":"pizza-aux-legumes-faible-teneur-en-glucides","status":"publish","type":"recipes","link":"https:\/\/www.emmentaler.ch\/fr\/recettes\/pizza-aux-legumes-faible-teneur-en-glucides","title":{"rendered":"Pizza aux l\u00e9gumes (faible teneur en glucides)"},"author":2,"featured_media":21921,"menu_order":0,"template":"","meta":{"inline_featured_image":false},"tags":[],"recipe_categories":[617],"et_countries":[],"recipe_main_ingredient":[591],"recipe_difficulty":[580],"recipe_preparation_time":[270],"recipe_diet_type":[567],"recipe_saison":[559],"acf":{"recipe_preparation_time":270,"recipe_categories":617,"recipe_time_txt":"","recipe_type":63911,"recipe_difficulty":580,"recipe_diet_type":[567],"recipe_main_ingredient":[591],"recipe_saison":[559],"recipe_count_portions":4,"recipe_ingedients":[{"recipe_ingedients_amount":"","recipe_ingedients_unit":"g","recipe_ingedients_product":""}],"temporare_zutaten":"4 courgettes moyennes\r\n1 \u0153uf\r\n80 g d\u2019Emmentaler AOP, r\u00e2p\u00e9\r\nPoivre\r\n30 g farine\r\n1 cc de sel\r\n1 gousse d\u2019ail\r\n1 bocal de tomates s\u00e9ch\u00e9es, env. 60 g \u00e9goutt\u00e9es\r\n80 g d\u2019Emmentaler AOP, grossi\u00e8rement r\u00e2p\u00e9\r\n90 g de jambon de Parme\r\n2 cs de sauce tomate, p. ex. \u00abarrabiata\u00bb\r\nBasilic","recipe_preparation":"R\u00e2pez les courgettes au-dessus d\u2019un grand saladier et laissez reposer 10 \u00e0 15 minutes, puis videz l\u2019eau rendue. S\u00e9chez les courgettes r\u00e2p\u00e9es, portion par portion, en les pressant dans un torchon. M\u00e9langez les courgettes, l\u2019\u0153uf et l\u2019Emmentaler AOP. Ajoutez la farine, le poivre, le sel et l\u2019ail et m\u00e9langez le tout jusqu\u2019\u00e0 l\u2019obtention d\u2019une p\u00e2te compacte. Etalez la p\u00e2te sur une plaque recouverte de papier sulfuris\u00e9, sur 1 cm d\u2019\u00e9paisseur. Faites cuire 15 \u00e0 20 minutes au four \u00e0 210 degr\u00e9s, jusqu\u2019\u00e0 ce que les bords soient dor\u00e9s. Retournez la p\u00e2te et laissez cuire encore 10 minutes. Retournez-la encore une fois en fin de cuisson.\r\n\r\nEgouttez les tomates s\u00e9ch\u00e9es sur un essuie-tout. Coupez le jambon de Parme en lamelles. Etalez de la sauce tomate sur la p\u00e2te, parsemez d\u2019Emmentaler AOP et disposez le jambon de Parme et les tomates s\u00e9ch\u00e9es. Repassez la pizza au four pendant 8 \u00e0 10 minutes.\r\n\r\nParsemez de feuilles de basilic et servez.","recipe_images":[30215]},"_links":{"self":[{"href":"https:\/\/www.emmentaler.ch\/fr\/wp-json\/wp\/v2\/recipes\/30199"}],"collection":[{"href":"https:\/\/www.emmentaler.ch\/fr\/wp-json\/wp\/v2\/recipes"}],"about":[{"href":"https:\/\/www.emmentaler.ch\/fr\/wp-json\/wp\/v2\/types\/recipes"}],"author":[{"embeddable":true,"href":"https:\/\/www.emmentaler.ch\/fr\/wp-json\/wp\/v2\/users\/2"}],"version-history":[{"count":0,"href":"https:\/\/www.emmentaler.ch\/fr\/wp-json\/wp\/v2\/recipes\/30199\/revisions"}],"acf:attachment":[{"embeddable":true,"href":"https:\/\/www.emmentaler.ch\/fr\/wp-json\/wp\/v2\/media\/30215"}],"acf:term":[{"embeddable":true,"taxonomy":"recipe_saison","href":"https:\/\/www.emmentaler.ch\/fr\/wp-json\/wp\/v2\/recipe_saison\/559"},{"embeddable":true,"taxonomy":"recipe_main_ingredient","href":"https:\/\/www.emmentaler.ch\/fr\/wp-json\/wp\/v2\/recipe_main_ingredient\/591"},{"embeddable":true,"taxonomy":"recipe_diet_type","href":"https:\/\/www.emmentaler.ch\/fr\/wp-json\/wp\/v2\/recipe_diet_type\/567"},{"embeddable":true,"taxonomy":"recipe_difficulty","href":"https:\/\/www.emmentaler.ch\/fr\/wp-json\/wp\/v2\/recipe_difficulty\/580"},{"embeddable":true,"taxonomy":"recipe_categories","href":"https:\/\/www.emmentaler.ch\/fr\/wp-json\/wp\/v2\/recipe_categories\/617"},{"embeddable":true,"taxonomy":"recipe_preparation_time","href":"https:\/\/www.emmentaler.ch\/fr\/wp-json\/wp\/v2\/recipe_preparation_time\/270"}],"acf:post":[{"embeddable":true,"href":"https:\/\/www.emmentaler.ch\/fr\/wp-json\/wp\/v2\/pages\/63911"}],"wp:featuredmedia":[{"embeddable":true,"href":"https:\/\/www.emmentaler.ch\/fr\/wp-json\/wp\/v2\/media\/21921"}],"wp:attachment":[{"href":"https:\/\/www.emmentaler.ch\/fr\/wp-json\/wp\/v2\/media?parent=30199"}],"wp:term":[{"taxonomy":"post_tag","embeddable":true,"href":"https:\/\/www.emmentaler.ch\/fr\/wp-json\/wp\/v2\/tags?post=30199"},{"taxonomy":"recipe_categories","embeddable":true,"href":"https:\/\/www.emmentaler.ch\/fr\/wp-json\/wp\/v2\/recipe_categories?post=30199"},{"taxonomy":"et_countries","embeddable":true,"href":"https:\/\/www.emmentaler.ch\/fr\/wp-json\/wp\/v2\/et_countries?post=30199"},{"taxonomy":"recipe_main_ingredient","embeddable":true,"href":"https:\/\/www.emmentaler.ch\/fr\/wp-json\/wp\/v2\/recipe_main_ingredient?post=30199"},{"taxonomy":"recipe_difficulty","embeddable":true,"href":"https:\/\/www.emmentaler.ch\/fr\/wp-json\/wp\/v2\/recipe_difficulty?post=30199"},{"taxonomy":"recipe_preparation_time","embeddable":true,"href":"https:\/\/www.emmentaler.ch\/fr\/wp-json\/wp\/v2\/recipe_preparation_time?post=30199"},{"taxonomy":"recipe_diet_type","embeddable":true,"href":"https:\/\/www.emmentaler.ch\/fr\/wp-json\/wp\/v2\/recipe_diet_type?post=30199"},{"taxonomy":"recipe_saison","embeddable":true,"href":"https:\/\/www.emmentaler.ch\/fr\/wp-json\/wp\/v2\/recipe_saison?post=30199"}],"curies":[{"name":"wp","href":"https:\/\/api.w.org\/{rel}","templated":true}]}}

Pizza aux légumes (faible teneur en glucides)

4 courgettes moyennes
1 œuf
80 g d’Emmentaler AOP, râpé
Poivre
30 g farine
1 cc de sel
1 gousse d’ail
1 bocal de tomates séchées, env. 60 g égouttées
80 g d’Emmentaler AOP, grossièrement râpé
90 g de jambon de Parme
2 cs de sauce tomate, p. ex. «arrabiata»
Basilic

Râpez les courgettes au-dessus d’un grand saladier et laissez reposer 10 à 15 minutes, puis videz l’eau rendue. Séchez les courgettes râpées, portion par portion, en les pressant dans un torchon. Mélangez les courgettes, l’œuf et l’Emmentaler AOP. Ajoutez la farine, le poivre, le sel et l’ail et mélangez le tout jusqu’à l’obtention d’une pâte compacte. Etalez la pâte sur une plaque recouverte de papier sulfurisé, sur 1 cm d’épaisseur. Faites cuire 15 à 20 minutes au four à 210 degrés, jusqu’à ce que les bords soient dorés. Retournez la pâte et laissez cuire encore 10 minutes. Retournez-la encore une fois en fin de cuisson.

Egouttez les tomates séchées sur un essuie-tout. Coupez le jambon de Parme en lamelles. Etalez de la sauce tomate sur la pâte, parsemez d’Emmentaler AOP et disposez le jambon de Parme et les tomates séchées. Repassez la pizza au four pendant 8 à 10 minutes.

Parsemez de feuilles de basilic et servez.
