{"id":30292,"date":"2022-04-27T13:36:19","date_gmt":"2022-04-27T11:36:19","guid":{"rendered":"https:\/\/www.emmentaler.ch\/rezept\/tour-a-la-viande-aux-legumes-et-a-lemmentaler-aop"},"modified":"2022-07-29T17:37:21","modified_gmt":"2022-07-29T15:37:21","slug":"tour-a-la-viande-aux-legumes-et-a-lemmentaler-aop","status":"publish","type":"recipes","link":"https:\/\/www.emmentaler.ch\/fr\/recettes\/tour-a-la-viande-aux-legumes-et-a-lemmentaler-aop","title":{"rendered":"Tour \u00e0 la viande, aux l\u00e9gumes et \u00e0 l\u2019Emmentaler AOP"},"author":2,"featured_media":44694,"menu_order":0,"template":"","meta":{"inline_featured_image":false},"tags":[],"recipe_categories":[606],"et_countries":[],"recipe_main_ingredient":[604,591],"recipe_difficulty":[583],"recipe_preparation_time":[272],"recipe_diet_type":[567],"recipe_saison":[527,559],"acf":{"recipe_preparation_time":272,"recipe_categories":606,"recipe_time_txt":"","recipe_type":68447,"recipe_difficulty":583,"recipe_diet_type":[567],"recipe_main_ingredient":[591,604],"recipe_saison":[527,559],"recipe_count_portions":4,"recipe_ingedients":[{"recipe_ingedients_amount":"","recipe_ingedients_unit":"g","recipe_ingedients_product":""}],"temporare_zutaten":"1 aubergine\r\nSel, poivre\r\n4 CS d\u2019huile\r\n150 g d\u2019Emmentaler AOP doux\r\n3 \u00e0 4 tomates\r\n\u00bd bouquet d\u2019origan\r\n12 escalopes de porc fines dans le filet de 40-50 g chacune\r\nUn peu de farine pour saupoudrer\r\n12 petits pics en bois","recipe_preparation":"Couper l\u2019aubergine en tranches de 7 mm d\u2019\u00e9paisseur environ. Badigeonner de chaque c\u00f4t\u00e9 avec un peu d\u2019huile, saler, poivrer. Disposer les tranches les unes \u00e0 c\u00f4t\u00e9 des autres sur une plaque garnie de papier sulfuris\u00e9 et enfourner 12 minutes environ \u00e0 220 \u00b0C (convection naturelle). Retirer la plaque du four et r\u00e9duire la temp\u00e9rature \u00e0 180 \u00b0C.\r\n\r\nR\u00e2per grossi\u00e8rement l\u2019Emmentaler AOP. Couper les tomates en tranches de 5 \u00e0 7 mm d\u2019\u00e9paisseur, saler, poivrer. Effeuiller les tiges d\u2019origan. Coupes les escalopes en deux, saler, poivrer et saupoudrer de farine. Faire chauffer l\u2019huile dans une po\u00eale. Y faire revenir les escalopes \u00bd minute de chaque c\u00f4t\u00e9.\r\n\r\nAssembler en couches superpos\u00e9es un morceau d\u2019escalope, une tranche d\u2019aubergine, une tranche de tomate, l\u2019origan et le fromage de fa\u00e7on \u00e0 former 12 petites tours. Fixer les tours avec des pics en bois, poser sur une plaque \u00e0 four et cuire 5 \u00e0 7 minutes \u00e0 mi-hauteur.\r\n\r\nServir avec des pommes de terre saut\u00e9es ou du pain.","recipe_images":[30318,30323,30328]},"_links":{"self":[{"href":"https:\/\/www.emmentaler.ch\/fr\/wp-json\/wp\/v2\/recipes\/30292"}],"collection":[{"href":"https:\/\/www.emmentaler.ch\/fr\/wp-json\/wp\/v2\/recipes"}],"about":[{"href":"https:\/\/www.emmentaler.ch\/fr\/wp-json\/wp\/v2\/types\/recipes"}],"author":[{"embeddable":true,"href":"https:\/\/www.emmentaler.ch\/fr\/wp-json\/wp\/v2\/users\/2"}],"version-history":[{"count":0,"href":"https:\/\/www.emmentaler.ch\/fr\/wp-json\/wp\/v2\/recipes\/30292\/revisions"}],"acf:attachment":[{"embeddable":true,"href":"https:\/\/www.emmentaler.ch\/fr\/wp-json\/wp\/v2\/media\/30328"},{"embeddable":true,"href":"https:\/\/www.emmentaler.ch\/fr\/wp-json\/wp\/v2\/media\/30323"},{"embeddable":true,"href":"https:\/\/www.emmentaler.ch\/fr\/wp-json\/wp\/v2\/media\/30318"}],"acf:term":[{"embeddable":true,"taxonomy":"recipe_saison","href":"https:\/\/www.emmentaler.ch\/fr\/wp-json\/wp\/v2\/recipe_saison\/559"},{"embeddable":true,"taxonomy":"recipe_saison","href":"https:\/\/www.emmentaler.ch\/fr\/wp-json\/wp\/v2\/recipe_saison\/527"},{"embeddable":true,"taxonomy":"recipe_main_ingredient","href":"https:\/\/www.emmentaler.ch\/fr\/wp-json\/wp\/v2\/recipe_main_ingredient\/604"},{"embeddable":true,"taxonomy":"recipe_main_ingredient","href":"https:\/\/www.emmentaler.ch\/fr\/wp-json\/wp\/v2\/recipe_main_ingredient\/591"},{"embeddable":true,"taxonomy":"recipe_diet_type","href":"https:\/\/www.emmentaler.ch\/fr\/wp-json\/wp\/v2\/recipe_diet_type\/567"},{"embeddable":true,"taxonomy":"recipe_difficulty","href":"https:\/\/www.emmentaler.ch\/fr\/wp-json\/wp\/v2\/recipe_difficulty\/583"},{"embeddable":true,"taxonomy":"recipe_categories","href":"https:\/\/www.emmentaler.ch\/fr\/wp-json\/wp\/v2\/recipe_categories\/606"},{"embeddable":true,"taxonomy":"recipe_preparation_time","href":"https:\/\/www.emmentaler.ch\/fr\/wp-json\/wp\/v2\/recipe_preparation_time\/272"}],"acf:post":[{"embeddable":true,"href":"https:\/\/www.emmentaler.ch\/fr\/wp-json\/wp\/v2\/pages\/68447"}],"wp:featuredmedia":[{"embeddable":true,"href":"https:\/\/www.emmentaler.ch\/fr\/wp-json\/wp\/v2\/media\/44694"}],"wp:attachment":[{"href":"https:\/\/www.emmentaler.ch\/fr\/wp-json\/wp\/v2\/media?parent=30292"}],"wp:term":[{"taxonomy":"post_tag","embeddable":true,"href":"https:\/\/www.emmentaler.ch\/fr\/wp-json\/wp\/v2\/tags?post=30292"},{"taxonomy":"recipe_categories","embeddable":true,"href":"https:\/\/www.emmentaler.ch\/fr\/wp-json\/wp\/v2\/recipe_categories?post=30292"},{"taxonomy":"et_countries","embeddable":true,"href":"https:\/\/www.emmentaler.ch\/fr\/wp-json\/wp\/v2\/et_countries?post=30292"},{"taxonomy":"recipe_main_ingredient","embeddable":true,"href":"https:\/\/www.emmentaler.ch\/fr\/wp-json\/wp\/v2\/recipe_main_ingredient?post=30292"},{"taxonomy":"recipe_difficulty","embeddable":true,"href":"https:\/\/www.emmentaler.ch\/fr\/wp-json\/wp\/v2\/recipe_difficulty?post=30292"},{"taxonomy":"recipe_preparation_time","embeddable":true,"href":"https:\/\/www.emmentaler.ch\/fr\/wp-json\/wp\/v2\/recipe_preparation_time?post=30292"},{"taxonomy":"recipe_diet_type","embeddable":true,"href":"https:\/\/www.emmentaler.ch\/fr\/wp-json\/wp\/v2\/recipe_diet_type?post=30292"},{"taxonomy":"recipe_saison","embeddable":true,"href":"https:\/\/www.emmentaler.ch\/fr\/wp-json\/wp\/v2\/recipe_saison?post=30292"}],"curies":[{"name":"wp","href":"https:\/\/api.w.org\/{rel}","templated":true}]}}

Tour à la viande, aux légumes et à l’Emmentaler AOP

1 aubergine
Sel, poivre
4 CS d’huile
150 g d’Emmentaler AOP doux
3 à 4 tomates
½ bouquet d’origan
12 escalopes de porc fines dans le filet de 40-50 g chacune
Un peu de farine pour saupoudrer
12 petits pics en bois

Couper l’aubergine en tranches de 7 mm d’épaisseur environ. Badigeonner de chaque côté avec un peu d’huile, saler, poivrer. Disposer les tranches les unes à côté des autres sur une plaque garnie de papier sulfurisé et enfourner 12 minutes environ à 220 °C (convection naturelle). Retirer la plaque du four et réduire la température à 180 °C.

Râper grossièrement l’Emmentaler AOP. Couper les tomates en tranches de 5 à 7 mm d’épaisseur, saler, poivrer. Effeuiller les tiges d’origan. Coupes les escalopes en deux, saler, poivrer et saupoudrer de farine. Faire chauffer l’huile dans une poêle. Y faire revenir les escalopes ½ minute de chaque côté.

Assembler en couches superposées un morceau d’escalope, une tranche d’aubergine, une tranche de tomate, l’origan et le fromage de façon à former 12 petites tours. Fixer les tours avec des pics en bois, poser sur une plaque à four et cuire 5 à 7 minutes à mi-hauteur.

Servir avec des pommes de terre sautées ou du pain.
