{"id":30384,"date":"2022-04-27T13:41:56","date_gmt":"2022-04-27T11:41:56","guid":{"rendered":"https:\/\/www.emmentaler.ch\/rezept\/rouleaux-de-legumes-sauce-tomate"},"modified":"2024-07-25T17:38:26","modified_gmt":"2024-07-25T15:38:26","slug":"rouleaux-de-legumes-sauce-tomate","status":"publish","type":"recipes","link":"https:\/\/www.emmentaler.ch\/fr\/recettes\/rouleaux-de-legumes-sauce-tomate","title":{"rendered":"Rouleaux de l\u00e9gumes sauce tomate"},"author":2,"featured_media":24857,"menu_order":0,"template":"","meta":{"inline_featured_image":false},"tags":[802],"recipe_categories":[622],"et_countries":[],"recipe_main_ingredient":[604],"recipe_difficulty":[575],"recipe_preparation_time":[280],"recipe_diet_type":[564,567,572],"recipe_saison":[527,559],"acf":{"recipe_preparation_time":280,"recipe_categories":622,"recipe_time_txt":"","recipe_type":64272,"recipe_difficulty":575,"recipe_diet_type":[564,567,572],"recipe_main_ingredient":[604],"recipe_saison":[527,559],"recipe_count_portions":4,"recipe_ingedients":[{"recipe_ingedients_amount":"","recipe_ingedients_unit":"g","recipe_ingedients_product":""}],"temporare_zutaten":"2 tomates charnues\r\nSel, poivre\r\n4 branches de c\u00e9leri\r\n1 poivron jaune\r\n\u00bd concombre\r\n150 g d\u2019Emmentaler AOP\r\n1 bouquet de basilic\r\n12 grosses feuilles de laitue\r\n12 cure-dents","recipe_preparation":"Inciser les tomates en croix et retirer le p\u00e9doncule. Plonger les tomates 30 secondes dans l\u2019eau bouillante, puis les passer imm\u00e9diatement sous l\u2019eau froide. Peler les tomates, les couper en gros d\u00e9s et les r\u00e9duire en pur\u00e9e fine au mixeur. Saler, poivrer, r\u00e9partir dans des coupelles.\r\n\r\nRetirer les fils coriaces des branches de c\u00e9leri. Couper le poivron en deux et retirer les p\u00e9pins. Couper le c\u00e9leri, le poivron, le concombre et l\u2019Emmentaler AOP en b\u00e2tonnets d\u2019environ 10 cm de long et 1 cm de large. Effeuiller les brins de basilic.\r\n\r\nRetirer le trognon des feuilles de laitue. Plier les feuilles dans le sens de la longueur. R\u00e9partir le c\u00e9leri, le poivron, le concombre, le fromage et le basilic de fa\u00e7on \u00e9gale sur les feuilles de laitue. Rouler les feuilles et fixer avec un cure-dent.\r\n\r\nServir les rouleaux de l\u00e9gumes avec la sauce tomate.","recipe_images":[24862,24867,24857]},"_links":{"self":[{"href":"https:\/\/www.emmentaler.ch\/fr\/wp-json\/wp\/v2\/recipes\/30384"}],"collection":[{"href":"https:\/\/www.emmentaler.ch\/fr\/wp-json\/wp\/v2\/recipes"}],"about":[{"href":"https:\/\/www.emmentaler.ch\/fr\/wp-json\/wp\/v2\/types\/recipes"}],"author":[{"embeddable":true,"href":"https:\/\/www.emmentaler.ch\/fr\/wp-json\/wp\/v2\/users\/2"}],"version-history":[{"count":1,"href":"https:\/\/www.emmentaler.ch\/fr\/wp-json\/wp\/v2\/recipes\/30384\/revisions"}],"predecessor-version":[{"id":137920,"href":"https:\/\/www.emmentaler.ch\/fr\/wp-json\/wp\/v2\/recipes\/30384\/revisions\/137920"}],"acf:attachment":[{"embeddable":true,"href":"https:\/\/www.emmentaler.ch\/fr\/wp-json\/wp\/v2\/media\/24857"},{"embeddable":true,"href":"https:\/\/www.emmentaler.ch\/fr\/wp-json\/wp\/v2\/media\/24867"},{"embeddable":true,"href":"https:\/\/www.emmentaler.ch\/fr\/wp-json\/wp\/v2\/media\/24862"}],"acf:term":[{"embeddable":true,"taxonomy":"recipe_saison","href":"https:\/\/www.emmentaler.ch\/fr\/wp-json\/wp\/v2\/recipe_saison\/559"},{"embeddable":true,"taxonomy":"recipe_saison","href":"https:\/\/www.emmentaler.ch\/fr\/wp-json\/wp\/v2\/recipe_saison\/527"},{"embeddable":true,"taxonomy":"recipe_main_ingredient","href":"https:\/\/www.emmentaler.ch\/fr\/wp-json\/wp\/v2\/recipe_main_ingredient\/604"},{"embeddable":true,"taxonomy":"recipe_diet_type","href":"https:\/\/www.emmentaler.ch\/fr\/wp-json\/wp\/v2\/recipe_diet_type\/572"},{"embeddable":true,"taxonomy":"recipe_diet_type","href":"https:\/\/www.emmentaler.ch\/fr\/wp-json\/wp\/v2\/recipe_diet_type\/567"},{"embeddable":true,"taxonomy":"recipe_diet_type","href":"https:\/\/www.emmentaler.ch\/fr\/wp-json\/wp\/v2\/recipe_diet_type\/564"},{"embeddable":true,"taxonomy":"recipe_difficulty","href":"https:\/\/www.emmentaler.ch\/fr\/wp-json\/wp\/v2\/recipe_difficulty\/575"},{"embeddable":true,"taxonomy":"recipe_categories","href":"https:\/\/www.emmentaler.ch\/fr\/wp-json\/wp\/v2\/recipe_categories\/622"},{"embeddable":true,"taxonomy":"recipe_preparation_time","href":"https:\/\/www.emmentaler.ch\/fr\/wp-json\/wp\/v2\/recipe_preparation_time\/280"}],"acf:post":[{"embeddable":true,"href":"https:\/\/www.emmentaler.ch\/fr\/wp-json\/wp\/v2\/pages\/64272"}],"wp:featuredmedia":[{"embeddable":true,"href":"https:\/\/www.emmentaler.ch\/fr\/wp-json\/wp\/v2\/media\/24857"}],"wp:attachment":[{"href":"https:\/\/www.emmentaler.ch\/fr\/wp-json\/wp\/v2\/media?parent=30384"}],"wp:term":[{"taxonomy":"post_tag","embeddable":true,"href":"https:\/\/www.emmentaler.ch\/fr\/wp-json\/wp\/v2\/tags?post=30384"},{"taxonomy":"recipe_categories","embeddable":true,"href":"https:\/\/www.emmentaler.ch\/fr\/wp-json\/wp\/v2\/recipe_categories?post=30384"},{"taxonomy":"et_countries","embeddable":true,"href":"https:\/\/www.emmentaler.ch\/fr\/wp-json\/wp\/v2\/et_countries?post=30384"},{"taxonomy":"recipe_main_ingredient","embeddable":true,"href":"https:\/\/www.emmentaler.ch\/fr\/wp-json\/wp\/v2\/recipe_main_ingredient?post=30384"},{"taxonomy":"recipe_difficulty","embeddable":true,"href":"https:\/\/www.emmentaler.ch\/fr\/wp-json\/wp\/v2\/recipe_difficulty?post=30384"},{"taxonomy":"recipe_preparation_time","embeddable":true,"href":"https:\/\/www.emmentaler.ch\/fr\/wp-json\/wp\/v2\/recipe_preparation_time?post=30384"},{"taxonomy":"recipe_diet_type","embeddable":true,"href":"https:\/\/www.emmentaler.ch\/fr\/wp-json\/wp\/v2\/recipe_diet_type?post=30384"},{"taxonomy":"recipe_saison","embeddable":true,"href":"https:\/\/www.emmentaler.ch\/fr\/wp-json\/wp\/v2\/recipe_saison?post=30384"}],"curies":[{"name":"wp","href":"https:\/\/api.w.org\/{rel}","templated":true}]}}

Rouleaux de légumes sauce tomate

2 tomates charnues
Sel, poivre
4 branches de céleri
1 poivron jaune
½ concombre
150 g d’Emmentaler AOP
1 bouquet de basilic
12 grosses feuilles de laitue
12 cure-dents

Inciser les tomates en croix et retirer le pédoncule. Plonger les tomates 30 secondes dans l’eau bouillante, puis les passer immédiatement sous l’eau froide. Peler les tomates, les couper en gros dés et les réduire en purée fine au mixeur. Saler, poivrer, répartir dans des coupelles.

Retirer les fils coriaces des branches de céleri. Couper le poivron en deux et retirer les pépins. Couper le céleri, le poivron, le concombre et l’Emmentaler AOP en bâtonnets d’environ 10 cm de long et 1 cm de large. Effeuiller les brins de basilic.

Retirer le trognon des feuilles de laitue. Plier les feuilles dans le sens de la longueur. Répartir le céleri, le poivron, le concombre, le fromage et le basilic de façon égale sur les feuilles de laitue. Rouler les feuilles et fixer avec un cure-dent.

Servir les rouleaux de légumes avec la sauce tomate.
