{"id":30476,"date":"2022-04-27T13:36:19","date_gmt":"2022-04-27T11:36:19","guid":{"rendered":"https:\/\/www.emmentaler.ch\/rezept\/courge-farcie"},"modified":"2022-12-14T09:41:13","modified_gmt":"2022-12-14T08:41:13","slug":"courge-farcie","status":"publish","type":"recipes","link":"https:\/\/www.emmentaler.ch\/fr\/recettes\/courge-farcie","title":{"rendered":"Courge farcie"},"author":2,"featured_media":30492,"menu_order":0,"template":"","meta":{"inline_featured_image":false},"tags":[718],"recipe_categories":[617],"et_countries":[],"recipe_main_ingredient":[604,591],"recipe_difficulty":[580],"recipe_preparation_time":[705],"recipe_diet_type":[],"recipe_saison":[540,527],"acf":{"recipe_preparation_time":705,"recipe_categories":617,"recipe_time_txt":"30 minutes plus 60 minutes de cuisson","recipe_type":64285,"recipe_difficulty":580,"recipe_diet_type":false,"recipe_main_ingredient":[591,604],"recipe_saison":[527,540],"recipe_count_portions":4,"recipe_ingedients":[{"recipe_ingedients_amount":"18.75","recipe_ingedients_unit":"g","recipe_ingedients_product":"de pain, sans cro\u00fbte"},{"recipe_ingedients_amount":"25","recipe_ingedients_unit":"ml","recipe_ingedients_product":"de lait ti\u00e8de"},{"recipe_ingedients_amount":".25","recipe_ingedients_unit":"St\u00fcck","recipe_ingedients_product":"oignon"},{"recipe_ingedients_amount":".25","recipe_ingedients_unit":"St\u00fcck","recipe_ingedients_product":"gousse d'ail"},{"recipe_ingedients_amount":".25","recipe_ingedients_unit":"Bd","recipe_ingedients_product":"de persil"},{"recipe_ingedients_amount":".25","recipe_ingedients_unit":"Bd","recipe_ingedients_product":"d'herbes aromatiques, p. ex. romarin, origan, sauge"},{"recipe_ingedients_amount":".25","recipe_ingedients_unit":"El","recipe_ingedients_product":"de beurre"},{"recipe_ingedients_amount":"50","recipe_ingedients_unit":"g","recipe_ingedients_product":"Emmentaler AOP"},{"recipe_ingedients_amount":"75","recipe_ingedients_unit":"g","recipe_ingedients_product":"de viande hach\u00e9e mixte"},{"recipe_ingedients_amount":".25","recipe_ingedients_unit":"St\u00fcck","recipe_ingedients_product":"\u0153uf"},{"recipe_ingedients_amount":".25","recipe_ingedients_unit":"Tl","recipe_ingedients_product":"de moutarde"},{"recipe_ingedients_amount":".25","recipe_ingedients_unit":"St\u00fcck","recipe_ingedients_product":"courge d'Hokka\u00efdo (potimaron, 1 courge d'1,5 kg env.)"},{"recipe_ingedients_amount":"","recipe_ingedients_unit":"Bedarf","recipe_ingedients_product":"Sel, poivre"}],"temporare_zutaten":"75 g de pain, sans cro\u00fbte\r\n1 dl de lait ti\u00e8de\r\n1 oignon\r\n1 gousse d'ail\r\n1 botte de persil\r\n1 bouquet d'herbes aromatiques, p. ex. romarin, origan, sauge\r\n1 c. \u00e0 s. de beurre\r\n200 g d'Emmentaler AOP\r\n300 g de viande hach\u00e9e mixte\r\n1 \u0153uf\r\n1 c. \u00e0 c. de moutarde\r\nSel, poivre\r\n1 courge d'Hokka\u00efdo (potimaron) d'1,5 kg env.","recipe_preparation":"Couper le pain en petit morceaux et le faire tremper 20 minutes dans le lait puis l'\u00e9mietter \u00e0 l'aide d'une fourchette. Hacher finement l'oignon, l'ail et les herbes, les faire revenir dans du beurre chaud, les mettre dans un saladier et laisser refroidir.\r\n\r\nCouper l'Emmentaler AOP en d\u00e9s d'1 cm. Mettre les d\u00e9s de fromage, la viande hach\u00e9e, l'\u0153uf, la moutarde, le seil et le poivre dans le saladier et bien m\u00e9langer.\r\n\r\nCouper le couvercle de la courge et retirer les p\u00e9pins \u00e0 l'aide d'une cuill\u00e8re. Saler l'int\u00e9rieur de la courge puis la farcir avec la viande.\r\n\r\nD\u00e9poser la courge sur une plaque de cuisson couverte de papier sulfuris\u00e9 et la faire cuire 60 minutes \u00e0 200\u00b0C. Rajouter le couvercle apr\u00e8s 30 minutes de cuisson.","recipe_images":[30492]},"_links":{"self":[{"href":"https:\/\/www.emmentaler.ch\/fr\/wp-json\/wp\/v2\/recipes\/30476"}],"collection":[{"href":"https:\/\/www.emmentaler.ch\/fr\/wp-json\/wp\/v2\/recipes"}],"about":[{"href":"https:\/\/www.emmentaler.ch\/fr\/wp-json\/wp\/v2\/types\/recipes"}],"author":[{"embeddable":true,"href":"https:\/\/www.emmentaler.ch\/fr\/wp-json\/wp\/v2\/users\/2"}],"version-history":[{"count":0,"href":"https:\/\/www.emmentaler.ch\/fr\/wp-json\/wp\/v2\/recipes\/30476\/revisions"}],"acf:attachment":[{"embeddable":true,"href":"https:\/\/www.emmentaler.ch\/fr\/wp-json\/wp\/v2\/media\/30492"}],"acf:term":[{"embeddable":true,"taxonomy":"recipe_saison","href":"https:\/\/www.emmentaler.ch\/fr\/wp-json\/wp\/v2\/recipe_saison\/540"},{"embeddable":true,"taxonomy":"recipe_saison","href":"https:\/\/www.emmentaler.ch\/fr\/wp-json\/wp\/v2\/recipe_saison\/527"},{"embeddable":true,"taxonomy":"recipe_main_ingredient","href":"https:\/\/www.emmentaler.ch\/fr\/wp-json\/wp\/v2\/recipe_main_ingredient\/604"},{"embeddable":true,"taxonomy":"recipe_main_ingredient","href":"https:\/\/www.emmentaler.ch\/fr\/wp-json\/wp\/v2\/recipe_main_ingredient\/591"},{"embeddable":true,"taxonomy":"recipe_difficulty","href":"https:\/\/www.emmentaler.ch\/fr\/wp-json\/wp\/v2\/recipe_difficulty\/580"},{"embeddable":true,"taxonomy":"recipe_categories","href":"https:\/\/www.emmentaler.ch\/fr\/wp-json\/wp\/v2\/recipe_categories\/617"},{"embeddable":true,"taxonomy":"recipe_preparation_time","href":"https:\/\/www.emmentaler.ch\/fr\/wp-json\/wp\/v2\/recipe_preparation_time\/705"}],"acf:post":[{"embeddable":true,"href":"https:\/\/www.emmentaler.ch\/fr\/wp-json\/wp\/v2\/pages\/64285"}],"wp:featuredmedia":[{"embeddable":true,"href":"https:\/\/www.emmentaler.ch\/fr\/wp-json\/wp\/v2\/media\/30492"}],"wp:attachment":[{"href":"https:\/\/www.emmentaler.ch\/fr\/wp-json\/wp\/v2\/media?parent=30476"}],"wp:term":[{"taxonomy":"post_tag","embeddable":true,"href":"https:\/\/www.emmentaler.ch\/fr\/wp-json\/wp\/v2\/tags?post=30476"},{"taxonomy":"recipe_categories","embeddable":true,"href":"https:\/\/www.emmentaler.ch\/fr\/wp-json\/wp\/v2\/recipe_categories?post=30476"},{"taxonomy":"et_countries","embeddable":true,"href":"https:\/\/www.emmentaler.ch\/fr\/wp-json\/wp\/v2\/et_countries?post=30476"},{"taxonomy":"recipe_main_ingredient","embeddable":true,"href":"https:\/\/www.emmentaler.ch\/fr\/wp-json\/wp\/v2\/recipe_main_ingredient?post=30476"},{"taxonomy":"recipe_difficulty","embeddable":true,"href":"https:\/\/www.emmentaler.ch\/fr\/wp-json\/wp\/v2\/recipe_difficulty?post=30476"},{"taxonomy":"recipe_preparation_time","embeddable":true,"href":"https:\/\/www.emmentaler.ch\/fr\/wp-json\/wp\/v2\/recipe_preparation_time?post=30476"},{"taxonomy":"recipe_diet_type","embeddable":true,"href":"https:\/\/www.emmentaler.ch\/fr\/wp-json\/wp\/v2\/recipe_diet_type?post=30476"},{"taxonomy":"recipe_saison","embeddable":true,"href":"https:\/\/www.emmentaler.ch\/fr\/wp-json\/wp\/v2\/recipe_saison?post=30476"}],"curies":[{"name":"wp","href":"https:\/\/api.w.org\/{rel}","templated":true}]}}

de pain, sans croûte

de lait tiède

Stück

de viande hachée mixte

œuf

courge d'Hokkaïdo (potimaron, 1 courge d'1,5 kg env.)

75 g de pain, sans croûte
1 dl de lait tiède
1 oignon
1 gousse d'ail
1 botte de persil
1 bouquet d'herbes aromatiques, p. ex. romarin, origan, sauge
1 c. à s. de beurre
200 g d'Emmentaler AOP
300 g de viande hachée mixte
1 œuf
1 c. à c. de moutarde
Sel, poivre
1 courge d'Hokkaïdo (potimaron) d'1,5 kg env.

Couper le pain en petit morceaux et le faire tremper 20 minutes dans le lait puis l'émietter à l'aide d'une fourchette. Hacher finement l'oignon, l'ail et les herbes, les faire revenir dans du beurre chaud, les mettre dans un saladier et laisser refroidir.

Couper l'Emmentaler AOP en dés d'1 cm. Mettre les dés de fromage, la viande hachée, l'œuf, la moutarde, le seil et le poivre dans le saladier et bien mélanger.

Couper le couvercle de la courge et retirer les pépins à l'aide d'une cuillère. Saler l'intérieur de la courge puis la farcir avec la viande.

Déposer la courge sur une plaque de cuisson couverte de papier sulfurisé et la faire cuire 60 minutes à 200°C. Rajouter le couvercle après 30 minutes de cuisson.
