{"id":30507,"date":"2022-04-27T13:36:19","date_gmt":"2022-04-27T11:36:19","guid":{"rendered":"https:\/\/www.emmentaler.ch\/rezept\/courgettes-farcies-a-la-tomate"},"modified":"2022-06-27T17:09:03","modified_gmt":"2022-06-27T15:09:03","slug":"courgettes-farcies-a-la-tomate","status":"publish","type":"recipes","link":"https:\/\/www.emmentaler.ch\/fr\/recettes\/courgettes-farcies-a-la-tomate","title":{"rendered":"Courgettes farcies \u00e0 la tomate"},"author":2,"featured_media":21705,"menu_order":0,"template":"","meta":{"inline_featured_image":false},"tags":[],"recipe_categories":[617],"et_countries":[],"recipe_main_ingredient":[599],"recipe_difficulty":[575],"recipe_preparation_time":[278],"recipe_diet_type":[564,567],"recipe_saison":[540,535,548,532],"acf":{"recipe_preparation_time":278,"recipe_categories":617,"recipe_time_txt":"30 minutes plus 30 minutes de cuisson","recipe_type":63911,"recipe_difficulty":575,"recipe_diet_type":[564,567],"recipe_main_ingredient":[599],"recipe_saison":[532,535,540,548],"recipe_count_portions":4,"recipe_ingedients":[{"recipe_ingedients_amount":"","recipe_ingedients_unit":"g","recipe_ingedients_product":""}],"temporare_zutaten":"4 courgettes, environ 800 g\r\n220 g d'Emmentaler AOP\r\n1 gros bouquet de basilic\r\n2 gousses d'ail\r\n1 dl de vin blanc\r\nSel, poivre\r\n250 g d'\u00e9minc\u00e9 de poulet\r\n2 c. \u00e0 s. de pignons\r\n300 g de tomates cerises\r\n1 2 dl de bouillon environ","recipe_preparation":"Couper les courgettes en 2 dans le sens de la longueur et les \u00e9vider \u00e0 l'aide d'une cuill\u00e8re en laissant un pourtour d'environ 1 cm. R\u00e2per finement l'Emmentaler AOP. Hacher grossi\u00e8rement le basilic et l'ail et les mettre dans un r\u00e9cipient haut avec la chair des courgettes et le vin blanc. Mixer avec le mixeur plongeant, ajouter le fromage \u00e0 la pr\u00e9paration, saler et poivrer.\r\n\r\nIncorporer le poulet et les pignons au m\u00e9lange de fromage, saler et poivrer. Farcir les moiti\u00e9s de courgettes avec la pr\u00e9paration et les disposer dans un plat allant au four. Couper les tomates cerises en 2 et les disposer \u00e0 c\u00f4t\u00e9 des courgettes. Verser le bouillon et faire gratiner 30 minutes au four \u00e0 200\u00b0C.","recipe_images":[21705]},"_links":{"self":[{"href":"https:\/\/www.emmentaler.ch\/fr\/wp-json\/wp\/v2\/recipes\/30507"}],"collection":[{"href":"https:\/\/www.emmentaler.ch\/fr\/wp-json\/wp\/v2\/recipes"}],"about":[{"href":"https:\/\/www.emmentaler.ch\/fr\/wp-json\/wp\/v2\/types\/recipes"}],"author":[{"embeddable":true,"href":"https:\/\/www.emmentaler.ch\/fr\/wp-json\/wp\/v2\/users\/2"}],"version-history":[{"count":0,"href":"https:\/\/www.emmentaler.ch\/fr\/wp-json\/wp\/v2\/recipes\/30507\/revisions"}],"acf:attachment":[{"embeddable":true,"href":"https:\/\/www.emmentaler.ch\/fr\/wp-json\/wp\/v2\/media\/21705"}],"acf:term":[{"embeddable":true,"taxonomy":"recipe_saison","href":"https:\/\/www.emmentaler.ch\/fr\/wp-json\/wp\/v2\/recipe_saison\/548"},{"embeddable":true,"taxonomy":"recipe_saison","href":"https:\/\/www.emmentaler.ch\/fr\/wp-json\/wp\/v2\/recipe_saison\/540"},{"embeddable":true,"taxonomy":"recipe_saison","href":"https:\/\/www.emmentaler.ch\/fr\/wp-json\/wp\/v2\/recipe_saison\/535"},{"embeddable":true,"taxonomy":"recipe_saison","href":"https:\/\/www.emmentaler.ch\/fr\/wp-json\/wp\/v2\/recipe_saison\/532"},{"embeddable":true,"taxonomy":"recipe_main_ingredient","href":"https:\/\/www.emmentaler.ch\/fr\/wp-json\/wp\/v2\/recipe_main_ingredient\/599"},{"embeddable":true,"taxonomy":"recipe_diet_type","href":"https:\/\/www.emmentaler.ch\/fr\/wp-json\/wp\/v2\/recipe_diet_type\/567"},{"embeddable":true,"taxonomy":"recipe_diet_type","href":"https:\/\/www.emmentaler.ch\/fr\/wp-json\/wp\/v2\/recipe_diet_type\/564"},{"embeddable":true,"taxonomy":"recipe_difficulty","href":"https:\/\/www.emmentaler.ch\/fr\/wp-json\/wp\/v2\/recipe_difficulty\/575"},{"embeddable":true,"taxonomy":"recipe_categories","href":"https:\/\/www.emmentaler.ch\/fr\/wp-json\/wp\/v2\/recipe_categories\/617"},{"embeddable":true,"taxonomy":"recipe_preparation_time","href":"https:\/\/www.emmentaler.ch\/fr\/wp-json\/wp\/v2\/recipe_preparation_time\/278"}],"acf:post":[{"embeddable":true,"href":"https:\/\/www.emmentaler.ch\/fr\/wp-json\/wp\/v2\/pages\/63911"}],"wp:featuredmedia":[{"embeddable":true,"href":"https:\/\/www.emmentaler.ch\/fr\/wp-json\/wp\/v2\/media\/21705"}],"wp:attachment":[{"href":"https:\/\/www.emmentaler.ch\/fr\/wp-json\/wp\/v2\/media?parent=30507"}],"wp:term":[{"taxonomy":"post_tag","embeddable":true,"href":"https:\/\/www.emmentaler.ch\/fr\/wp-json\/wp\/v2\/tags?post=30507"},{"taxonomy":"recipe_categories","embeddable":true,"href":"https:\/\/www.emmentaler.ch\/fr\/wp-json\/wp\/v2\/recipe_categories?post=30507"},{"taxonomy":"et_countries","embeddable":true,"href":"https:\/\/www.emmentaler.ch\/fr\/wp-json\/wp\/v2\/et_countries?post=30507"},{"taxonomy":"recipe_main_ingredient","embeddable":true,"href":"https:\/\/www.emmentaler.ch\/fr\/wp-json\/wp\/v2\/recipe_main_ingredient?post=30507"},{"taxonomy":"recipe_difficulty","embeddable":true,"href":"https:\/\/www.emmentaler.ch\/fr\/wp-json\/wp\/v2\/recipe_difficulty?post=30507"},{"taxonomy":"recipe_preparation_time","embeddable":true,"href":"https:\/\/www.emmentaler.ch\/fr\/wp-json\/wp\/v2\/recipe_preparation_time?post=30507"},{"taxonomy":"recipe_diet_type","embeddable":true,"href":"https:\/\/www.emmentaler.ch\/fr\/wp-json\/wp\/v2\/recipe_diet_type?post=30507"},{"taxonomy":"recipe_saison","embeddable":true,"href":"https:\/\/www.emmentaler.ch\/fr\/wp-json\/wp\/v2\/recipe_saison?post=30507"}],"curies":[{"name":"wp","href":"https:\/\/api.w.org\/{rel}","templated":true}]}}

Courgettes farcies à la tomate

4 courgettes, environ 800 g
220 g d'Emmentaler AOP
1 gros bouquet de basilic
2 gousses d'ail
1 dl de vin blanc
Sel, poivre
250 g d'émincé de poulet
2 c. à s. de pignons
300 g de tomates cerises
1 2 dl de bouillon environ

Couper les courgettes en 2 dans le sens de la longueur et les évider à l'aide d'une cuillère en laissant un pourtour d'environ 1 cm. Râper finement l'Emmentaler AOP. Hacher grossièrement le basilic et l'ail et les mettre dans un récipient haut avec la chair des courgettes et le vin blanc. Mixer avec le mixeur plongeant, ajouter le fromage à la préparation, saler et poivrer.

Incorporer le poulet et les pignons au mélange de fromage, saler et poivrer. Farcir les moitiés de courgettes avec la préparation et les disposer dans un plat allant au four. Couper les tomates cerises en 2 et les disposer à côté des courgettes. Verser le bouillon et faire gratiner 30 minutes au four à 200°C.
