{"id":30600,"date":"2022-04-27T13:33:36","date_gmt":"2022-04-27T11:33:36","guid":{"rendered":"https:\/\/www.emmentaler.ch\/rezept\/champignons-sur-lit-depinards"},"modified":"2024-07-02T12:04:25","modified_gmt":"2024-07-02T10:04:25","slug":"champignons-sur-lit-depinards","status":"publish","type":"recipes","link":"https:\/\/www.emmentaler.ch\/fr\/recettes\/champignons-sur-lit-depinards","title":{"rendered":"Champignons sur lit d&rsquo;\u00e9pinards"},"author":2,"featured_media":30621,"menu_order":0,"template":"","meta":{"inline_featured_image":false},"tags":[],"recipe_categories":[617],"et_countries":[],"recipe_main_ingredient":[604],"recipe_difficulty":[575],"recipe_preparation_time":[278],"recipe_diet_type":[572],"recipe_saison":[535,548,559],"acf":{"recipe_preparation_time":278,"recipe_categories":617,"recipe_time_txt":"30 minutes, plus 30 minutes de cuisson","recipe_type":64303,"recipe_difficulty":575,"recipe_diet_type":[572],"recipe_main_ingredient":[604],"recipe_saison":[559,535,548],"recipe_count_portions":4,"recipe_ingedients":[{"recipe_ingedients_amount":"200","recipe_ingedients_unit":"g","recipe_ingedients_product":"\u00e9pinards en branche"},{"recipe_ingedients_amount":"50","recipe_ingedients_unit":"g","recipe_ingedients_product":"Emmentaler AOP"},{"recipe_ingedients_amount":"62.5","recipe_ingedients_unit":"g","recipe_ingedients_product":"ricotta"},{"recipe_ingedients_amount":".25","recipe_ingedients_unit":"St\u00fcck","recipe_ingedients_product":"gousse d'ail"},{"recipe_ingedients_amount":"125","recipe_ingedients_unit":"g","recipe_ingedients_product":"tr\u00e8s gros champignons"},{"recipe_ingedients_amount":"12.5","recipe_ingedients_unit":"g","recipe_ingedients_product":"pain rassis"},{"recipe_ingedients_amount":"12.5","recipe_ingedients_unit":"g","recipe_ingedients_product":"noisettes moulues"},{"recipe_ingedients_amount":"1","recipe_ingedients_unit":"El","recipe_ingedients_product":"vin blanc"},{"recipe_ingedients_amount":"","recipe_ingedients_unit":"Bedarf","recipe_ingedients_product":"selon les besoins : poivre, noix de muscade"},{"recipe_ingedients_amount":"","recipe_ingedients_unit":"Bedarf","recipe_ingedients_product":"selon les besoins : sel"}],"temporare_zutaten":"800 g d'\u00e9pinards en branche\r\nSel\r\n200 g de Emmentaler AOP\r\n250 g de ricotta\r\n1 gousse d'ail\r\nPoivre, noix de muscade\r\n500 g de tr\u00e8s gros champignons\r\n50 g de pain rassis\r\n50 g de noisettes moulues\r\n4 c. \u00e0 s. de vin blanc","recipe_preparation":"Blanchir les \u00e9pinards dans de l'eau sal\u00e9e fr\u00e9missante, les \u00e9goutter, les refroidir \u00e0 l'eau froide et les presser l\u00e9g\u00e8rement. R\u00e2per finement le Emmentaler AOP. Mettre la ricotta dans un saladier avec la moiti\u00e9 du fromage et y presser la gousse d'ail. Assaaisonner avec le sel, le poivre et la noix de muscade, bien m\u00e9langer et verser dans un moule \u00e0 gratin.\r\n\r\nRetirer la queue des champignons. Hacher le pain au mixeur et m\u00e9langer le pain, le reste du fromage, les noisettes, le vin blanc, le sel et le poivre. Farcir les champignons de cette pr\u00e9paration, appuyer l\u00e9g\u00e8rement et r\u00e9partir sur les \u00e9pinards.\r\n\r\nFaire cuire 30 minutes \u00e0 200\u00b0C au milieu du four.\r\n\r\nServir avec des pommes de terre ou du riz.","recipe_images":[20087,20092]},"_links":{"self":[{"href":"https:\/\/www.emmentaler.ch\/fr\/wp-json\/wp\/v2\/recipes\/30600"}],"collection":[{"href":"https:\/\/www.emmentaler.ch\/fr\/wp-json\/wp\/v2\/recipes"}],"about":[{"href":"https:\/\/www.emmentaler.ch\/fr\/wp-json\/wp\/v2\/types\/recipes"}],"author":[{"embeddable":true,"href":"https:\/\/www.emmentaler.ch\/fr\/wp-json\/wp\/v2\/users\/2"}],"version-history":[{"count":1,"href":"https:\/\/www.emmentaler.ch\/fr\/wp-json\/wp\/v2\/recipes\/30600\/revisions"}],"predecessor-version":[{"id":137540,"href":"https:\/\/www.emmentaler.ch\/fr\/wp-json\/wp\/v2\/recipes\/30600\/revisions\/137540"}],"acf:attachment":[{"embeddable":true,"href":"https:\/\/www.emmentaler.ch\/fr\/wp-json\/wp\/v2\/media\/20092"},{"embeddable":true,"href":"https:\/\/www.emmentaler.ch\/fr\/wp-json\/wp\/v2\/media\/20087"}],"acf:term":[{"embeddable":true,"taxonomy":"recipe_saison","href":"https:\/\/www.emmentaler.ch\/fr\/wp-json\/wp\/v2\/recipe_saison\/548"},{"embeddable":true,"taxonomy":"recipe_saison","href":"https:\/\/www.emmentaler.ch\/fr\/wp-json\/wp\/v2\/recipe_saison\/535"},{"embeddable":true,"taxonomy":"recipe_saison","href":"https:\/\/www.emmentaler.ch\/fr\/wp-json\/wp\/v2\/recipe_saison\/559"},{"embeddable":true,"taxonomy":"recipe_main_ingredient","href":"https:\/\/www.emmentaler.ch\/fr\/wp-json\/wp\/v2\/recipe_main_ingredient\/604"},{"embeddable":true,"taxonomy":"recipe_diet_type","href":"https:\/\/www.emmentaler.ch\/fr\/wp-json\/wp\/v2\/recipe_diet_type\/572"},{"embeddable":true,"taxonomy":"recipe_difficulty","href":"https:\/\/www.emmentaler.ch\/fr\/wp-json\/wp\/v2\/recipe_difficulty\/575"},{"embeddable":true,"taxonomy":"recipe_categories","href":"https:\/\/www.emmentaler.ch\/fr\/wp-json\/wp\/v2\/recipe_categories\/617"},{"embeddable":true,"taxonomy":"recipe_preparation_time","href":"https:\/\/www.emmentaler.ch\/fr\/wp-json\/wp\/v2\/recipe_preparation_time\/278"}],"acf:post":[{"embeddable":true,"href":"https:\/\/www.emmentaler.ch\/fr\/wp-json\/wp\/v2\/pages\/64303"}],"wp:featuredmedia":[{"embeddable":true,"href":"https:\/\/www.emmentaler.ch\/fr\/wp-json\/wp\/v2\/media\/30621"}],"wp:attachment":[{"href":"https:\/\/www.emmentaler.ch\/fr\/wp-json\/wp\/v2\/media?parent=30600"}],"wp:term":[{"taxonomy":"post_tag","embeddable":true,"href":"https:\/\/www.emmentaler.ch\/fr\/wp-json\/wp\/v2\/tags?post=30600"},{"taxonomy":"recipe_categories","embeddable":true,"href":"https:\/\/www.emmentaler.ch\/fr\/wp-json\/wp\/v2\/recipe_categories?post=30600"},{"taxonomy":"et_countries","embeddable":true,"href":"https:\/\/www.emmentaler.ch\/fr\/wp-json\/wp\/v2\/et_countries?post=30600"},{"taxonomy":"recipe_main_ingredient","embeddable":true,"href":"https:\/\/www.emmentaler.ch\/fr\/wp-json\/wp\/v2\/recipe_main_ingredient?post=30600"},{"taxonomy":"recipe_difficulty","embeddable":true,"href":"https:\/\/www.emmentaler.ch\/fr\/wp-json\/wp\/v2\/recipe_difficulty?post=30600"},{"taxonomy":"recipe_preparation_time","embeddable":true,"href":"https:\/\/www.emmentaler.ch\/fr\/wp-json\/wp\/v2\/recipe_preparation_time?post=30600"},{"taxonomy":"recipe_diet_type","embeddable":true,"href":"https:\/\/www.emmentaler.ch\/fr\/wp-json\/wp\/v2\/recipe_diet_type?post=30600"},{"taxonomy":"recipe_saison","embeddable":true,"href":"https:\/\/www.emmentaler.ch\/fr\/wp-json\/wp\/v2\/recipe_saison?post=30600"}],"curies":[{"name":"wp","href":"https:\/\/api.w.org\/{rel}","templated":true}]}}

Champignons sur lit d&rsquo;épinards

épinards en branche

Stück

très gros champignons

800 g d'épinards en branche
Sel
200 g de Emmentaler AOP
250 g de ricotta
1 gousse d'ail
Poivre, noix de muscade
500 g de très gros champignons
50 g de pain rassis
50 g de noisettes moulues
4 c. à s. de vin blanc

Blanchir les épinards dans de l'eau salée frémissante, les égoutter, les refroidir à l'eau froide et les presser légèrement. Râper finement le Emmentaler AOP. Mettre la ricotta dans un saladier avec la moitié du fromage et y presser la gousse d'ail. Assaaisonner avec le sel, le poivre et la noix de muscade, bien mélanger et verser dans un moule à gratin.

Retirer la queue des champignons. Hacher le pain au mixeur et mélanger le pain, le reste du fromage, les noisettes, le vin blanc, le sel et le poivre. Farcir les champignons de cette préparation, appuyer légèrement et répartir sur les épinards.

Faire cuire 30 minutes à 200°C au milieu du four.

Servir avec des pommes de terre ou du riz.
