{"id":30815,"date":"2022-04-27T13:36:19","date_gmt":"2022-04-27T11:36:19","guid":{"rendered":"https:\/\/www.emmentaler.ch\/rezept\/salade-de-printemps-a-lemmentaler"},"modified":"2024-07-25T17:59:37","modified_gmt":"2024-07-25T15:59:37","slug":"salade-de-printemps-a-lemmentaler","status":"publish","type":"recipes","link":"https:\/\/www.emmentaler.ch\/fr\/recettes\/salade-de-printemps-a-lemmentaler","title":{"rendered":"Salade de printemps \u00e0 l&rsquo;Emmentaler"},"author":2,"featured_media":30831,"menu_order":0,"template":"","meta":{"inline_featured_image":false},"tags":[802],"recipe_categories":[606],"et_countries":[],"recipe_main_ingredient":[604,591],"recipe_difficulty":[575],"recipe_preparation_time":[280],"recipe_diet_type":[567],"recipe_saison":[548,527,532,559],"acf":{"recipe_preparation_time":280,"recipe_categories":606,"recipe_time_txt":"","recipe_type":68447,"recipe_difficulty":575,"recipe_diet_type":[567],"recipe_main_ingredient":[591,604],"recipe_saison":[527,532,559,548],"recipe_count_portions":4,"recipe_ingedients":[{"recipe_ingedients_amount":"","recipe_ingedients_unit":"g","recipe_ingedients_product":""}],"temporare_zutaten":"3 c. \u00e0 s. de vinaigre de vin rouge\r\n4 c. \u00e0 s. d'huile de colza\r\n1 c. \u00e0 s. de moutarde \u00e0 gros grains\r\nSel, poivre\r\n2 \u00e9chalotes\r\n200 g de pois mange-tout frais ou surgel\u00e9s\r\n100 g de lard \u00e0 frire\r\n1 dl de bouillon de l\u00e9gumes\r\n150 g d'Emmentaler AOP\r\n100 g de pousses d'\u00e9pinard","recipe_preparation":"Faire une sauce en m\u00e9langeant le vinaigre, l'huile, la moutarde, le sel et le poivre. Couper les \u00e9chalottes en lani\u00e8res. Retirer si n\u00e9cessaire le filament de la cosse des pois mange-tout et les couper en diagonale.\r\n\r\nCouper le lard en larges lani\u00e8res et le faire revenir dans une po\u00eale, r\u00e9server. Faire dorer les \u00e9chalotes et les pois mange-tout dans la graisse de cuisson. Ajouter le bouillon et faire cuire quelques minutes les pois mange-tout qui doivent rester croquants. M\u00e9langer les pois mange-tout, les \u00e9chalotes et un peu de liquide avec la sauce et laisser refroidir quelques instants.\r\n\r\nCouper l'Emmentaler AOP en d\u00e9s d'1 cm. Ajouter le fromage, les \u00e9pinards et le lard \u00e0 la sauce et bien m\u00e9langer.","recipe_images":[21567]},"_links":{"self":[{"href":"https:\/\/www.emmentaler.ch\/fr\/wp-json\/wp\/v2\/recipes\/30815"}],"collection":[{"href":"https:\/\/www.emmentaler.ch\/fr\/wp-json\/wp\/v2\/recipes"}],"about":[{"href":"https:\/\/www.emmentaler.ch\/fr\/wp-json\/wp\/v2\/types\/recipes"}],"author":[{"embeddable":true,"href":"https:\/\/www.emmentaler.ch\/fr\/wp-json\/wp\/v2\/users\/2"}],"version-history":[{"count":1,"href":"https:\/\/www.emmentaler.ch\/fr\/wp-json\/wp\/v2\/recipes\/30815\/revisions"}],"predecessor-version":[{"id":137992,"href":"https:\/\/www.emmentaler.ch\/fr\/wp-json\/wp\/v2\/recipes\/30815\/revisions\/137992"}],"acf:attachment":[{"embeddable":true,"href":"https:\/\/www.emmentaler.ch\/fr\/wp-json\/wp\/v2\/media\/21567"}],"acf:term":[{"embeddable":true,"taxonomy":"recipe_saison","href":"https:\/\/www.emmentaler.ch\/fr\/wp-json\/wp\/v2\/recipe_saison\/548"},{"embeddable":true,"taxonomy":"recipe_saison","href":"https:\/\/www.emmentaler.ch\/fr\/wp-json\/wp\/v2\/recipe_saison\/559"},{"embeddable":true,"taxonomy":"recipe_saison","href":"https:\/\/www.emmentaler.ch\/fr\/wp-json\/wp\/v2\/recipe_saison\/532"},{"embeddable":true,"taxonomy":"recipe_saison","href":"https:\/\/www.emmentaler.ch\/fr\/wp-json\/wp\/v2\/recipe_saison\/527"},{"embeddable":true,"taxonomy":"recipe_main_ingredient","href":"https:\/\/www.emmentaler.ch\/fr\/wp-json\/wp\/v2\/recipe_main_ingredient\/604"},{"embeddable":true,"taxonomy":"recipe_main_ingredient","href":"https:\/\/www.emmentaler.ch\/fr\/wp-json\/wp\/v2\/recipe_main_ingredient\/591"},{"embeddable":true,"taxonomy":"recipe_diet_type","href":"https:\/\/www.emmentaler.ch\/fr\/wp-json\/wp\/v2\/recipe_diet_type\/567"},{"embeddable":true,"taxonomy":"recipe_difficulty","href":"https:\/\/www.emmentaler.ch\/fr\/wp-json\/wp\/v2\/recipe_difficulty\/575"},{"embeddable":true,"taxonomy":"recipe_categories","href":"https:\/\/www.emmentaler.ch\/fr\/wp-json\/wp\/v2\/recipe_categories\/606"},{"embeddable":true,"taxonomy":"recipe_preparation_time","href":"https:\/\/www.emmentaler.ch\/fr\/wp-json\/wp\/v2\/recipe_preparation_time\/280"}],"acf:post":[{"embeddable":true,"href":"https:\/\/www.emmentaler.ch\/fr\/wp-json\/wp\/v2\/pages\/68447"}],"wp:featuredmedia":[{"embeddable":true,"href":"https:\/\/www.emmentaler.ch\/fr\/wp-json\/wp\/v2\/media\/30831"}],"wp:attachment":[{"href":"https:\/\/www.emmentaler.ch\/fr\/wp-json\/wp\/v2\/media?parent=30815"}],"wp:term":[{"taxonomy":"post_tag","embeddable":true,"href":"https:\/\/www.emmentaler.ch\/fr\/wp-json\/wp\/v2\/tags?post=30815"},{"taxonomy":"recipe_categories","embeddable":true,"href":"https:\/\/www.emmentaler.ch\/fr\/wp-json\/wp\/v2\/recipe_categories?post=30815"},{"taxonomy":"et_countries","embeddable":true,"href":"https:\/\/www.emmentaler.ch\/fr\/wp-json\/wp\/v2\/et_countries?post=30815"},{"taxonomy":"recipe_main_ingredient","embeddable":true,"href":"https:\/\/www.emmentaler.ch\/fr\/wp-json\/wp\/v2\/recipe_main_ingredient?post=30815"},{"taxonomy":"recipe_difficulty","embeddable":true,"href":"https:\/\/www.emmentaler.ch\/fr\/wp-json\/wp\/v2\/recipe_difficulty?post=30815"},{"taxonomy":"recipe_preparation_time","embeddable":true,"href":"https:\/\/www.emmentaler.ch\/fr\/wp-json\/wp\/v2\/recipe_preparation_time?post=30815"},{"taxonomy":"recipe_diet_type","embeddable":true,"href":"https:\/\/www.emmentaler.ch\/fr\/wp-json\/wp\/v2\/recipe_diet_type?post=30815"},{"taxonomy":"recipe_saison","embeddable":true,"href":"https:\/\/www.emmentaler.ch\/fr\/wp-json\/wp\/v2\/recipe_saison?post=30815"}],"curies":[{"name":"wp","href":"https:\/\/api.w.org\/{rel}","templated":true}]}}

Salade de printemps à l&rsquo;Emmentaler

3 c. à s. de vinaigre de vin rouge
4 c. à s. d'huile de colza
1 c. à s. de moutarde à gros grains
Sel, poivre
2 échalotes
200 g de pois mange-tout frais ou surgelés
100 g de lard à frire
1 dl de bouillon de légumes
150 g d'Emmentaler AOP
100 g de pousses d'épinard

Faire une sauce en mélangeant le vinaigre, l'huile, la moutarde, le sel et le poivre. Couper les échalottes en lanières. Retirer si nécessaire le filament de la cosse des pois mange-tout et les couper en diagonale.

Couper le lard en larges lanières et le faire revenir dans une poêle, réserver. Faire dorer les échalotes et les pois mange-tout dans la graisse de cuisson. Ajouter le bouillon et faire cuire quelques minutes les pois mange-tout qui doivent rester croquants. Mélanger les pois mange-tout, les échalotes et un peu de liquide avec la sauce et laisser refroidir quelques instants.

Couper l'Emmentaler AOP en dés d'1 cm. Ajouter le fromage, les épinards et le lard à la sauce et bien mélanger.
