{"id":30953,"date":"2022-04-27T13:34:07","date_gmt":"2022-04-27T11:34:07","guid":{"rendered":"https:\/\/www.emmentaler.ch\/rezept\/petits-pains-depeautre-a-la-croute-de-pepins-de-courge-et-demmentaler-aop"},"modified":"2022-08-02T17:07:26","modified_gmt":"2022-08-02T15:07:26","slug":"petits-pains-depeautre-a-la-croute-de-pepins-de-courge-et-demmentaler-aop","status":"publish","type":"recipes","link":"https:\/\/www.emmentaler.ch\/fr\/recettes\/petits-pains-depeautre-a-la-croute-de-pepins-de-courge-et-demmentaler-aop","title":{"rendered":"Petits pains d\u2019\u00e9peautre \u00e0 la cro\u00fbte de p\u00e9pins de courge et d\u2019Emmentaler AOP"},"author":2,"featured_media":30984,"menu_order":0,"template":"","meta":{"inline_featured_image":false},"tags":[],"recipe_categories":[606],"et_countries":[],"recipe_main_ingredient":[604],"recipe_difficulty":[580],"recipe_preparation_time":[294],"recipe_diet_type":[567,572],"recipe_saison":[559],"acf":{"recipe_preparation_time":294,"recipe_categories":606,"recipe_time_txt":"Pr\u00e9paration: 30 minutes, Cuisson: 20 minutes au four","recipe_type":64247,"recipe_difficulty":580,"recipe_diet_type":[567,572],"recipe_main_ingredient":[604],"recipe_saison":[559],"recipe_count_portions":4,"recipe_ingedients":[{"recipe_ingedients_amount":"125","recipe_ingedients_unit":"g","recipe_ingedients_product":"de farine d\u2019\u00e9peautre blanche ou bise"},{"recipe_ingedients_amount":".5","recipe_ingedients_unit":"Tl","recipe_ingedients_product":"de levure s\u00e8che"},{"recipe_ingedients_amount":".5","recipe_ingedients_unit":"Tl","recipe_ingedients_product":"de miel"},{"recipe_ingedients_amount":"100","recipe_ingedients_unit":"ml","recipe_ingedients_product":"d\u2019eau min\u00e9rale temp\u00e9r\u00e9e"},{"recipe_ingedients_amount":".25","recipe_ingedients_unit":"Tl","recipe_ingedients_product":"de sel marin"},{"recipe_ingedients_amount":"12.5","recipe_ingedients_unit":"g","recipe_ingedients_product":"de p\u00e9pins de courge hach\u00e9s"},{"recipe_ingedients_amount":"12.5","recipe_ingedients_unit":"g","recipe_ingedients_product":"d\u2019Emmentaler AOP (R\u00e9serve) r\u00e2p\u00e9"}],"temporare_zutaten":"500 g de farine d\u2019\u00e9peautre blanche ou bise\r\n2 c. c. de levure s\u00e8che\r\n2 c. c. de miel\r\n300\u2013400 ml d\u2019eau min\u00e9rale temp\u00e9r\u00e9e\r\n1 c. c. de sel marin\r\n50 g de p\u00e9pins de courge hach\u00e9s\r\n50 g d\u2019Emmentaler AOP (R\u00e9serve) r\u00e2p\u00e9","recipe_preparation":"Pour le levain, travailler dans un bol, 50 g de farine, la levure, le miel et 100 ml d\u2019eau min\u00e9rale jusqu\u2019\u00e0 obtention d\u2019une cr\u00e8me lisse. Couvrir et laisser reposer \u00e0 temp\u00e9rature ambiante env. 30 minutes jusqu\u2019\u00e0 ce que le levain fasse des bulles.\r\n\r\nM\u00e9langer le reste de la farine et le sel. Ajouter le levain et le reste de l\u2019eau min\u00e9rale. Rassembler en p\u00e2te et p\u00e9trir vigoureusement. Couvrir la p\u00e2te avec un linge humide et laisser gonfler env. 2 heures jusqu\u2019\u00e0 ce qu\u2019elle ait doubl\u00e9 de volume. Autre possibilit\u00e9: la mettre dans un sachet de cong\u00e9lation et l\u2019entreposer toute une nuit au r\u00e9frig\u00e9rateur.\r\n\r\nPour la suite, p\u00e9trir de nouveau la p\u00e2te rapidement avant de la diviser en plusieurs portions d\u2019env. 70\u201380 g. Sur le plan de travail l\u00e9g\u00e8rement farin\u00e9, former des boules. Dresser celles-ci, suffisamment espac\u00e9es, sur une plaque recouverte de papier cuisson.\r\n\r\nAvec une lame tranchante, inciser les boules de p\u00e2te en croix, les asperger d\u2019eau et les parsemer de p\u00e9pins de courge et d\u2019Emmentaler AOP r\u00e2p\u00e9. Laisser lever env. 1 heure \u00e0 temp\u00e9rature ambiante. Pr\u00e9chauffer le four \u00e0 220 \u00b0C.\r\n\r\nEnfourner et laisser cuire env. 20 minutes au milieu du four. Sortir du four et laisser refroidir sur une grille.\r\n\r\nServir avec du miel et du beurre.\r\n\r\n<strong>Remarque: les p\u00e2tes lev\u00e9es \u00e0 base de farine d\u2019\u00e9peautre sont tr\u00e8s souples; les petits pains seront donc assez plats.<\/strong>","recipe_images":[30979,30989,30984]},"_links":{"self":[{"href":"https:\/\/www.emmentaler.ch\/fr\/wp-json\/wp\/v2\/recipes\/30953"}],"collection":[{"href":"https:\/\/www.emmentaler.ch\/fr\/wp-json\/wp\/v2\/recipes"}],"about":[{"href":"https:\/\/www.emmentaler.ch\/fr\/wp-json\/wp\/v2\/types\/recipes"}],"author":[{"embeddable":true,"href":"https:\/\/www.emmentaler.ch\/fr\/wp-json\/wp\/v2\/users\/2"}],"version-history":[{"count":0,"href":"https:\/\/www.emmentaler.ch\/fr\/wp-json\/wp\/v2\/recipes\/30953\/revisions"}],"acf:attachment":[{"embeddable":true,"href":"https:\/\/www.emmentaler.ch\/fr\/wp-json\/wp\/v2\/media\/30984"},{"embeddable":true,"href":"https:\/\/www.emmentaler.ch\/fr\/wp-json\/wp\/v2\/media\/30989"},{"embeddable":true,"href":"https:\/\/www.emmentaler.ch\/fr\/wp-json\/wp\/v2\/media\/30979"}],"acf:term":[{"embeddable":true,"taxonomy":"recipe_saison","href":"https:\/\/www.emmentaler.ch\/fr\/wp-json\/wp\/v2\/recipe_saison\/559"},{"embeddable":true,"taxonomy":"recipe_main_ingredient","href":"https:\/\/www.emmentaler.ch\/fr\/wp-json\/wp\/v2\/recipe_main_ingredient\/604"},{"embeddable":true,"taxonomy":"recipe_diet_type","href":"https:\/\/www.emmentaler.ch\/fr\/wp-json\/wp\/v2\/recipe_diet_type\/572"},{"embeddable":true,"taxonomy":"recipe_diet_type","href":"https:\/\/www.emmentaler.ch\/fr\/wp-json\/wp\/v2\/recipe_diet_type\/567"},{"embeddable":true,"taxonomy":"recipe_difficulty","href":"https:\/\/www.emmentaler.ch\/fr\/wp-json\/wp\/v2\/recipe_difficulty\/580"},{"embeddable":true,"taxonomy":"recipe_categories","href":"https:\/\/www.emmentaler.ch\/fr\/wp-json\/wp\/v2\/recipe_categories\/606"},{"embeddable":true,"taxonomy":"recipe_preparation_time","href":"https:\/\/www.emmentaler.ch\/fr\/wp-json\/wp\/v2\/recipe_preparation_time\/294"}],"acf:post":[{"embeddable":true,"href":"https:\/\/www.emmentaler.ch\/fr\/wp-json\/wp\/v2\/pages\/64247"}],"wp:featuredmedia":[{"embeddable":true,"href":"https:\/\/www.emmentaler.ch\/fr\/wp-json\/wp\/v2\/media\/30984"}],"wp:attachment":[{"href":"https:\/\/www.emmentaler.ch\/fr\/wp-json\/wp\/v2\/media?parent=30953"}],"wp:term":[{"taxonomy":"post_tag","embeddable":true,"href":"https:\/\/www.emmentaler.ch\/fr\/wp-json\/wp\/v2\/tags?post=30953"},{"taxonomy":"recipe_categories","embeddable":true,"href":"https:\/\/www.emmentaler.ch\/fr\/wp-json\/wp\/v2\/recipe_categories?post=30953"},{"taxonomy":"et_countries","embeddable":true,"href":"https:\/\/www.emmentaler.ch\/fr\/wp-json\/wp\/v2\/et_countries?post=30953"},{"taxonomy":"recipe_main_ingredient","embeddable":true,"href":"https:\/\/www.emmentaler.ch\/fr\/wp-json\/wp\/v2\/recipe_main_ingredient?post=30953"},{"taxonomy":"recipe_difficulty","embeddable":true,"href":"https:\/\/www.emmentaler.ch\/fr\/wp-json\/wp\/v2\/recipe_difficulty?post=30953"},{"taxonomy":"recipe_preparation_time","embeddable":true,"href":"https:\/\/www.emmentaler.ch\/fr\/wp-json\/wp\/v2\/recipe_preparation_time?post=30953"},{"taxonomy":"recipe_diet_type","embeddable":true,"href":"https:\/\/www.emmentaler.ch\/fr\/wp-json\/wp\/v2\/recipe_diet_type?post=30953"},{"taxonomy":"recipe_saison","embeddable":true,"href":"https:\/\/www.emmentaler.ch\/fr\/wp-json\/wp\/v2\/recipe_saison?post=30953"}],"curies":[{"name":"wp","href":"https:\/\/api.w.org\/{rel}","templated":true}]}}

Petits pains d’épeautre à la croûte de pépins de courge et d’Emmentaler AOP

Préparation: 30 minutes, Cuisson: 20 minutes au four

de farine d’épeautre blanche ou bise

de levure sèche

d’eau minérale tempérée

de pépins de courge hachés

d’Emmentaler AOP (Réserve) râpé

500 g de farine d’épeautre blanche ou bise
2 c. c. de levure sèche
2 c. c. de miel
300–400 ml d’eau minérale tempérée
1 c. c. de sel marin
50 g de pépins de courge hachés
50 g d’Emmentaler AOP (Réserve) râpé

Pour le levain, travailler dans un bol, 50 g de farine, la levure, le miel et 100 ml d’eau minérale jusqu’à obtention d’une crème lisse. Couvrir et laisser reposer à température ambiante env. 30 minutes jusqu’à ce que le levain fasse des bulles.

Mélanger le reste de la farine et le sel. Ajouter le levain et le reste de l’eau minérale. Rassembler en pâte et pétrir vigoureusement. Couvrir la pâte avec un linge humide et laisser gonfler env. 2 heures jusqu’à ce qu’elle ait doublé de volume. Autre possibilité: la mettre dans un sachet de congélation et l’entreposer toute une nuit au réfrigérateur.

Pour la suite, pétrir de nouveau la pâte rapidement avant de la diviser en plusieurs portions d’env. 70–80 g. Sur le plan de travail légèrement fariné, former des boules. Dresser celles-ci, suffisamment espacées, sur une plaque recouverte de papier cuisson.

Avec une lame tranchante, inciser les boules de pâte en croix, les asperger d’eau et les parsemer de pépins de courge et d’Emmentaler AOP râpé. Laisser lever env. 1 heure à température ambiante. Préchauffer le four à 220 °C.

Enfourner et laisser cuire env. 20 minutes au milieu du four. Sortir du four et laisser refroidir sur une grille.

Servir avec du miel et du beurre.

<strong>Remarque: les pâtes levées à base de farine d’épeautre sont très souples; les petits pains seront donc assez plats.</strong>
