{"id":31229,"date":"2022-04-27T13:35:41","date_gmt":"2022-04-27T11:35:41","guid":{"rendered":"https:\/\/www.emmentaler.ch\/rezept\/fenouil-a-la-milanaise"},"modified":"2022-08-03T16:16:24","modified_gmt":"2022-08-03T14:16:24","slug":"fenouil-a-la-milanaise","status":"publish","type":"recipes","link":"https:\/\/www.emmentaler.ch\/fr\/recettes\/fenouil-a-la-milanaise","title":{"rendered":"Fenouil \u00e0 la milanaise"},"author":2,"featured_media":31265,"menu_order":0,"template":"","meta":{"inline_featured_image":false},"tags":[],"recipe_categories":[606],"et_countries":[],"recipe_main_ingredient":[604],"recipe_difficulty":[580],"recipe_preparation_time":[270],"recipe_diet_type":[572],"recipe_saison":[532,559],"acf":{"recipe_preparation_time":270,"recipe_categories":606,"recipe_time_txt":"Pr\u00e9paration: 15 minutes, Cuisson: 30 minutes","recipe_type":64290,"recipe_difficulty":580,"recipe_diet_type":[572],"recipe_main_ingredient":[604],"recipe_saison":[532,559],"recipe_count_portions":4,"recipe_ingedients":[{"recipe_ingedients_amount":"","recipe_ingedients_unit":"g","recipe_ingedients_product":""}],"temporare_zutaten":"3\u20134 bulbes de fenouil de m\u00eame grosseur\r\n2 c. s. de jus de citron\r\n100 g d\u2019Emmentaler AOC r\u00e2p\u00e9\r\n75 g de pain sec en miettes (chapelure maison, sans adjonction de farine ni de sel ni d\u2019\u00e9pices)\r\n2 c. s. de persil hach\u00e9\r\n\u00bd citron non trait\u00e9 (zeste r\u00e2p\u00e9)\r\n3 \u0153ufs\r\n2 pinc\u00e9es de sel\r\n4 c. s. de farine\r\n4 c. s. de beurre \u00e0 r\u00f4tir liquide\r\n1 citron coup\u00e9 en quartiers","recipe_preparation":"Couper les bouts du fenouil. Partager les bulbes en deux dans la longueur, badigeonner de jus de citron. M\u00e9langer l\u2019Emmentaler AOP, les miettes de pain, le persil et le zeste de citron. Battre les \u0153ufs avec le sel dans une assiette creuse. Verser la farine dans un plat.\r\n\r\nPasser le fenouil d\u2019abord dans la farine, ensuite dans l\u2019\u0153uf battu et pour finir dans le m\u00e9lange au fromage pour l\u2019enrober. Tasser la panure pour la faire adh\u00e9rer. Disposer sur une plaque chemis\u00e9e de papier cuisson. Arroser avec le beurre \u00e0 r\u00f4tir liquide. Laisser cuire env. 30 min au milieu du four pr\u00e9chauff\u00e9 \u00e0 170 \u00b0C. Autre possibilit\u00e9: Chauffer du beurre \u00e0 r\u00f4tir dans une grande po\u00eale antiadh\u00e9sive et faire dorer le fenouil sur feu moyen, en le retournant plusieurs fois.\r\n\r\nDresser avec des quartiers de citron.\r\n\r\nSuggestion: au d\u00e9but de la saison, au printemps, le fenouil est tr\u00e8s tendre. Il est alors possible de le paner cru. Sinon, il est pr\u00e9f\u00e9rable de pr\u00e9cuire le fenouil \u00e0 la vapeur avant de le paner.","recipe_images":[31255,31260,31265]},"_links":{"self":[{"href":"https:\/\/www.emmentaler.ch\/fr\/wp-json\/wp\/v2\/recipes\/31229"}],"collection":[{"href":"https:\/\/www.emmentaler.ch\/fr\/wp-json\/wp\/v2\/recipes"}],"about":[{"href":"https:\/\/www.emmentaler.ch\/fr\/wp-json\/wp\/v2\/types\/recipes"}],"author":[{"embeddable":true,"href":"https:\/\/www.emmentaler.ch\/fr\/wp-json\/wp\/v2\/users\/2"}],"version-history":[{"count":0,"href":"https:\/\/www.emmentaler.ch\/fr\/wp-json\/wp\/v2\/recipes\/31229\/revisions"}],"acf:attachment":[{"embeddable":true,"href":"https:\/\/www.emmentaler.ch\/fr\/wp-json\/wp\/v2\/media\/31265"},{"embeddable":true,"href":"https:\/\/www.emmentaler.ch\/fr\/wp-json\/wp\/v2\/media\/31260"},{"embeddable":true,"href":"https:\/\/www.emmentaler.ch\/fr\/wp-json\/wp\/v2\/media\/31255"}],"acf:term":[{"embeddable":true,"taxonomy":"recipe_saison","href":"https:\/\/www.emmentaler.ch\/fr\/wp-json\/wp\/v2\/recipe_saison\/559"},{"embeddable":true,"taxonomy":"recipe_saison","href":"https:\/\/www.emmentaler.ch\/fr\/wp-json\/wp\/v2\/recipe_saison\/532"},{"embeddable":true,"taxonomy":"recipe_main_ingredient","href":"https:\/\/www.emmentaler.ch\/fr\/wp-json\/wp\/v2\/recipe_main_ingredient\/604"},{"embeddable":true,"taxonomy":"recipe_diet_type","href":"https:\/\/www.emmentaler.ch\/fr\/wp-json\/wp\/v2\/recipe_diet_type\/572"},{"embeddable":true,"taxonomy":"recipe_difficulty","href":"https:\/\/www.emmentaler.ch\/fr\/wp-json\/wp\/v2\/recipe_difficulty\/580"},{"embeddable":true,"taxonomy":"recipe_categories","href":"https:\/\/www.emmentaler.ch\/fr\/wp-json\/wp\/v2\/recipe_categories\/606"},{"embeddable":true,"taxonomy":"recipe_preparation_time","href":"https:\/\/www.emmentaler.ch\/fr\/wp-json\/wp\/v2\/recipe_preparation_time\/270"}],"acf:post":[{"embeddable":true,"href":"https:\/\/www.emmentaler.ch\/fr\/wp-json\/wp\/v2\/pages\/64290"}],"wp:featuredmedia":[{"embeddable":true,"href":"https:\/\/www.emmentaler.ch\/fr\/wp-json\/wp\/v2\/media\/31265"}],"wp:attachment":[{"href":"https:\/\/www.emmentaler.ch\/fr\/wp-json\/wp\/v2\/media?parent=31229"}],"wp:term":[{"taxonomy":"post_tag","embeddable":true,"href":"https:\/\/www.emmentaler.ch\/fr\/wp-json\/wp\/v2\/tags?post=31229"},{"taxonomy":"recipe_categories","embeddable":true,"href":"https:\/\/www.emmentaler.ch\/fr\/wp-json\/wp\/v2\/recipe_categories?post=31229"},{"taxonomy":"et_countries","embeddable":true,"href":"https:\/\/www.emmentaler.ch\/fr\/wp-json\/wp\/v2\/et_countries?post=31229"},{"taxonomy":"recipe_main_ingredient","embeddable":true,"href":"https:\/\/www.emmentaler.ch\/fr\/wp-json\/wp\/v2\/recipe_main_ingredient?post=31229"},{"taxonomy":"recipe_difficulty","embeddable":true,"href":"https:\/\/www.emmentaler.ch\/fr\/wp-json\/wp\/v2\/recipe_difficulty?post=31229"},{"taxonomy":"recipe_preparation_time","embeddable":true,"href":"https:\/\/www.emmentaler.ch\/fr\/wp-json\/wp\/v2\/recipe_preparation_time?post=31229"},{"taxonomy":"recipe_diet_type","embeddable":true,"href":"https:\/\/www.emmentaler.ch\/fr\/wp-json\/wp\/v2\/recipe_diet_type?post=31229"},{"taxonomy":"recipe_saison","embeddable":true,"href":"https:\/\/www.emmentaler.ch\/fr\/wp-json\/wp\/v2\/recipe_saison?post=31229"}],"curies":[{"name":"wp","href":"https:\/\/api.w.org\/{rel}","templated":true}]}}

Fenouil à la milanaise

Préparation: 15 minutes, Cuisson: 30 minutes

3–4 bulbes de fenouil de même grosseur
2 c. s. de jus de citron
100 g d’Emmentaler AOC râpé
75 g de pain sec en miettes (chapelure maison, sans adjonction de farine ni de sel ni d’épices)
2 c. s. de persil haché
½ citron non traité (zeste râpé)
3 œufs
2 pincées de sel
4 c. s. de farine
4 c. s. de beurre à rôtir liquide
1 citron coupé en quartiers

Couper les bouts du fenouil. Partager les bulbes en deux dans la longueur, badigeonner de jus de citron. Mélanger l’Emmentaler AOP, les miettes de pain, le persil et le zeste de citron. Battre les œufs avec le sel dans une assiette creuse. Verser la farine dans un plat.

Passer le fenouil d’abord dans la farine, ensuite dans l’œuf battu et pour finir dans le mélange au fromage pour l’enrober. Tasser la panure pour la faire adhérer. Disposer sur une plaque chemisée de papier cuisson. Arroser avec le beurre à rôtir liquide. Laisser cuire env. 30 min au milieu du four préchauffé à 170 °C. Autre possibilité: Chauffer du beurre à rôtir dans une grande poêle antiadhésive et faire dorer le fenouil sur feu moyen, en le retournant plusieurs fois.

Dresser avec des quartiers de citron.

Suggestion: au début de la saison, au printemps, le fenouil est très tendre. Il est alors possible de le paner cru. Sinon, il est préférable de précuire le fenouil à la vapeur avant de le paner.
