{"id":31443,"date":"2022-04-27T13:34:07","date_gmt":"2022-04-27T11:34:07","guid":{"rendered":"https:\/\/www.emmentaler.ch\/rezept\/macaroni-de-larmailli-a-lemmentaler"},"modified":"2022-08-02T17:49:15","modified_gmt":"2022-08-02T15:49:15","slug":"macaroni-de-larmailli-a-lemmentaler","status":"publish","type":"recipes","link":"https:\/\/www.emmentaler.ch\/fr\/recettes\/macaroni-de-larmailli-a-lemmentaler","title":{"rendered":"Macaroni de l&rsquo;armailli \u00e0 l&rsquo;Emmentaler"},"author":2,"featured_media":31459,"menu_order":0,"template":"","meta":{"inline_featured_image":false},"tags":[],"recipe_categories":[617],"et_countries":[],"recipe_main_ingredient":[604],"recipe_difficulty":[580],"recipe_preparation_time":[268],"recipe_diet_type":[572],"recipe_saison":[527,556,559],"acf":{"recipe_preparation_time":268,"recipe_categories":617,"recipe_time_txt":"","recipe_type":64283,"recipe_difficulty":580,"recipe_diet_type":[572],"recipe_main_ingredient":[604],"recipe_saison":[527,559,556],"recipe_count_portions":4,"recipe_ingedients":[{"recipe_ingedients_amount":"","recipe_ingedients_unit":"g","recipe_ingedients_product":""}],"temporare_zutaten":"350 g de pommes de terre\r\n4-5 dl de bouillon\r\n5 dl de lait\r\nPoivre, sel\r\n300 g de macaronis\r\n2 gros oignons\r\n2 c. \u00e0 s. de farine\r\n2-3 c. \u00e0 s. de beurre \u00e0 r\u00f4tir\r\n200 g d'Emmentaler sal\u00e9 AOP","recipe_preparation":"Eplucher les pommes de terre et les couper en gros d\u00e9s d'environ 1,5 cm. Porter \u00e0 \u00e9bullition les pommes de terre avec le bouillon, le lait, le poivre et un peu de sel. Ajouter les macaronis. Faire mijoter \u00e0 feux doux 8-10 minutes en remuant r\u00e9guli\u00e8rement.\r\n\r\nPendant ce temps, couper les oignons en fines rondelles. M\u00e9langer \u00e0 la farine, secouer l'exc\u00e9dent de farine. Faire revenir les rondelles d'oignon dans le beurre chaud jusqu'\u00e0 ce qu'elles soient croustillantes. R\u00e2per finement l'Emmentaler AOP.\r\n\r\nIncorporer l'Emmentaler AOP r\u00e2p\u00e9 aux p\u00e2tes, saler et poivrer. R\u00e9partir les rondelles d'oignon sur les macaronis.\r\n\r\nSuggestion d'accompagnement: compote de pomme","recipe_images":[31459]},"_links":{"self":[{"href":"https:\/\/www.emmentaler.ch\/fr\/wp-json\/wp\/v2\/recipes\/31443"}],"collection":[{"href":"https:\/\/www.emmentaler.ch\/fr\/wp-json\/wp\/v2\/recipes"}],"about":[{"href":"https:\/\/www.emmentaler.ch\/fr\/wp-json\/wp\/v2\/types\/recipes"}],"author":[{"embeddable":true,"href":"https:\/\/www.emmentaler.ch\/fr\/wp-json\/wp\/v2\/users\/2"}],"version-history":[{"count":0,"href":"https:\/\/www.emmentaler.ch\/fr\/wp-json\/wp\/v2\/recipes\/31443\/revisions"}],"acf:attachment":[{"embeddable":true,"href":"https:\/\/www.emmentaler.ch\/fr\/wp-json\/wp\/v2\/media\/31459"}],"acf:term":[{"embeddable":true,"taxonomy":"recipe_saison","href":"https:\/\/www.emmentaler.ch\/fr\/wp-json\/wp\/v2\/recipe_saison\/556"},{"embeddable":true,"taxonomy":"recipe_saison","href":"https:\/\/www.emmentaler.ch\/fr\/wp-json\/wp\/v2\/recipe_saison\/559"},{"embeddable":true,"taxonomy":"recipe_saison","href":"https:\/\/www.emmentaler.ch\/fr\/wp-json\/wp\/v2\/recipe_saison\/527"},{"embeddable":true,"taxonomy":"recipe_main_ingredient","href":"https:\/\/www.emmentaler.ch\/fr\/wp-json\/wp\/v2\/recipe_main_ingredient\/604"},{"embeddable":true,"taxonomy":"recipe_diet_type","href":"https:\/\/www.emmentaler.ch\/fr\/wp-json\/wp\/v2\/recipe_diet_type\/572"},{"embeddable":true,"taxonomy":"recipe_difficulty","href":"https:\/\/www.emmentaler.ch\/fr\/wp-json\/wp\/v2\/recipe_difficulty\/580"},{"embeddable":true,"taxonomy":"recipe_categories","href":"https:\/\/www.emmentaler.ch\/fr\/wp-json\/wp\/v2\/recipe_categories\/617"},{"embeddable":true,"taxonomy":"recipe_preparation_time","href":"https:\/\/www.emmentaler.ch\/fr\/wp-json\/wp\/v2\/recipe_preparation_time\/268"}],"acf:post":[{"embeddable":true,"href":"https:\/\/www.emmentaler.ch\/fr\/wp-json\/wp\/v2\/pages\/64283"}],"wp:featuredmedia":[{"embeddable":true,"href":"https:\/\/www.emmentaler.ch\/fr\/wp-json\/wp\/v2\/media\/31459"}],"wp:attachment":[{"href":"https:\/\/www.emmentaler.ch\/fr\/wp-json\/wp\/v2\/media?parent=31443"}],"wp:term":[{"taxonomy":"post_tag","embeddable":true,"href":"https:\/\/www.emmentaler.ch\/fr\/wp-json\/wp\/v2\/tags?post=31443"},{"taxonomy":"recipe_categories","embeddable":true,"href":"https:\/\/www.emmentaler.ch\/fr\/wp-json\/wp\/v2\/recipe_categories?post=31443"},{"taxonomy":"et_countries","embeddable":true,"href":"https:\/\/www.emmentaler.ch\/fr\/wp-json\/wp\/v2\/et_countries?post=31443"},{"taxonomy":"recipe_main_ingredient","embeddable":true,"href":"https:\/\/www.emmentaler.ch\/fr\/wp-json\/wp\/v2\/recipe_main_ingredient?post=31443"},{"taxonomy":"recipe_difficulty","embeddable":true,"href":"https:\/\/www.emmentaler.ch\/fr\/wp-json\/wp\/v2\/recipe_difficulty?post=31443"},{"taxonomy":"recipe_preparation_time","embeddable":true,"href":"https:\/\/www.emmentaler.ch\/fr\/wp-json\/wp\/v2\/recipe_preparation_time?post=31443"},{"taxonomy":"recipe_diet_type","embeddable":true,"href":"https:\/\/www.emmentaler.ch\/fr\/wp-json\/wp\/v2\/recipe_diet_type?post=31443"},{"taxonomy":"recipe_saison","embeddable":true,"href":"https:\/\/www.emmentaler.ch\/fr\/wp-json\/wp\/v2\/recipe_saison?post=31443"}],"curies":[{"name":"wp","href":"https:\/\/api.w.org\/{rel}","templated":true}]}}

Macaroni de l&rsquo;armailli à l&rsquo;Emmentaler

350 g de pommes de terre
4-5 dl de bouillon
5 dl de lait
Poivre, sel
300 g de macaronis
2 gros oignons
2 c. à s. de farine
2-3 c. à s. de beurre à rôtir
200 g d'Emmentaler salé AOP

Eplucher les pommes de terre et les couper en gros dés d'environ 1,5 cm. Porter à ébullition les pommes de terre avec le bouillon, le lait, le poivre et un peu de sel. Ajouter les macaronis. Faire mijoter à feux doux 8-10 minutes en remuant régulièrement.

Pendant ce temps, couper les oignons en fines rondelles. Mélanger à la farine, secouer l'excédent de farine. Faire revenir les rondelles d'oignon dans le beurre chaud jusqu'à ce qu'elles soient croustillantes. Râper finement l'Emmentaler AOP.

Incorporer l'Emmentaler AOP râpé aux pâtes, saler et poivrer. Répartir les rondelles d'oignon sur les macaronis.

Suggestion d'accompagnement: compote de pomme
