{"id":31535,"date":"2022-04-27T13:35:41","date_gmt":"2022-04-27T11:35:41","guid":{"rendered":"https:\/\/www.emmentaler.ch\/rezept\/chou-frise-en-croute-de-noix"},"modified":"2022-06-27T14:38:33","modified_gmt":"2022-06-27T12:38:33","slug":"chou-frise-en-croute-de-noix","status":"publish","type":"recipes","link":"https:\/\/www.emmentaler.ch\/fr\/recettes\/chou-frise-en-croute-de-noix","title":{"rendered":"Chou fris\u00e9 en cro\u00fbte de noix"},"author":2,"featured_media":53177,"menu_order":0,"template":"","meta":{"inline_featured_image":false},"tags":[],"recipe_categories":[617],"et_countries":[],"recipe_main_ingredient":[591],"recipe_difficulty":[580],"recipe_preparation_time":[306],"recipe_diet_type":[],"recipe_saison":[556,532],"acf":{"recipe_preparation_time":306,"recipe_categories":617,"recipe_time_txt":"30 minutes plus 35 minutes de cuisson","recipe_type":63916,"recipe_difficulty":580,"recipe_diet_type":false,"recipe_main_ingredient":[591],"recipe_saison":[532,556],"recipe_count_portions":4,"recipe_ingedients":[{"recipe_ingedients_amount":"","recipe_ingedients_unit":"g","recipe_ingedients_product":""}],"temporare_zutaten":"1 Saucisson vaudois\r\n800 g de chou fris\u00e9 par\u00e9, 400 g environ\r\nSel\r\n600 g de pommes de terre\r\n3 poires\r\n200 g d'Emmentaler AOP\r\n3 \u0153ufs\r\n2 dl de lait\r\n150 g de s\u00e9r\u00e9 \u00e0 la cr\u00e8me\r\n1 c. \u00e0 s. de moutarde\r\nPoivre\r\n100 g de noix\r\n15 g de noisettes de beurre","recipe_preparation":"Faire cuire le saucisson dans l'eau fr\u00e9missante pendant 45 minutes.\r\n\r\nCouper les feuilles du chou fris\u00e9 et les hacher grossi\u00e8rement. Les faire blanchir dans une grande casserole d'eau sal\u00e9e. Les \u00e9goutter et les refroidir \u00e0 l'eau froide. Presser l\u00e9g\u00e8rement le chou frise\u00e9.\r\n\r\nEplucher les pommes de terre, les couper en tranches de 5 mm, les faire cuire dans de l'eau bouillante sal\u00e9e. Eplucher les poires et les couper en tranches. Mettre les pommes de terre et les poires dans un moule \u00e0 gratin et r\u00e9partir le chou par dessus.\r\n\r\nR\u00e2per finement l'Emmentaler AOP. Battre les \u0153ufs avec le lait, le s\u00e9r\u00e9, la moutarde et 100 g de fromage. Saler et poivrer et verser sur le chou. Faire cuire 15 minutes \u00e0 180\u00b0C.\r\n\r\nHacher grossi\u00e8rement les noix, les m\u00e9langer avec le reste du fromage et r\u00e9partir sur le gratin. Ajouter des noisettes de beurre et remettre au four pendant 15-20 minutes.","recipe_images":[31551]},"_links":{"self":[{"href":"https:\/\/www.emmentaler.ch\/fr\/wp-json\/wp\/v2\/recipes\/31535"}],"collection":[{"href":"https:\/\/www.emmentaler.ch\/fr\/wp-json\/wp\/v2\/recipes"}],"about":[{"href":"https:\/\/www.emmentaler.ch\/fr\/wp-json\/wp\/v2\/types\/recipes"}],"author":[{"embeddable":true,"href":"https:\/\/www.emmentaler.ch\/fr\/wp-json\/wp\/v2\/users\/2"}],"version-history":[{"count":0,"href":"https:\/\/www.emmentaler.ch\/fr\/wp-json\/wp\/v2\/recipes\/31535\/revisions"}],"acf:attachment":[{"embeddable":true,"href":"https:\/\/www.emmentaler.ch\/fr\/wp-json\/wp\/v2\/media\/31551"}],"acf:term":[{"embeddable":true,"taxonomy":"recipe_saison","href":"https:\/\/www.emmentaler.ch\/fr\/wp-json\/wp\/v2\/recipe_saison\/556"},{"embeddable":true,"taxonomy":"recipe_saison","href":"https:\/\/www.emmentaler.ch\/fr\/wp-json\/wp\/v2\/recipe_saison\/532"},{"embeddable":true,"taxonomy":"recipe_main_ingredient","href":"https:\/\/www.emmentaler.ch\/fr\/wp-json\/wp\/v2\/recipe_main_ingredient\/591"},{"embeddable":true,"taxonomy":"recipe_difficulty","href":"https:\/\/www.emmentaler.ch\/fr\/wp-json\/wp\/v2\/recipe_difficulty\/580"},{"embeddable":true,"taxonomy":"recipe_categories","href":"https:\/\/www.emmentaler.ch\/fr\/wp-json\/wp\/v2\/recipe_categories\/617"},{"embeddable":true,"taxonomy":"recipe_preparation_time","href":"https:\/\/www.emmentaler.ch\/fr\/wp-json\/wp\/v2\/recipe_preparation_time\/306"}],"acf:post":[{"embeddable":true,"href":"https:\/\/www.emmentaler.ch\/fr\/wp-json\/wp\/v2\/pages\/63916"}],"wp:featuredmedia":[{"embeddable":true,"href":"https:\/\/www.emmentaler.ch\/fr\/wp-json\/wp\/v2\/media\/53177"}],"wp:attachment":[{"href":"https:\/\/www.emmentaler.ch\/fr\/wp-json\/wp\/v2\/media?parent=31535"}],"wp:term":[{"taxonomy":"post_tag","embeddable":true,"href":"https:\/\/www.emmentaler.ch\/fr\/wp-json\/wp\/v2\/tags?post=31535"},{"taxonomy":"recipe_categories","embeddable":true,"href":"https:\/\/www.emmentaler.ch\/fr\/wp-json\/wp\/v2\/recipe_categories?post=31535"},{"taxonomy":"et_countries","embeddable":true,"href":"https:\/\/www.emmentaler.ch\/fr\/wp-json\/wp\/v2\/et_countries?post=31535"},{"taxonomy":"recipe_main_ingredient","embeddable":true,"href":"https:\/\/www.emmentaler.ch\/fr\/wp-json\/wp\/v2\/recipe_main_ingredient?post=31535"},{"taxonomy":"recipe_difficulty","embeddable":true,"href":"https:\/\/www.emmentaler.ch\/fr\/wp-json\/wp\/v2\/recipe_difficulty?post=31535"},{"taxonomy":"recipe_preparation_time","embeddable":true,"href":"https:\/\/www.emmentaler.ch\/fr\/wp-json\/wp\/v2\/recipe_preparation_time?post=31535"},{"taxonomy":"recipe_diet_type","embeddable":true,"href":"https:\/\/www.emmentaler.ch\/fr\/wp-json\/wp\/v2\/recipe_diet_type?post=31535"},{"taxonomy":"recipe_saison","embeddable":true,"href":"https:\/\/www.emmentaler.ch\/fr\/wp-json\/wp\/v2\/recipe_saison?post=31535"}],"curies":[{"name":"wp","href":"https:\/\/api.w.org\/{rel}","templated":true}]}}

Chou frisé en croûte de noix

1 Saucisson vaudois
800 g de chou frisé paré, 400 g environ
Sel
600 g de pommes de terre
3 poires
200 g d'Emmentaler AOP
3 œufs
2 dl de lait
150 g de séré à la crème
1 c. à s. de moutarde
Poivre
100 g de noix
15 g de noisettes de beurre

Faire cuire le saucisson dans l'eau frémissante pendant 45 minutes.

Couper les feuilles du chou frisé et les hacher grossièrement. Les faire blanchir dans une grande casserole d'eau salée. Les égoutter et les refroidir à l'eau froide. Presser légèrement le chou friseé.

Eplucher les pommes de terre, les couper en tranches de 5 mm, les faire cuire dans de l'eau bouillante salée. Eplucher les poires et les couper en tranches. Mettre les pommes de terre et les poires dans un moule à gratin et répartir le chou par dessus.

Râper finement l'Emmentaler AOP. Battre les œufs avec le lait, le séré, la moutarde et 100 g de fromage. Saler et poivrer et verser sur le chou. Faire cuire 15 minutes à 180°C.

Hacher grossièrement les noix, les mélanger avec le reste du fromage et répartir sur le gratin. Ajouter des noisettes de beurre et remettre au four pendant 15-20 minutes.
