{"id":31598,"date":"2022-04-27T13:34:07","date_gmt":"2022-04-27T11:34:07","guid":{"rendered":"https:\/\/www.emmentaler.ch\/rezept\/galette-des-rois-a-lemmental"},"modified":"2022-07-15T13:41:36","modified_gmt":"2022-07-15T11:41:36","slug":"galette-des-rois-a-lemmental","status":"publish","type":"recipes","link":"https:\/\/www.emmentaler.ch\/fr\/recettes\/galette-des-rois-a-lemmental","title":{"rendered":"Galette des rois"},"author":2,"featured_media":20653,"menu_order":0,"template":"","meta":{"inline_featured_image":false},"tags":[],"recipe_categories":[606],"et_countries":[],"recipe_main_ingredient":[],"recipe_difficulty":[580],"recipe_preparation_time":[278],"recipe_diet_type":[572],"recipe_saison":[556],"acf":{"recipe_preparation_time":278,"recipe_categories":606,"recipe_time_txt":"","recipe_type":63911,"recipe_difficulty":580,"recipe_diet_type":[572],"recipe_main_ingredient":false,"recipe_saison":[556],"recipe_count_portions":5,"recipe_ingedients":[{"recipe_ingedients_amount":"4","recipe_ingedients_unit":"g","recipe_ingedients_product":"levure"},{"recipe_ingedients_amount":"50","recipe_ingedients_unit":"ml","recipe_ingedients_product":"lait"},{"recipe_ingedients_amount":"15","recipe_ingedients_unit":"g","recipe_ingedients_product":"beurre"},{"recipe_ingedients_amount":"100","recipe_ingedients_unit":"g","recipe_ingedients_product":"farine"},{"recipe_ingedients_amount":".2","recipe_ingedients_unit":"Tl","recipe_ingedients_product":"sel"},{"recipe_ingedients_amount":"15","recipe_ingedients_unit":"g","recipe_ingedients_product":"tomates s\u00e9ch\u00e9es conserv\u00e9es dans l'huile"},{"recipe_ingedients_amount":".2","recipe_ingedients_unit":"Bd","recipe_ingedients_product":"persil plat"},{"recipe_ingedients_amount":"30","recipe_ingedients_unit":"g","recipe_ingedients_product":"Emmentaler AOP r\u00e2p\u00e9"},{"recipe_ingedients_amount":".2","recipe_ingedients_unit":"St\u00fcck","recipe_ingedients_product":"\u0153ufs"},{"recipe_ingedients_amount":"","recipe_ingedients_unit":"g","recipe_ingedients_product":"1 amande ou olive d\u00e9noyaut\u00e9e"},{"recipe_ingedients_amount":"","recipe_ingedients_unit":"g","recipe_ingedients_product":"1 couronne de roi"},{"recipe_ingedients_amount":"","recipe_ingedients_unit":"g","recipe_ingedients_product":"selon les besoins : s\u00e9same \u00e0 saupoudrer"}],"temporare_zutaten":"\u00bd W\u00fcrfel Hefe, ca. 20 g\r\n2,5 dl Milch\r\n75 g Butter\r\n500 g Mehl\r\n1 TL Salz\r\n75 g getrocknete, in \u00d6l eingelegte Tomaten\r\n1 Bund flache Petersilie\r\n150 g geriebener Emmentaler AOP\r\n1 Ei\r\n1 Mandel oder Olive ohne Stein\r\nSesam zum Bestreuen\r\n1 K\u00f6nigskrone","recipe_preparation":"Emietter la levure et diluer avec un peu de lait. Faire fondre le beurre dans une po\u00eale. Retirer la po\u00eale du feu et y verser le reste du lait. M\u00e9langer la farine et le sel dans un saladier. Couper les tomates en petits morceaux. Hacher finement le persil. R\u00e9server 2 cuill\u00e8res \u00e0 soupe d\u2019Emmentaler AOP pour saupoudrer. Battre l\u2019\u0153uf. Ajouter la moiti\u00e9 de l\u2019\u0153uf, le fromage, les tomates, le persil et la pr\u00e9paration \u00e0 base de beurre et de lait et p\u00e9trir le tout pendant une dizaine de minutes jusqu\u2019\u00e0 obtention d\u2019une p\u00e2te souple. Couvrir la p\u00e2te et laisser lever dans un endroit chaud jusqu\u2019\u00e0 ce qu\u2019elle ait doubl\u00e9 de volume.\r\n\r\nFormer une boule avec un quart de la p\u00e2te. La poser sur une plaque garnie de papier sulfuris\u00e9. Former des petites boules avec le reste de la p\u00e2te. Dissimuler l\u2019amande dans une de ces boules. Disposer les petites boules tout autour de la grosse boule de p\u00e2te. Laisser lever 20 minutes. Badigeonner la p\u00e2te avec le reste de l\u2019\u0153uf, saupoudrer de fromage et de graines de s\u00e9same. Faire cuire 30 minutes environ dans un four pr\u00e9chauff\u00e9 \u00e0 200 degr\u00e9s sur l\u2019avant-derni\u00e8re grille \u00e0 partir du bas.\r\n\r\nLaisser refroidir et servir avec une couronne des rois.","recipe_images":[20658,20663,20653]},"_links":{"self":[{"href":"https:\/\/www.emmentaler.ch\/fr\/wp-json\/wp\/v2\/recipes\/31598"}],"collection":[{"href":"https:\/\/www.emmentaler.ch\/fr\/wp-json\/wp\/v2\/recipes"}],"about":[{"href":"https:\/\/www.emmentaler.ch\/fr\/wp-json\/wp\/v2\/types\/recipes"}],"author":[{"embeddable":true,"href":"https:\/\/www.emmentaler.ch\/fr\/wp-json\/wp\/v2\/users\/2"}],"version-history":[{"count":0,"href":"https:\/\/www.emmentaler.ch\/fr\/wp-json\/wp\/v2\/recipes\/31598\/revisions"}],"acf:attachment":[{"embeddable":true,"href":"https:\/\/www.emmentaler.ch\/fr\/wp-json\/wp\/v2\/media\/20653"},{"embeddable":true,"href":"https:\/\/www.emmentaler.ch\/fr\/wp-json\/wp\/v2\/media\/20663"},{"embeddable":true,"href":"https:\/\/www.emmentaler.ch\/fr\/wp-json\/wp\/v2\/media\/20658"}],"acf:term":[{"embeddable":true,"taxonomy":"recipe_saison","href":"https:\/\/www.emmentaler.ch\/fr\/wp-json\/wp\/v2\/recipe_saison\/556"},{"embeddable":true,"taxonomy":"recipe_diet_type","href":"https:\/\/www.emmentaler.ch\/fr\/wp-json\/wp\/v2\/recipe_diet_type\/572"},{"embeddable":true,"taxonomy":"recipe_difficulty","href":"https:\/\/www.emmentaler.ch\/fr\/wp-json\/wp\/v2\/recipe_difficulty\/580"},{"embeddable":true,"taxonomy":"recipe_categories","href":"https:\/\/www.emmentaler.ch\/fr\/wp-json\/wp\/v2\/recipe_categories\/606"},{"embeddable":true,"taxonomy":"recipe_preparation_time","href":"https:\/\/www.emmentaler.ch\/fr\/wp-json\/wp\/v2\/recipe_preparation_time\/278"}],"acf:post":[{"embeddable":true,"href":"https:\/\/www.emmentaler.ch\/fr\/wp-json\/wp\/v2\/pages\/63911"}],"wp:featuredmedia":[{"embeddable":true,"href":"https:\/\/www.emmentaler.ch\/fr\/wp-json\/wp\/v2\/media\/20653"}],"wp:attachment":[{"href":"https:\/\/www.emmentaler.ch\/fr\/wp-json\/wp\/v2\/media?parent=31598"}],"wp:term":[{"taxonomy":"post_tag","embeddable":true,"href":"https:\/\/www.emmentaler.ch\/fr\/wp-json\/wp\/v2\/tags?post=31598"},{"taxonomy":"recipe_categories","embeddable":true,"href":"https:\/\/www.emmentaler.ch\/fr\/wp-json\/wp\/v2\/recipe_categories?post=31598"},{"taxonomy":"et_countries","embeddable":true,"href":"https:\/\/www.emmentaler.ch\/fr\/wp-json\/wp\/v2\/et_countries?post=31598"},{"taxonomy":"recipe_main_ingredient","embeddable":true,"href":"https:\/\/www.emmentaler.ch\/fr\/wp-json\/wp\/v2\/recipe_main_ingredient?post=31598"},{"taxonomy":"recipe_difficulty","embeddable":true,"href":"https:\/\/www.emmentaler.ch\/fr\/wp-json\/wp\/v2\/recipe_difficulty?post=31598"},{"taxonomy":"recipe_preparation_time","embeddable":true,"href":"https:\/\/www.emmentaler.ch\/fr\/wp-json\/wp\/v2\/recipe_preparation_time?post=31598"},{"taxonomy":"recipe_diet_type","embeddable":true,"href":"https:\/\/www.emmentaler.ch\/fr\/wp-json\/wp\/v2\/recipe_diet_type?post=31598"},{"taxonomy":"recipe_saison","embeddable":true,"href":"https:\/\/www.emmentaler.ch\/fr\/wp-json\/wp\/v2\/recipe_saison?post=31598"}],"curies":[{"name":"wp","href":"https:\/\/api.w.org\/{rel}","templated":true}]}}

tomates séchées conservées dans l'huile

Emmentaler AOP râpé

Stück

œufs

1 amande ou olive dénoyautée

selon les besoins : sésame à saupoudrer

½ Würfel Hefe, ca. 20 g
2,5 dl Milch
75 g Butter
500 g Mehl
1 TL Salz
75 g getrocknete, in Öl eingelegte Tomaten
1 Bund flache Petersilie
150 g geriebener Emmentaler AOP
1 Ei
1 Mandel oder Olive ohne Stein
Sesam zum Bestreuen
1 Königskrone

Emietter la levure et diluer avec un peu de lait. Faire fondre le beurre dans une poêle. Retirer la poêle du feu et y verser le reste du lait. Mélanger la farine et le sel dans un saladier. Couper les tomates en petits morceaux. Hacher finement le persil. Réserver 2 cuillères à soupe d’Emmentaler AOP pour saupoudrer. Battre l’œuf. Ajouter la moitié de l’œuf, le fromage, les tomates, le persil et la préparation à base de beurre et de lait et pétrir le tout pendant une dizaine de minutes jusqu’à obtention d’une pâte souple. Couvrir la pâte et laisser lever dans un endroit chaud jusqu’à ce qu’elle ait doublé de volume.

Former une boule avec un quart de la pâte. La poser sur une plaque garnie de papier sulfurisé. Former des petites boules avec le reste de la pâte. Dissimuler l’amande dans une de ces boules. Disposer les petites boules tout autour de la grosse boule de pâte. Laisser lever 20 minutes. Badigeonner la pâte avec le reste de l’œuf, saupoudrer de fromage et de graines de sésame. Faire cuire 30 minutes environ dans un four préchauffé à 200 degrés sur l’avant-dernière grille à partir du bas.

Laisser refroidir et servir avec une couronne des rois.
