{"id":31661,"date":"2022-04-27T13:35:02","date_gmt":"2022-04-27T11:35:02","guid":{"rendered":"https:\/\/www.emmentaler.ch\/rezept\/emmentaler-aop-chutney-et-noix-au-miel"},"modified":"2022-06-27T14:43:57","modified_gmt":"2022-06-27T12:43:57","slug":"emmentaler-aop-chutney-et-noix-au-miel","status":"publish","type":"recipes","link":"https:\/\/www.emmentaler.ch\/fr\/recettes\/emmentaler-aop-chutney-et-noix-au-miel","title":{"rendered":"Emmentaler AOP, chutney et noix au miel"},"author":2,"featured_media":31692,"menu_order":0,"template":"","meta":{"inline_featured_image":false},"tags":[],"recipe_categories":[606],"et_countries":[],"recipe_main_ingredient":[596,604],"recipe_difficulty":[575],"recipe_preparation_time":[294],"recipe_diet_type":[567,572],"recipe_saison":[532,559],"acf":{"recipe_preparation_time":294,"recipe_categories":606,"recipe_time_txt":"Pr\u00e9paration: 20 minutes, Cuisson: 30 minutes","recipe_type":64290,"recipe_difficulty":575,"recipe_diet_type":[567,572],"recipe_main_ingredient":[596,604],"recipe_saison":[532,559],"recipe_count_portions":5,"recipe_ingedients":[{"recipe_ingedients_amount":"","recipe_ingedients_unit":"g","recipe_ingedients_product":""}],"temporare_zutaten":"500 g d\u2019Emmentaler AOP (Affin\u00e9 en grotte)\r\n500 g de rhubarbe ou de fruits de saison\r\n250 ml de bi\u00e8re de froment\r\n150 g de sucre\r\n1 c. c. de graines de moutarde\r\n200 g de noix\r\n2 c. c. de beurre \u00e0 r\u00f4tir liquide\r\n3 c. s. de miel liquide","recipe_preparation":"Pour le chutney, couper les fruits en morceaux. Porter \u00e0 \u00e9bullition la bi\u00e8re avec le sucre et les graines de moutarde. Ajouter les fruits. Faire cuire bri\u00e8vement. Retirer, r\u00e9server. Faire r\u00e9duire le liquide de moiti\u00e9. Ajouter les fruits, faire cuire 10 minutes \u00e0 petit feu. Verser dans des bocaux rinc\u00e9s \u00e0 l\u2019eau chaude, fermer. Conservation: 2\u20133 semaines en bocal bien ferm\u00e9 et conserv\u00e9 au r\u00e9frig\u00e9rateur.\r\n\r\nPr\u00e9chauffer le four \u00e0 200 \u00b0C. R\u00e9partir les noix sur une plaque chemis\u00e9e de papier cuisson. Arroser avec le beurre fondu et le miel. Faire cuire 8\u201310 minutes au milieu du four, en les retournant une fois. Sortir du four, laisser refroidir.\r\n\r\nServir l\u2019Emmentaler AOP avec le chutney et les noix au miel.","recipe_images":[20709,20714]},"_links":{"self":[{"href":"https:\/\/www.emmentaler.ch\/fr\/wp-json\/wp\/v2\/recipes\/31661"}],"collection":[{"href":"https:\/\/www.emmentaler.ch\/fr\/wp-json\/wp\/v2\/recipes"}],"about":[{"href":"https:\/\/www.emmentaler.ch\/fr\/wp-json\/wp\/v2\/types\/recipes"}],"author":[{"embeddable":true,"href":"https:\/\/www.emmentaler.ch\/fr\/wp-json\/wp\/v2\/users\/2"}],"version-history":[{"count":0,"href":"https:\/\/www.emmentaler.ch\/fr\/wp-json\/wp\/v2\/recipes\/31661\/revisions"}],"acf:attachment":[{"embeddable":true,"href":"https:\/\/www.emmentaler.ch\/fr\/wp-json\/wp\/v2\/media\/20714"},{"embeddable":true,"href":"https:\/\/www.emmentaler.ch\/fr\/wp-json\/wp\/v2\/media\/20709"}],"acf:term":[{"embeddable":true,"taxonomy":"recipe_saison","href":"https:\/\/www.emmentaler.ch\/fr\/wp-json\/wp\/v2\/recipe_saison\/559"},{"embeddable":true,"taxonomy":"recipe_saison","href":"https:\/\/www.emmentaler.ch\/fr\/wp-json\/wp\/v2\/recipe_saison\/532"},{"embeddable":true,"taxonomy":"recipe_main_ingredient","href":"https:\/\/www.emmentaler.ch\/fr\/wp-json\/wp\/v2\/recipe_main_ingredient\/604"},{"embeddable":true,"taxonomy":"recipe_main_ingredient","href":"https:\/\/www.emmentaler.ch\/fr\/wp-json\/wp\/v2\/recipe_main_ingredient\/596"},{"embeddable":true,"taxonomy":"recipe_diet_type","href":"https:\/\/www.emmentaler.ch\/fr\/wp-json\/wp\/v2\/recipe_diet_type\/572"},{"embeddable":true,"taxonomy":"recipe_diet_type","href":"https:\/\/www.emmentaler.ch\/fr\/wp-json\/wp\/v2\/recipe_diet_type\/567"},{"embeddable":true,"taxonomy":"recipe_difficulty","href":"https:\/\/www.emmentaler.ch\/fr\/wp-json\/wp\/v2\/recipe_difficulty\/575"},{"embeddable":true,"taxonomy":"recipe_categories","href":"https:\/\/www.emmentaler.ch\/fr\/wp-json\/wp\/v2\/recipe_categories\/606"},{"embeddable":true,"taxonomy":"recipe_preparation_time","href":"https:\/\/www.emmentaler.ch\/fr\/wp-json\/wp\/v2\/recipe_preparation_time\/294"}],"acf:post":[{"embeddable":true,"href":"https:\/\/www.emmentaler.ch\/fr\/wp-json\/wp\/v2\/pages\/64290"}],"wp:featuredmedia":[{"embeddable":true,"href":"https:\/\/www.emmentaler.ch\/fr\/wp-json\/wp\/v2\/media\/31692"}],"wp:attachment":[{"href":"https:\/\/www.emmentaler.ch\/fr\/wp-json\/wp\/v2\/media?parent=31661"}],"wp:term":[{"taxonomy":"post_tag","embeddable":true,"href":"https:\/\/www.emmentaler.ch\/fr\/wp-json\/wp\/v2\/tags?post=31661"},{"taxonomy":"recipe_categories","embeddable":true,"href":"https:\/\/www.emmentaler.ch\/fr\/wp-json\/wp\/v2\/recipe_categories?post=31661"},{"taxonomy":"et_countries","embeddable":true,"href":"https:\/\/www.emmentaler.ch\/fr\/wp-json\/wp\/v2\/et_countries?post=31661"},{"taxonomy":"recipe_main_ingredient","embeddable":true,"href":"https:\/\/www.emmentaler.ch\/fr\/wp-json\/wp\/v2\/recipe_main_ingredient?post=31661"},{"taxonomy":"recipe_difficulty","embeddable":true,"href":"https:\/\/www.emmentaler.ch\/fr\/wp-json\/wp\/v2\/recipe_difficulty?post=31661"},{"taxonomy":"recipe_preparation_time","embeddable":true,"href":"https:\/\/www.emmentaler.ch\/fr\/wp-json\/wp\/v2\/recipe_preparation_time?post=31661"},{"taxonomy":"recipe_diet_type","embeddable":true,"href":"https:\/\/www.emmentaler.ch\/fr\/wp-json\/wp\/v2\/recipe_diet_type?post=31661"},{"taxonomy":"recipe_saison","embeddable":true,"href":"https:\/\/www.emmentaler.ch\/fr\/wp-json\/wp\/v2\/recipe_saison?post=31661"}],"curies":[{"name":"wp","href":"https:\/\/api.w.org\/{rel}","templated":true}]}}

Préparation: 20 minutes, Cuisson: 30 minutes

500 g d’Emmentaler AOP (Affiné en grotte)
500 g de rhubarbe ou de fruits de saison
250 ml de bière de froment
150 g de sucre
1 c. c. de graines de moutarde
200 g de noix
2 c. c. de beurre à rôtir liquide
3 c. s. de miel liquide

Pour le chutney, couper les fruits en morceaux. Porter à ébullition la bière avec le sucre et les graines de moutarde. Ajouter les fruits. Faire cuire brièvement. Retirer, réserver. Faire réduire le liquide de moitié. Ajouter les fruits, faire cuire 10 minutes à petit feu. Verser dans des bocaux rincés à l’eau chaude, fermer. Conservation: 2–3 semaines en bocal bien fermé et conservé au réfrigérateur.

Préchauffer le four à 200 °C. Répartir les noix sur une plaque chemisée de papier cuisson. Arroser avec le beurre fondu et le miel. Faire cuire 8–10 minutes au milieu du four, en les retournant une fois. Sortir du four, laisser refroidir.

Servir l’Emmentaler AOP avec le chutney et les noix au miel.
